Файловый менеджер - Редактировать - /usr/local/apache/domlogs/rowdyr7/creativedetroit.3mp1r3.org
Назад
199.250.205.212 - - [23/Feb/2025:07:30:47 -0500] "POST /wp-cron.php?doing_wp_cron=1740313847.8323481082916259765625 HTTP/1.0" 200 - "-" "WordPress/6.4.5; https://creativedetroit.co"
103.133.215.149 - - [23/Feb/2025:07:30:47 -0500] "GET /wp-login.php HTTP/1.0" 200 6557 "-" "GRequests/0.10"
103.133.215.149 - - [23/Feb/2025:07:30:52 -0500] "POST /wp-login.php HTTP/1.0" 200 6818 "-" "GRequests/0.10"
74.225.211.171 - - [23/Feb/2025:07:31:05 -0500] "GET /wp-admin/css/ HTTP/1.0" 200 19369 "binance.com" "Mozilla/5.0 (Windows NT 10.0; Win64; x64) AppleWebKit/537.36 (KHTML, like Gecko) Chrome/90.0.4430.85 Safari/537.36"
74.225.211.171 - - [23/Feb/2025:07:31:08 -0500] "GET /wp-content/uploads/2025/02/ HTTP/1.0" 200 666 "binance.com" "Mozilla/5.0 (Windows NT 10.0; Win64; x64) AppleWebKit/537.36 (KHTML, like Gecko) Chrome/90.0.4430.85 Safari/537.36"
74.225.211.171 - - [23/Feb/2025:07:31:10 -0500] "GET /wp-content/uploads/2025/01/ HTTP/1.0" 200 666 "binance.com" "Mozilla/5.0 (Windows NT 10.0; Win64; x64) AppleWebKit/537.36 (KHTML, like Gecko) Chrome/90.0.4430.85 Safari/537.36"
74.225.211.171 - - [23/Feb/2025:07:31:13 -0500] "GET /wp-content/uploads/ HTTP/1.0" 200 4847 "binance.com" "Mozilla/5.0 (Windows NT 10.0; Win64; x64) AppleWebKit/537.36 (KHTML, like Gecko) Chrome/90.0.4430.85 Safari/537.36"
74.225.211.171 - - [23/Feb/2025:07:31:15 -0500] "GET /wp-content/upgrade/ HTTP/1.0" 200 637 "binance.com" "Mozilla/5.0 (Windows NT 10.0; Win64; x64) AppleWebKit/537.36 (KHTML, like Gecko) Chrome/90.0.4430.85 Safari/537.36"
74.225.211.171 - - [23/Feb/2025:07:31:17 -0500] "GET /wp-content/languages/ HTTP/1.0" 404 70985 "binance.com" "Mozilla/5.0 (Windows NT 10.0; Win64; x64) AppleWebKit/537.36 (KHTML, like Gecko) Chrome/90.0.4430.85 Safari/537.36"
74.225.211.171 - - [23/Feb/2025:07:31:18 -0500] "GET /wp-admin/includes/ HTTP/1.0" 200 20996 "binance.com" "Mozilla/5.0 (Windows NT 10.0; Win64; x64) AppleWebKit/537.36 (KHTML, like Gecko) Chrome/90.0.4430.85 Safari/537.36"
74.225.211.171 - - [23/Feb/2025:07:31:20 -0500] "GET /wp-admin/includes/ HTTP/1.0" 200 20996 "binance.com" "Mozilla/5.0 (Windows NT 10.0; Win64; x64) AppleWebKit/537.36 (KHTML, like Gecko) Chrome/90.0.4430.85 Safari/537.36"
74.225.211.171 - - [23/Feb/2025:07:31:20 -0500] "GET /wp-admin/maint/ HTTP/1.0" 200 805 "binance.com" "Mozilla/5.0 (Windows NT 10.0; Win64; x64) AppleWebKit/537.36 (KHTML, like Gecko) Chrome/90.0.4430.85 Safari/537.36"
74.225.211.171 - - [23/Feb/2025:07:31:22 -0500] "GET /wp-admin/maint/ HTTP/1.0" 200 805 "binance.com" "Mozilla/5.0 (Windows NT 10.0; Win64; x64) AppleWebKit/537.36 (KHTML, like Gecko) Chrome/90.0.4430.85 Safari/537.36"
74.225.211.171 - - [23/Feb/2025:07:31:23 -0500] "GET /wp-admin/network/ HTTP/1.0" 302 - "binance.com" "Mozilla/5.0 (Windows NT 10.0; Win64; x64) AppleWebKit/537.36 (KHTML, like Gecko) Chrome/90.0.4430.85 Safari/537.36"
74.225.211.171 - - [23/Feb/2025:07:31:23 -0500] "GET /wp-login.php?redirect_to=http%3A%2F%2Fcreativedetroit.co%2Fwp-admin%2Fnetwork%2F&reauth=1 HTTP/1.0" 200 6543 "binance.com" "Mozilla/5.0 (Windows NT 10.0; Win64; x64) AppleWebKit/537.36 (KHTML, like Gecko) Chrome/90.0.4430.85 Safari/537.36"
199.250.205.212 - - [23/Feb/2025:07:31:25 -0500] "POST /wp-cron.php?doing_wp_cron=1740313885.7697079181671142578125 HTTP/1.0" 200 - "-" "WordPress/6.4.5; http://creativedetroit.co"
74.225.211.171 - - [23/Feb/2025:07:31:25 -0500] "GET /wp-admin/user/ HTTP/1.0" 302 - "binance.com" "Mozilla/5.0 (Windows NT 10.0; Win64; x64) AppleWebKit/537.36 (KHTML, like Gecko) Chrome/90.0.4430.85 Safari/537.36"
74.225.211.171 - - [23/Feb/2025:07:31:26 -0500] "GET /wp-login.php?redirect_to=http%3A%2F%2Fcreativedetroit.co%2Fwp-admin%2Fuser%2F&reauth=1 HTTP/1.0" 200 6540 "binance.com" "Mozilla/5.0 (Windows NT 10.0; Win64; x64) AppleWebKit/537.36 (KHTML, like Gecko) Chrome/90.0.4430.85 Safari/537.36"
74.225.211.171 - - [23/Feb/2025:07:31:28 -0500] "GET /wp-admin/css/ HTTP/1.0" 200 19369 "binance.com" "Mozilla/5.0 (Windows NT 10.0; Win64; x64) AppleWebKit/537.36 (KHTML, like Gecko) Chrome/90.0.4430.85 Safari/537.36"
74.225.211.171 - - [23/Feb/2025:07:31:30 -0500] "GET /wp-admin/css/colors/ HTTP/1.0" 200 2585 "binance.com" "Mozilla/5.0 (Windows NT 10.0; Win64; x64) AppleWebKit/537.36 (KHTML, like Gecko) Chrome/90.0.4430.85 Safari/537.36"
74.225.211.171 - - [23/Feb/2025:07:31:32 -0500] "GET /wp-admin/css/colors/blue/ HTTP/1.0" 200 1565 "binance.com" "Mozilla/5.0 (Windows NT 10.0; Win64; x64) AppleWebKit/537.36 (KHTML, like Gecko) Chrome/90.0.4430.85 Safari/537.36"
74.225.211.171 - - [23/Feb/2025:07:31:34 -0500] "GET /wp-admin/css/colors/coffee/ HTTP/1.0" 200 1569 "binance.com" "Mozilla/5.0 (Windows NT 10.0; Win64; x64) AppleWebKit/537.36 (KHTML, like Gecko) Chrome/90.0.4430.85 Safari/537.36"
74.225.211.171 - - [23/Feb/2025:07:31:36 -0500] "GET /wp-admin/css/colors/ectoplasm/ HTTP/1.0" 200 1575 "binance.com" "Mozilla/5.0 (Windows NT 10.0; Win64; x64) AppleWebKit/537.36 (KHTML, like Gecko) Chrome/90.0.4430.85 Safari/537.36"
74.225.211.171 - - [23/Feb/2025:07:31:39 -0500] "GET /wp-admin/css/colors/light/ HTTP/1.0" 200 1567 "binance.com" "Mozilla/5.0 (Windows NT 10.0; Win64; x64) AppleWebKit/537.36 (KHTML, like Gecko) Chrome/90.0.4430.85 Safari/537.36"
74.225.211.171 - - [23/Feb/2025:07:31:42 -0500] "GET /wp-admin/css/colors/midnight/ HTTP/1.0" 200 1573 "binance.com" "Mozilla/5.0 (Windows NT 10.0; Win64; x64) AppleWebKit/537.36 (KHTML, like Gecko) Chrome/90.0.4430.85 Safari/537.36"
74.225.211.171 - - [23/Feb/2025:07:31:45 -0500] "GET /wp-admin/css/colors/modern/ HTTP/1.0" 200 1569 "binance.com" "Mozilla/5.0 (Windows NT 10.0; Win64; x64) AppleWebKit/537.36 (KHTML, like Gecko) Chrome/90.0.4430.85 Safari/537.36"
74.225.211.171 - - [23/Feb/2025:07:31:49 -0500] "GET /wp-admin/css/colors/ocean/ HTTP/1.0" 200 1567 "binance.com" "Mozilla/5.0 (Windows NT 10.0; Win64; x64) AppleWebKit/537.36 (KHTML, like Gecko) Chrome/90.0.4430.85 Safari/537.36"
199.250.205.212 - - [23/Feb/2025:07:31:53 -0500] "POST /wp-cron.php?doing_wp_cron=1740313913.1184079647064208984375 HTTP/1.0" 200 - "-" "WordPress/6.4.5; http://creativedetroit.co"
74.225.211.171 - - [23/Feb/2025:07:31:52 -0500] "GET /wp-admin/css/colors/sunrise/%20 HTTP/1.0" 301 - "binance.com" "Mozilla/5.0 (Windows NT 10.0; Win64; x64) AppleWebKit/537.36 (KHTML, like Gecko) Chrome/90.0.4430.85 Safari/537.36"
74.225.211.171 - - [23/Feb/2025:07:31:53 -0500] "GET /wp-admin/css/colors/sunrise/ HTTP/1.0" 200 1571 "binance.com" "Mozilla/5.0 (Windows NT 10.0; Win64; x64) AppleWebKit/537.36 (KHTML, like Gecko) Chrome/90.0.4430.85 Safari/537.36"
74.225.211.171 - - [23/Feb/2025:07:31:56 -0500] "GET /wp-admin/images/ HTTP/1.0" 200 16074 "binance.com" "Mozilla/5.0 (Windows NT 10.0; Win64; x64) AppleWebKit/537.36 (KHTML, like Gecko) Chrome/90.0.4430.85 Safari/537.36"
74.225.211.171 - - [23/Feb/2025:07:32:01 -0500] "GET /wp-admin/js/ HTTP/1.0" 200 18319 "binance.com" "Mozilla/5.0 (Windows NT 10.0; Win64; x64) AppleWebKit/537.36 (KHTML, like Gecko) Chrome/90.0.4430.85 Safari/537.36"
74.225.211.171 - - [23/Feb/2025:07:32:05 -0500] "GET /wp-admin/js/widgets/ HTTP/1.0" 200 3313 "binance.com" "Mozilla/5.0 (Windows NT 10.0; Win64; x64) AppleWebKit/537.36 (KHTML, like Gecko) Chrome/90.0.4430.85 Safari/537.36"
74.225.211.171 - - [23/Feb/2025:07:32:08 -0500] "GET /wp-includes/ HTTP/1.0" 200 48563 "binance.com" "Mozilla/5.0 (Windows NT 10.0; Win64; x64) AppleWebKit/537.36 (KHTML, like Gecko) Chrome/90.0.4430.85 Safari/537.36"
74.225.211.171 - - [23/Feb/2025:07:32:22 -0500] "GET /wp-includes/ HTTP/1.0" 200 48563 "binance.com" "Mozilla/5.0 (Windows NT 10.0; Win64; x64) AppleWebKit/537.36 (KHTML, like Gecko) Chrome/90.0.4430.85 Safari/537.36"
74.225.211.171 - - [23/Feb/2025:07:32:24 -0500] "GET /wp-includes/block-editor.php HTTP/1.0" 200 - "binance.com" "Mozilla/5.0 (Windows NT 10.0; Win64; x64) AppleWebKit/537.36 (KHTML, like Gecko) Chrome/90.0.4430.85 Safari/537.36"
74.225.211.171 - - [23/Feb/2025:07:32:27 -0500] "GET /wp-includes/block-template-utils.php HTTP/1.0" 200 - "binance.com" "Mozilla/5.0 (Windows NT 10.0; Win64; x64) AppleWebKit/537.36 (KHTML, like Gecko) Chrome/90.0.4430.85 Safari/537.36"
74.225.211.171 - - [23/Feb/2025:07:32:29 -0500] "GET /wp-includes/block-template.php HTTP/1.0" 200 - "binance.com" "Mozilla/5.0 (Windows NT 10.0; Win64; x64) AppleWebKit/537.36 (KHTML, like Gecko) Chrome/90.0.4430.85 Safari/537.36"
74.225.211.171 - - [23/Feb/2025:07:32:33 -0500] "GET /wp-includes/class-wp-block-editor-context.php HTTP/1.0" 200 - "binance.com" "Mozilla/5.0 (Windows NT 10.0; Win64; x64) AppleWebKit/537.36 (KHTML, like Gecko) Chrome/90.0.4430.85 Safari/537.36"
74.225.211.171 - - [23/Feb/2025:07:32:37 -0500] "GET /wp-includes/class-wp-block-parser-block.php HTTP/1.0" 200 - "binance.com" "Mozilla/5.0 (Windows NT 10.0; Win64; x64) AppleWebKit/537.36 (KHTML, like Gecko) Chrome/90.0.4430.85 Safari/537.36"
74.225.211.171 - - [23/Feb/2025:07:32:39 -0500] "GET /wp-includes/class-wp-block-parser-frame.php HTTP/1.0" 200 - "binance.com" "Mozilla/5.0 (Windows NT 10.0; Win64; x64) AppleWebKit/537.36 (KHTML, like Gecko) Chrome/90.0.4430.85 Safari/537.36"
74.225.211.171 - - [23/Feb/2025:07:32:41 -0500] "GET /wp-includes/class-wp-block-template.php HTTP/1.0" 200 - "binance.com" "Mozilla/5.0 (Windows NT 10.0; Win64; x64) AppleWebKit/537.36 (KHTML, like Gecko) Chrome/90.0.4430.85 Safari/537.36"
74.225.211.171 - - [23/Feb/2025:07:32:43 -0500] "GET /wp-includes/class-wp-classic-to-block-menu-converter.php HTTP/1.0" 200 - "binance.com" "Mozilla/5.0 (Windows NT 10.0; Win64; x64) AppleWebKit/537.36 (KHTML, like Gecko) Chrome/90.0.4430.85 Safari/537.36"
74.225.211.171 - - [23/Feb/2025:07:32:46 -0500] "GET /wp-includes/class-wp-dependencies.php HTTP/1.0" 200 - "binance.com" "Mozilla/5.0 (Windows NT 10.0; Win64; x64) AppleWebKit/537.36 (KHTML, like Gecko) Chrome/90.0.4430.85 Safari/537.36"
74.225.211.171 - - [23/Feb/2025:07:32:48 -0500] "GET /wp-includes/class-wp-duotone.php HTTP/1.0" 200 - "binance.com" "Mozilla/5.0 (Windows NT 10.0; Win64; x64) AppleWebKit/537.36 (KHTML, like Gecko) Chrome/90.0.4430.85 Safari/537.36"
74.225.211.171 - - [23/Feb/2025:07:32:50 -0500] "GET /wp-includes/class-wp-http.php HTTP/1.0" 500 - "binance.com" "Mozilla/5.0 (Windows NT 10.0; Win64; x64) AppleWebKit/537.36 (KHTML, like Gecko) Chrome/90.0.4430.85 Safari/537.36"
74.225.211.171 - - [23/Feb/2025:07:32:51 -0500] "GET /wp-includes/class-wp-navigation-fallback.php HTTP/1.0" 200 - "binance.com" "Mozilla/5.0 (Windows NT 10.0; Win64; x64) AppleWebKit/537.36 (KHTML, like Gecko) Chrome/90.0.4430.85 Safari/537.36"
74.225.211.171 - - [23/Feb/2025:07:32:53 -0500] "GET /wp-includes/class-wp-scripts.php HTTP/1.0" 500 - "binance.com" "Mozilla/5.0 (Windows NT 10.0; Win64; x64) AppleWebKit/537.36 (KHTML, like Gecko) Chrome/90.0.4430.85 Safari/537.36"
74.225.211.171 - - [23/Feb/2025:07:32:55 -0500] "GET /wp-includes/class-wp-styles.php HTTP/1.0" 500 - "binance.com" "Mozilla/5.0 (Windows NT 10.0; Win64; x64) AppleWebKit/537.36 (KHTML, like Gecko) Chrome/90.0.4430.85 Safari/537.36"
74.225.211.171 - - [23/Feb/2025:07:32:56 -0500] "GET /wp-includes/class-wp-textdomain-registry.php HTTP/1.0" 200 - "binance.com" "Mozilla/5.0 (Windows NT 10.0; Win64; x64) AppleWebKit/537.36 (KHTML, like Gecko) Chrome/90.0.4430.85 Safari/537.36"
74.225.211.171 - - [23/Feb/2025:07:32:57 -0500] "GET /wp-includes/class-wp-theme-json-data.php HTTP/1.0" 200 - "binance.com" "Mozilla/5.0 (Windows NT 10.0; Win64; x64) AppleWebKit/537.36 (KHTML, like Gecko) Chrome/90.0.4430.85 Safari/537.36"
74.225.211.171 - - [23/Feb/2025:07:32:59 -0500] "GET /wp-includes/class-wp-theme-json-resolver.php HTTP/1.0" 200 - "binance.com" "Mozilla/5.0 (Windows NT 10.0; Win64; x64) AppleWebKit/537.36 (KHTML, like Gecko) Chrome/90.0.4430.85 Safari/537.36"
74.225.211.171 - - [23/Feb/2025:07:33:01 -0500] "GET /wp-includes/class-wp-theme-json-schema.php HTTP/1.0" 200 - "binance.com" "Mozilla/5.0 (Windows NT 10.0; Win64; x64) AppleWebKit/537.36 (KHTML, like Gecko) Chrome/90.0.4430.85 Safari/537.36"
74.225.211.171 - - [23/Feb/2025:07:33:03 -0500] "GET /wp-includes/class-wp-theme-json.php HTTP/1.0" 200 - "binance.com" "Mozilla/5.0 (Windows NT 10.0; Win64; x64) AppleWebKit/537.36 (KHTML, like Gecko) Chrome/90.0.4430.85 Safari/537.36"
74.225.211.171 - - [23/Feb/2025:07:33:07 -0500] "GET /wp-includes/class-wpdb.php HTTP/1.0" 200 - "binance.com" "Mozilla/5.0 (Windows NT 10.0; Win64; x64) AppleWebKit/537.36 (KHTML, like Gecko) Chrome/90.0.4430.85 Safari/537.36"
74.225.211.171 - - [23/Feb/2025:07:33:22 -0500] "GET /wp-includes/fonts.php HTTP/1.0" 200 - "binance.com" "Mozilla/5.0 (Windows NT 10.0; Win64; x64) AppleWebKit/537.36 (KHTML, like Gecko) Chrome/90.0.4430.85 Safari/537.36"
74.225.211.171 - - [23/Feb/2025:07:33:26 -0500] "GET /wp-includes/global-styles-and-settings.php HTTP/1.0" 200 - "binance.com" "Mozilla/5.0 (Windows NT 10.0; Win64; x64) AppleWebKit/537.36 (KHTML, like Gecko) Chrome/90.0.4430.85 Safari/537.36"
74.225.211.171 - - [23/Feb/2025:07:33:31 -0500] "GET /wp-includes/https-detection.php HTTP/1.0" 200 - "binance.com" "Mozilla/5.0 (Windows NT 10.0; Win64; x64) AppleWebKit/537.36 (KHTML, like Gecko) Chrome/90.0.4430.85 Safari/537.36"
74.225.211.171 - - [23/Feb/2025:07:33:34 -0500] "GET /wp-includes/https-migration.php HTTP/1.0" 200 - "binance.com" "Mozilla/5.0 (Windows NT 10.0; Win64; x64) AppleWebKit/537.36 (KHTML, like Gecko) Chrome/90.0.4430.85 Safari/537.36"
199.250.205.212 - - [23/Feb/2025:07:33:35 -0500] "POST /wp-cron.php?doing_wp_cron=1740314015.9524140357971191406250 HTTP/1.0" 200 - "-" "WordPress/6.4.5; https://creativedetroit.co"
54.238.102.131 - - [23/Feb/2025:07:33:35 -0500] "GET //wp-login.php HTTP/1.0" 200 6557 "-" "GRequests/0.10"
54.238.102.131 - - [23/Feb/2025:07:33:36 -0500] "POST //wp-login.php HTTP/1.0" 200 6818 "-" "GRequests/0.10"
74.225.211.171 - - [23/Feb/2025:07:33:39 -0500] "GET /wp-includes/robots-template.php HTTP/1.0" 200 - "binance.com" "Mozilla/5.0 (Windows NT 10.0; Win64; x64) AppleWebKit/537.36 (KHTML, like Gecko) Chrome/90.0.4430.85 Safari/537.36"
74.225.211.171 - - [23/Feb/2025:07:33:44 -0500] "GET /wp-includes/style-engine.php HTTP/1.0" 200 - "binance.com" "Mozilla/5.0 (Windows NT 10.0; Win64; x64) AppleWebKit/537.36 (KHTML, like Gecko) Chrome/90.0.4430.85 Safari/537.36"
74.225.211.171 - - [23/Feb/2025:07:33:48 -0500] "GET /wp-includes/template-canvas.php HTTP/1.0" 500 - "binance.com" "Mozilla/5.0 (Windows NT 10.0; Win64; x64) AppleWebKit/537.36 (KHTML, like Gecko) Chrome/90.0.4430.85 Safari/537.36"
74.225.211.171 - - [23/Feb/2025:07:33:52 -0500] "GET /wp-includes/theme-previews.php HTTP/1.0" 200 - "binance.com" "Mozilla/5.0 (Windows NT 10.0; Win64; x64) AppleWebKit/537.36 (KHTML, like Gecko) Chrome/90.0.4430.85 Safari/537.36"
74.225.211.171 - - [23/Feb/2025:07:33:55 -0500] "GET /wp-includes/theme-templates.php HTTP/1.0" 200 - "binance.com" "Mozilla/5.0 (Windows NT 10.0; Win64; x64) AppleWebKit/537.36 (KHTML, like Gecko) Chrome/90.0.4430.85 Safari/537.36"
74.225.211.171 - - [23/Feb/2025:07:33:57 -0500] "GET /wp-includes/ID3/ HTTP/1.0" 200 4232 "binance.com" "Mozilla/5.0 (Windows NT 10.0; Win64; x64) AppleWebKit/537.36 (KHTML, like Gecko) Chrome/90.0.4430.85 Safari/537.36"
74.225.211.171 - - [23/Feb/2025:07:34:01 -0500] "GET /wp-includes/ID3/ HTTP/1.0" 200 4232 "binance.com" "Mozilla/5.0 (Windows NT 10.0; Win64; x64) AppleWebKit/537.36 (KHTML, like Gecko) Chrome/90.0.4430.85 Safari/537.36"
74.225.211.171 - - [23/Feb/2025:07:34:04 -0500] "GET /wp-includes/IXR/ HTTP/1.0" 200 2538 "binance.com" "Mozilla/5.0 (Windows NT 10.0; Win64; x64) AppleWebKit/537.36 (KHTML, like Gecko) Chrome/90.0.4430.85 Safari/537.36"
74.225.211.171 - - [23/Feb/2025:07:34:07 -0500] "GET /wp-includes/IXR/ HTTP/1.0" 200 2538 "binance.com" "Mozilla/5.0 (Windows NT 10.0; Win64; x64) AppleWebKit/537.36 (KHTML, like Gecko) Chrome/90.0.4430.85 Safari/537.36"
74.225.211.171 - - [23/Feb/2025:07:34:13 -0500] "GET /wp-includes/PHPMailer/ HTTP/1.0" 200 1182 "binance.com" "Mozilla/5.0 (Windows NT 10.0; Win64; x64) AppleWebKit/537.36 (KHTML, like Gecko) Chrome/90.0.4430.85 Safari/537.36"
74.225.211.171 - - [23/Feb/2025:07:34:35 -0500] "GET /wp-includes/PHPMailer/ HTTP/1.0" 200 1182 "binance.com" "Mozilla/5.0 (Windows NT 10.0; Win64; x64) AppleWebKit/537.36 (KHTML, like Gecko) Chrome/90.0.4430.85 Safari/537.36"
199.250.205.212 - - [23/Feb/2025:07:34:39 -0500] "POST /wp-cron.php?doing_wp_cron=1740314079.5187880992889404296875 HTTP/1.0" 200 - "-" "WordPress/6.4.5; http://creativedetroit.co"
185.190.39.162 - - [23/Feb/2025:07:34:39 -0500] "GET /wp-login.php HTTP/1.0" 200 6535 "-" "Mozilla/5.0 (X11; Fedora; Linux x86_64; rv:94.0) Gecko/20100101 Firefox/95.0"
185.190.39.162 - - [23/Feb/2025:07:34:40 -0500] "POST /wp-login.php HTTP/1.0" 200 6773 "-" "Mozilla/5.0 (X11; Fedora; Linux x86_64; rv:94.0) Gecko/20100101 Firefox/95.0"
74.225.211.171 - - [23/Feb/2025:07:34:43 -0500] "GET /wp-includes/Text/ HTTP/1.0" 200 983 "binance.com" "Mozilla/5.0 (Windows NT 10.0; Win64; x64) AppleWebKit/537.36 (KHTML, like Gecko) Chrome/90.0.4430.85 Safari/537.36"
74.225.211.171 - - [23/Feb/2025:07:34:46 -0500] "GET /wp-includes/Text/ HTTP/1.0" 200 983 "binance.com" "Mozilla/5.0 (Windows NT 10.0; Win64; x64) AppleWebKit/537.36 (KHTML, like Gecko) Chrome/90.0.4430.85 Safari/537.36"
74.225.211.171 - - [23/Feb/2025:07:34:51 -0500] "GET /wp-includes/Text/Diff/ HTTP/1.0" 200 1181 "binance.com" "Mozilla/5.0 (Windows NT 10.0; Win64; x64) AppleWebKit/537.36 (KHTML, like Gecko) Chrome/90.0.4430.85 Safari/537.36"
74.225.211.171 - - [23/Feb/2025:07:34:56 -0500] "GET /wp-includes/Text/Diff/ HTTP/1.0" 200 1181 "binance.com" "Mozilla/5.0 (Windows NT 10.0; Win64; x64) AppleWebKit/537.36 (KHTML, like Gecko) Chrome/90.0.4430.85 Safari/537.36"
74.225.211.171 - - [23/Feb/2025:07:35:00 -0500] "GET /wp-includes/Text/Diff/Engine/ HTTP/1.0" 200 1378 "binance.com" "Mozilla/5.0 (Windows NT 10.0; Win64; x64) AppleWebKit/537.36 (KHTML, like Gecko) Chrome/90.0.4430.85 Safari/537.36"
74.225.211.171 - - [23/Feb/2025:07:35:04 -0500] "GET /wp-includes/Text/Diff/Engine/ HTTP/1.0" 200 1378 "binance.com" "Mozilla/5.0 (Windows NT 10.0; Win64; x64) AppleWebKit/537.36 (KHTML, like Gecko) Chrome/90.0.4430.85 Safari/537.36"
38.91.101.117 - - [23/Feb/2025:07:35:07 -0500] "POST /wp-login.php HTTP/1.0" 200 6773 "http://creativedetroit.co" "Mozilla/5.0 (Macintosh; Intel Mac OS X 14.5) AppleWebKit/618.3.5 (KHTML, like Gecko) Version/17.4 Safari/618.3.5"
74.225.211.171 - - [23/Feb/2025:07:35:08 -0500] "GET /wp-includes/Text/Diff/Renderer/ HTTP/1.0" 200 850 "binance.com" "Mozilla/5.0 (Windows NT 10.0; Win64; x64) AppleWebKit/537.36 (KHTML, like Gecko) Chrome/90.0.4430.85 Safari/537.36"
74.225.211.171 - - [23/Feb/2025:07:35:12 -0500] "GET /wp-includes/Text/Diff/Renderer/ HTTP/1.0" 200 850 "binance.com" "Mozilla/5.0 (Windows NT 10.0; Win64; x64) AppleWebKit/537.36 (KHTML, like Gecko) Chrome/90.0.4430.85 Safari/537.36"
74.225.211.171 - - [23/Feb/2025:07:35:37 -0500] "GET /wp-includes/blocks/ HTTP/1.0" 500 - "binance.com" "Mozilla/5.0 (Windows NT 10.0; Win64; x64) AppleWebKit/537.36 (KHTML, like Gecko) Chrome/90.0.4430.85 Safari/537.36"
74.225.211.171 - - [23/Feb/2025:07:35:41 -0500] "GET /wp-includes/pomo/ HTTP/1.0" 200 1706 "binance.com" "Mozilla/5.0 (Windows NT 10.0; Win64; x64) AppleWebKit/537.36 (KHTML, like Gecko) Chrome/90.0.4430.85 Safari/537.36"
74.225.211.171 - - [23/Feb/2025:07:35:56 -0500] "GET /wp-includes/pomo/ HTTP/1.0" 200 1706 "binance.com" "Mozilla/5.0 (Windows NT 10.0; Win64; x64) AppleWebKit/537.36 (KHTML, like Gecko) Chrome/90.0.4430.85 Safari/537.36"
74.225.211.171 - - [23/Feb/2025:07:35:59 -0500] "GET /wp-includes/sitemaps/ HTTP/1.0" 200 2013 "binance.com" "Mozilla/5.0 (Windows NT 10.0; Win64; x64) AppleWebKit/537.36 (KHTML, like Gecko) Chrome/90.0.4430.85 Safari/537.36"
74.225.211.171 - - [23/Feb/2025:07:36:02 -0500] "GET /wp-includes/sitemaps/ HTTP/1.0" 200 2013 "binance.com" "Mozilla/5.0 (Windows NT 10.0; Win64; x64) AppleWebKit/537.36 (KHTML, like Gecko) Chrome/90.0.4430.85 Safari/537.36"
74.225.211.171 - - [23/Feb/2025:07:36:06 -0500] "GET /wp-includes/sitemaps/providers/ HTTP/1.0" 200 1270 "binance.com" "Mozilla/5.0 (Windows NT 10.0; Win64; x64) AppleWebKit/537.36 (KHTML, like Gecko) Chrome/90.0.4430.85 Safari/537.36"
74.225.211.171 - - [23/Feb/2025:07:36:09 -0500] "GET /wp-includes/sitemaps/providers/ HTTP/1.0" 200 1270 "binance.com" "Mozilla/5.0 (Windows NT 10.0; Win64; x64) AppleWebKit/537.36 (KHTML, like Gecko) Chrome/90.0.4430.85 Safari/537.36"
74.225.211.171 - - [23/Feb/2025:07:36:12 -0500] "GET /wp-includes/widgets/ HTTP/1.0" 200 4621 "binance.com" "Mozilla/5.0 (Windows NT 10.0; Win64; x64) AppleWebKit/537.36 (KHTML, like Gecko) Chrome/90.0.4430.85 Safari/537.36"
74.225.211.171 - - [23/Feb/2025:07:36:14 -0500] "GET /wp-includes/widgets/ HTTP/1.0" 200 4621 "binance.com" "Mozilla/5.0 (Windows NT 10.0; Win64; x64) AppleWebKit/537.36 (KHTML, like Gecko) Chrome/90.0.4430.85 Safari/537.36"
74.225.211.171 - - [23/Feb/2025:07:36:18 -0500] "GET /wp-includes/widgets/class-wp-widget-block.php HTTP/1.0" 500 - "binance.com" "Mozilla/5.0 (Windows NT 10.0; Win64; x64) AppleWebKit/537.36 (KHTML, like Gecko) Chrome/90.0.4430.85 Safari/537.36"
74.225.211.171 - - [23/Feb/2025:07:36:21 -0500] "GET /wp-includes/css/ HTTP/1.0" 200 8335 "binance.com" "Mozilla/5.0 (Windows NT 10.0; Win64; x64) AppleWebKit/537.36 (KHTML, like Gecko) Chrome/90.0.4430.85 Safari/537.36"
74.225.211.171 - - [23/Feb/2025:07:36:27 -0500] "GET /wp-includes/css/dist/ HTTP/1.0" 200 3528 "binance.com" "Mozilla/5.0 (Windows NT 10.0; Win64; x64) AppleWebKit/537.36 (KHTML, like Gecko) Chrome/90.0.4430.85 Safari/537.36"
74.225.211.171 - - [23/Feb/2025:07:36:31 -0500] "GET /wp-includes/fonts/ HTTP/1.0" 200 1936 "binance.com" "Mozilla/5.0 (Windows NT 10.0; Win64; x64) AppleWebKit/537.36 (KHTML, like Gecko) Chrome/90.0.4430.85 Safari/537.36"
74.225.211.171 - - [23/Feb/2025:07:36:34 -0500] "GET /wp-includes/fonts/ HTTP/1.0" 200 1936 "binance.com" "Mozilla/5.0 (Windows NT 10.0; Win64; x64) AppleWebKit/537.36 (KHTML, like Gecko) Chrome/90.0.4430.85 Safari/537.36"
74.225.211.171 - - [23/Feb/2025:07:36:37 -0500] "GET /wp-includes/fonts/class-wp-font-face-resolver.php HTTP/1.0" 200 - "binance.com" "Mozilla/5.0 (Windows NT 10.0; Win64; x64) AppleWebKit/537.36 (KHTML, like Gecko) Chrome/90.0.4430.85 Safari/537.36"
74.225.211.171 - - [23/Feb/2025:07:36:42 -0500] "GET /wp-includes/fonts/class-wp-font-face.php HTTP/1.0" 200 - "binance.com" "Mozilla/5.0 (Windows NT 10.0; Win64; x64) AppleWebKit/537.36 (KHTML, like Gecko) Chrome/90.0.4430.85 Safari/537.36"
74.225.211.171 - - [23/Feb/2025:07:36:46 -0500] "GET /wp-includes/images/ HTTP/1.0" 200 5768 "binance.com" "Mozilla/5.0 (Windows NT 10.0; Win64; x64) AppleWebKit/537.36 (KHTML, like Gecko) Chrome/90.0.4430.85 Safari/537.36"
74.225.211.171 - - [23/Feb/2025:07:36:50 -0500] "GET /wp-includes/images/crystal/ HTTP/1.0" 200 2450 "binance.com" "Mozilla/5.0 (Windows NT 10.0; Win64; x64) AppleWebKit/537.36 (KHTML, like Gecko) Chrome/90.0.4430.85 Safari/537.36"
74.225.211.171 - - [23/Feb/2025:07:36:53 -0500] "GET /wp-includes/images/media/ HTTP/1.0" 200 2267 "binance.com" "Mozilla/5.0 (Windows NT 10.0; Win64; x64) AppleWebKit/537.36 (KHTML, like Gecko) Chrome/90.0.4430.85 Safari/537.36"
74.225.211.171 - - [23/Feb/2025:07:36:57 -0500] "GET /wp-includes/images/smilies/ HTTP/1.0" 200 5397 "binance.com" "Mozilla/5.0 (Windows NT 10.0; Win64; x64) AppleWebKit/537.36 (KHTML, like Gecko) Chrome/90.0.4430.85 Safari/537.36"
199.250.205.212 - - [23/Feb/2025:07:37:13 -0500] "POST /wp-cron.php?doing_wp_cron=1740314233.7867178916931152343750 HTTP/1.0" 200 - "-" "WordPress/6.4.5; http://creativedetroit.co"
74.225.211.171 - - [23/Feb/2025:07:37:13 -0500] "GET /wp-includes/images/wlw/ HTTP/1.0" 404 70985 "binance.com" "Mozilla/5.0 (Windows NT 10.0; Win64; x64) AppleWebKit/537.36 (KHTML, like Gecko) Chrome/90.0.4430.85 Safari/537.36"
74.225.211.171 - - [23/Feb/2025:07:37:17 -0500] "GET /wp-includes/js/%20 HTTP/1.0" 301 - "binance.com" "Mozilla/5.0 (Windows NT 10.0; Win64; x64) AppleWebKit/537.36 (KHTML, like Gecko) Chrome/90.0.4430.85 Safari/537.36"
74.225.211.171 - - [23/Feb/2025:07:37:18 -0500] "GET /wp-includes/js/ HTTP/1.0" 200 21086 "binance.com" "Mozilla/5.0 (Windows NT 10.0; Win64; x64) AppleWebKit/537.36 (KHTML, like Gecko) Chrome/90.0.4430.85 Safari/537.36"
74.225.211.171 - - [23/Feb/2025:07:37:33 -0500] "GET /wp-includes/js/codemirror/ HTTP/1.0" 200 2105 "binance.com" "Mozilla/5.0 (Windows NT 10.0; Win64; x64) AppleWebKit/537.36 (KHTML, like Gecko) Chrome/90.0.4430.85 Safari/537.36"
74.225.211.171 - - [23/Feb/2025:07:37:38 -0500] "GET /wp-includes/js/plupload/ HTTP/1.0" 200 2278 "binance.com" "Mozilla/5.0 (Windows NT 10.0; Win64; x64) AppleWebKit/537.36 (KHTML, like Gecko) Chrome/90.0.4430.85 Safari/537.36"
74.225.211.171 - - [23/Feb/2025:07:37:42 -0500] "GET /.well-known/ HTTP/1.0" 200 978 "binance.com" "Mozilla/5.0 (Windows NT 10.0; Win64; x64) AppleWebKit/537.36 (KHTML, like Gecko) Chrome/90.0.4430.85 Safari/537.36"
199.250.205.212 - - [23/Feb/2025:08:00:48 -0500] "POST /wp-cron.php?doing_wp_cron=1740315648.4571640491485595703125 HTTP/1.0" 200 - "-" "WordPress/6.4.5; https://creativedetroit.co"
103.196.153.78 - - [23/Feb/2025:08:00:47 -0500] "GET /wp-login.php HTTP/1.0" 200 6557 "-" "GRequests/0.10"
103.196.153.78 - - [23/Feb/2025:08:00:49 -0500] "POST /wp-login.php HTTP/1.0" 200 6818 "-" "GRequests/0.10"
162.55.100.32 - - [23/Feb/2025:08:00:52 -0500] "POST /wp-login.php HTTP/1.0" 200 6773 "http://creativedetroit.co" "Mozilla/5.0 (Macintosh; Intel Mac OS X 14.3) AppleWebKit/614.31.14 (KHTML, like Gecko) Version/17.0.96 Safari/614.31.14"
199.250.205.212 - - [23/Feb/2025:08:23:45 -0500] "POST /wp-cron.php?doing_wp_cron=1740317025.5059399604797363281250 HTTP/1.0" 200 - "-" "WordPress/6.4.5; https://creativedetroit.co"
189.126.111.130 - - [23/Feb/2025:08:23:45 -0500] "GET /wp-login.php HTTP/1.0" 200 6557 "-" "GRequests/0.10"
189.126.111.130 - - [23/Feb/2025:08:23:47 -0500] "POST /wp-login.php HTTP/1.0" 200 6813 "-" "GRequests/0.10"
199.250.205.212 - - [23/Feb/2025:08:24:51 -0500] "POST /wp-cron.php?doing_wp_cron=1740317091.5718400478363037109375 HTTP/1.0" 200 - "-" "WordPress/6.4.5; http://creativedetroit.co"
167.253.158.228 - - [23/Feb/2025:08:24:50 -0500] "GET /wp-login.php HTTP/1.0" 200 6535 "-" "Mozilla/5.0 (X11; Gentoo; Linux x86_64; rv:91.0) Gecko/20100101 Firefox/91.0"
167.253.158.228 - - [23/Feb/2025:08:24:52 -0500] "POST /wp-login.php HTTP/1.0" 200 6773 "-" "Mozilla/5.0 (X11; Gentoo; Linux x86_64; rv:91.0) Gecko/20100101 Firefox/91.0"
199.250.205.212 - - [23/Feb/2025:08:26:39 -0500] "POST /wp-cron.php?doing_wp_cron=1740317199.3434040546417236328125 HTTP/1.0" 200 - "-" "WordPress/6.4.5; http://creativedetroit.co"
54.36.209.164 - - [23/Feb/2025:08:26:38 -0500] "POST /wp-login.php HTTP/1.0" 200 6908 "http://creativedetroit.co" "Mozilla/5.0 (Macintosh; Intel Mac OS X 10_15_7) AppleWebKit/537.36 (KHTML, like Gecko) Chrome/116.0.5845.96 Safari/537.36"
199.250.205.212 - - [23/Feb/2025:08:36:24 -0500] "POST /wp-cron.php?doing_wp_cron=1740317784.7591478824615478515625 HTTP/1.0" 200 - "-" "WordPress/6.4.5; https://creativedetroit.co"
114.119.137.101 - - [23/Feb/2025:08:36:24 -0500] "GET /mmunity HTTP/1.0" 301 - "https://creativedetroit.co/nsulting/markets/golf" "Mozilla/5.0 (Linux; Android 7.0;) AppleWebKit/537.36 (KHTML, like Gecko) Mobile Safari/537.36 (compatible; PetalBot;+https://webmaster.petalsearch.com/site/petalbot)"
199.250.205.212 - - [23/Feb/2025:08:36:25 -0500] "GET /2022/06/29/workshop-wednesdays-and-why-lebron-tried-to-copyright-taco-tuesday/amp/?amp_validate%5Bnonce%5D=bbe2acbdec3ea0d7d384193876b86548&_validate%5Bcache_bust%5D=3964630775 HTTP/1.0" 200 494817 "-" "WordPress/6.4.5; https://creativedetroit.co"
114.119.137.101 - - [23/Feb/2025:08:36:26 -0500] "GET /mmunity/ HTTP/1.0" 200 72149 "https://creativedetroit.co/nsulting/markets/golf" "Mozilla/5.0 (Linux; Android 7.0;) AppleWebKit/537.36 (KHTML, like Gecko) Mobile Safari/537.36 (compatible; PetalBot;+https://webmaster.petalsearch.com/site/petalbot)"
199.250.205.212 - - [23/Feb/2025:08:42:13 -0500] "POST /wp-cron.php?doing_wp_cron=1740318133.3698580265045166015625 HTTP/1.0" 200 - "-" "WordPress/6.4.5; https://creativedetroit.co"
35.209.177.100 - - [23/Feb/2025:08:42:12 -0500] "GET /wp-login.php HTTP/1.0" 200 6557 "-" "GRequests/0.10"
35.209.177.100 - - [23/Feb/2025:08:42:13 -0500] "POST /wp-login.php HTTP/1.0" 200 6818 "-" "GRequests/0.10"
199.250.205.212 - - [23/Feb/2025:08:59:56 -0500] "POST /wp-cron.php?doing_wp_cron=1740319196.8315269947052001953125 HTTP/1.0" 200 - "-" "WordPress/6.4.5; https://creativedetroit.co"
141.95.114.30 - - [23/Feb/2025:08:59:56 -0500] "GET /bitrix/tools/spread.php?state= HTTP/1.0" 404 71103 "-" "Mozilla/5.0 (Windows NT 10.0; Win64; x64) AppleWebKit/537.36 (KHTML, like Gecko) Chrome/127.0.0.0 Safari/537.36"
199.250.205.212 - - [23/Feb/2025:09:06:27 -0500] "POST /wp-cron.php?doing_wp_cron=1740319587.6433930397033691406250 HTTP/1.0" 200 - "-" "WordPress/6.4.5; http://creativedetroit.co"
3.109.1.47 - - [23/Feb/2025:09:06:27 -0500] "GET /wp-login.php HTTP/1.0" 200 6535 "-" "GRequests/0.10"
3.109.1.47 - - [23/Feb/2025:09:06:28 -0500] "POST /wp-login.php HTTP/1.0" 200 6791 "-" "GRequests/0.10"
199.250.205.212 - - [23/Feb/2025:09:13:12 -0500] "POST /wp-cron.php?doing_wp_cron=1740319992.4339339733123779296875 HTTP/1.0" 200 - "-" "WordPress/6.4.5; http://creativedetroit.co"
209.172.2.50 - - [23/Feb/2025:09:13:11 -0500] "POST /xmlrpc.php HTTP/1.0" 200 403 "http://creativedetroit.co" "Mozilla/5.0 (Macintosh; Intel Mac OS X 10_15_7) AppleWebKit/537.36 (KHTML, like Gecko) Chrome/115.0.5790.102 Safari/537.36"
199.250.205.212 - - [23/Feb/2025:09:13:34 -0500] "POST /wp-cron.php?doing_wp_cron=1740320014.8487489223480224609375 HTTP/1.0" 200 - "-" "WordPress/6.4.5; https://creativedetroit.co"
88.117.147.115 - - [23/Feb/2025:09:13:34 -0500] "GET //wp-login.php HTTP/1.0" 200 6557 "-" "GRequests/0.10"
88.117.147.115 - - [23/Feb/2025:09:13:35 -0500] "POST //wp-login.php HTTP/1.0" 200 6818 "-" "GRequests/0.10"
170.106.143.6 - - [23/Feb/2025:09:13:37 -0500] "GET / HTTP/1.0" 301 - "-" "Mozilla/5.0 (iPhone; CPU iPhone OS 13_2_3 like Mac OS X) AppleWebKit/605.1.15 (KHTML, like Gecko) Version/13.0.3 Mobile/15E148 Safari/604.1"
170.106.143.6 - - [23/Feb/2025:09:13:38 -0500] "GET / HTTP/1.0" 200 83525 "http://www.creativedetroit.co" "Mozilla/5.0 (iPhone; CPU iPhone OS 13_2_3 like Mac OS X) AppleWebKit/605.1.15 (KHTML, like Gecko) Version/13.0.3 Mobile/15E148 Safari/604.1"
199.250.205.212 - - [23/Feb/2025:09:19:33 -0500] "POST /wp-cron.php?doing_wp_cron=1740320373.3954761028289794921875 HTTP/1.0" 200 - "-" "WordPress/6.4.5; http://creativedetroit.co"
8.36.41.75 - - [23/Feb/2025:09:19:32 -0500] "GET /wp-login.php HTTP/1.0" 200 6535 "-" "Mozilla/5.0 (X11; Fedora; Linux x86_64; rv:94.0) Gecko/20100101 Firefox/95.0"
8.36.41.75 - - [23/Feb/2025:09:19:33 -0500] "POST /wp-login.php HTTP/1.0" 200 6773 "-" "Mozilla/5.0 (X11; Fedora; Linux x86_64; rv:94.0) Gecko/20100101 Firefox/95.0"
199.250.205.212 - - [23/Feb/2025:09:22:53 -0500] "POST /wp-cron.php?doing_wp_cron=1740320573.1576120853424072265625 HTTP/1.0" 200 - "-" "WordPress/6.4.5; http://creativedetroit.co"
173.239.236.16 - - [23/Feb/2025:09:22:52 -0500] "GET / HTTP/1.0" 200 83525 "-" "Mozilla/5.0 (Windows NT 10.0; Win64; x64) AppleWebKit/537.36 (KHTML, like Gecko) Chrome/114.0.0.0 Safari/537.36 Edg/114.0.1264.71"
173.239.236.35 - - [23/Feb/2025:09:22:54 -0500] "GET / HTTP/1.0" 200 83525 "http://creativedetroit.co" "Mozilla/5.0 (Windows NT 10.0; Win64; x64) AppleWebKit/537.36 (KHTML, like Gecko) Chrome/114.0.0.0 Safari/537.36 Edg/114.0.1264.71"
173.239.236.43 - - [23/Feb/2025:09:22:56 -0500] "GET /comments/feed/ HTTP/1.0" 200 1666 "http://creativedetroit.co" "Mozilla/5.0 (Windows NT 10.0; Win64; x64) AppleWebKit/537.36 (KHTML, like Gecko) Chrome/114.0.0.0 Safari/537.36 Edg/114.0.1264.71"
173.239.236.50 - - [23/Feb/2025:09:22:57 -0500] "GET /nsulting/media/ HTTP/1.0" 200 73040 "http://creativedetroit.co" "Mozilla/5.0 (Windows NT 10.0; Win64; x64) AppleWebKit/537.36 (KHTML, like Gecko) Chrome/114.0.0.0 Safari/537.36 Edg/114.0.1264.71"
173.239.236.49 - - [23/Feb/2025:09:22:59 -0500] "GET /feed/ HTTP/1.0" 200 3045 "http://creativedetroit.co" "Mozilla/5.0 (Windows NT 10.0; Win64; x64) AppleWebKit/537.36 (KHTML, like Gecko) Chrome/114.0.0.0 Safari/537.36 Edg/114.0.1264.71"
173.239.236.30 - - [23/Feb/2025:09:23:00 -0500] "GET /nsulting/design/ HTTP/1.0" 200 73106 "http://creativedetroit.co" "Mozilla/5.0 (Windows NT 10.0; Win64; x64) AppleWebKit/537.36 (KHTML, like Gecko) Chrome/114.0.0.0 Safari/537.36 Edg/114.0.1264.71"
173.239.236.14 - - [23/Feb/2025:09:23:02 -0500] "GET /wp-json/ HTTP/1.0" 200 1087343 "http://creativedetroit.co" "Mozilla/5.0 (Windows NT 10.0; Win64; x64) AppleWebKit/537.36 (KHTML, like Gecko) Chrome/114.0.0.0 Safari/537.36 Edg/114.0.1264.71"
173.239.236.24 - - [23/Feb/2025:09:23:05 -0500] "GET /nsulting/strategy/ HTTP/1.0" 200 72558 "http://creativedetroit.co" "Mozilla/5.0 (Windows NT 10.0; Win64; x64) AppleWebKit/537.36 (KHTML, like Gecko) Chrome/114.0.0.0 Safari/537.36 Edg/114.0.1264.71"
173.239.236.38 - - [23/Feb/2025:09:23:06 -0500] "GET /wp-json/wp/v2/pages/28 HTTP/1.0" 200 6387 "http://creativedetroit.co" "Mozilla/5.0 (Windows NT 10.0; Win64; x64) AppleWebKit/537.36 (KHTML, like Gecko) Chrome/114.0.0.0 Safari/537.36 Edg/114.0.1264.71"
173.239.236.51 - - [23/Feb/2025:09:23:09 -0500] "GET /mmunity/ HTTP/1.0" 200 72149 "http://creativedetroit.co" "Mozilla/5.0 (Windows NT 10.0; Win64; x64) AppleWebKit/537.36 (KHTML, like Gecko) Chrome/114.0.0.0 Safari/537.36 Edg/114.0.1264.71"
173.239.236.38 - - [23/Feb/2025:09:23:10 -0500] "GET /xmlrpc.php?rsd HTTP/1.0" 200 816 "http://creativedetroit.co" "Mozilla/5.0 (Windows NT 10.0; Win64; x64) AppleWebKit/537.36 (KHTML, like Gecko) Chrome/114.0.0.0 Safari/537.36 Edg/114.0.1264.71"
173.239.236.10 - - [23/Feb/2025:09:23:12 -0500] "GET /mmunity HTTP/1.0" 301 - "http://creativedetroit.co" "Mozilla/5.0 (Windows NT 10.0; Win64; x64) AppleWebKit/537.36 (KHTML, like Gecko) Chrome/114.0.0.0 Safari/537.36 Edg/114.0.1264.71"
173.239.236.34 - - [23/Feb/2025:09:23:15 -0500] "GET /mmunity/ HTTP/1.0" 200 72149 "https://creativedetroit.co/mmunity" "Mozilla/5.0 (Windows NT 10.0; Win64; x64) AppleWebKit/537.36 (KHTML, like Gecko) Chrome/114.0.0.0 Safari/537.36 Edg/114.0.1264.71"
173.239.236.15 - - [23/Feb/2025:09:23:17 -0500] "GET / HTTP/1.0" 200 83525 "http://creativedetroit.co" "Mozilla/5.0 (Windows NT 10.0; Win64; x64) AppleWebKit/537.36 (KHTML, like Gecko) Chrome/114.0.0.0 Safari/537.36 Edg/114.0.1264.71"
173.239.236.45 - - [23/Feb/2025:09:23:19 -0500] "GET /nsulting HTTP/1.0" 301 - "http://creativedetroit.co" "Mozilla/5.0 (Windows NT 10.0; Win64; x64) AppleWebKit/537.36 (KHTML, like Gecko) Chrome/114.0.0.0 Safari/537.36 Edg/114.0.1264.71"
173.239.236.8 - - [23/Feb/2025:09:23:22 -0500] "GET /nsulting/ HTTP/1.0" 200 72816 "https://creativedetroit.co/nsulting" "Mozilla/5.0 (Windows NT 10.0; Win64; x64) AppleWebKit/537.36 (KHTML, like Gecko) Chrome/114.0.0.0 Safari/537.36 Edg/114.0.1264.71"
199.250.205.212 - - [23/Feb/2025:09:23:24 -0500] "POST /wp-cron.php?doing_wp_cron=1740320604.9052529335021972656250 HTTP/1.0" 200 - "-" "WordPress/6.4.5; https://creativedetroit.co"
173.239.236.9 - - [23/Feb/2025:09:23:24 -0500] "GET /fuel/ HTTP/1.0" 200 80847 "http://creativedetroit.co" "Mozilla/5.0 (Windows NT 10.0; Win64; x64) AppleWebKit/537.36 (KHTML, like Gecko) Chrome/114.0.0.0 Safari/537.36 Edg/114.0.1264.71"
173.239.236.52 - - [23/Feb/2025:09:23:27 -0500] "GET /mpanies HTTP/1.0" 301 - "http://creativedetroit.co" "Mozilla/5.0 (Windows NT 10.0; Win64; x64) AppleWebKit/537.36 (KHTML, like Gecko) Chrome/114.0.0.0 Safari/537.36 Edg/114.0.1264.71"
173.239.236.5 - - [23/Feb/2025:09:23:30 -0500] "GET /mpanies/ HTTP/1.0" 200 104669 "https://creativedetroit.co/mpanies" "Mozilla/5.0 (Windows NT 10.0; Win64; x64) AppleWebKit/537.36 (KHTML, like Gecko) Chrome/114.0.0.0 Safari/537.36 Edg/114.0.1264.71"
173.239.236.52 - - [23/Feb/2025:09:23:33 -0500] "GET /nsulting/markets/music HTTP/1.0" 301 - "http://creativedetroit.co" "Mozilla/5.0 (Windows NT 10.0; Win64; x64) AppleWebKit/537.36 (KHTML, like Gecko) Chrome/114.0.0.0 Safari/537.36 Edg/114.0.1264.71"
173.239.236.1 - - [23/Feb/2025:09:23:36 -0500] "GET /nsulting/markets/music/ HTTP/1.0" 200 72760 "https://creativedetroit.co/nsulting/markets/music" "Mozilla/5.0 (Windows NT 10.0; Win64; x64) AppleWebKit/537.36 (KHTML, like Gecko) Chrome/114.0.0.0 Safari/537.36 Edg/114.0.1264.71"
173.239.236.28 - - [23/Feb/2025:09:23:38 -0500] "GET /nsulting/media HTTP/1.0" 301 - "http://creativedetroit.co" "Mozilla/5.0 (Windows NT 10.0; Win64; x64) AppleWebKit/537.36 (KHTML, like Gecko) Chrome/114.0.0.0 Safari/537.36 Edg/114.0.1264.71"
173.239.236.6 - - [23/Feb/2025:09:23:41 -0500] "GET /nsulting/media/ HTTP/1.0" 200 73111 "https://creativedetroit.co/nsulting/media" "Mozilla/5.0 (Windows NT 10.0; Win64; x64) AppleWebKit/537.36 (KHTML, like Gecko) Chrome/114.0.0.0 Safari/537.36 Edg/114.0.1264.71"
173.239.236.32 - - [23/Feb/2025:09:23:43 -0500] "GET /nsulting/markets/finance HTTP/1.0" 301 - "http://creativedetroit.co" "Mozilla/5.0 (Windows NT 10.0; Win64; x64) AppleWebKit/537.36 (KHTML, like Gecko) Chrome/114.0.0.0 Safari/537.36 Edg/114.0.1264.71"
199.250.205.212 - - [23/Feb/2025:09:23:46 -0500] "POST /wp-cron.php?doing_wp_cron=1740320626.5538680553436279296875 HTTP/1.0" 200 - "-" "WordPress/6.4.5; https://creativedetroit.co"
173.239.236.44 - - [23/Feb/2025:09:23:46 -0500] "GET /nsulting/markets/finance/ HTTP/1.0" 200 72878 "https://creativedetroit.co/nsulting/markets/finance" "Mozilla/5.0 (Windows NT 10.0; Win64; x64) AppleWebKit/537.36 (KHTML, like Gecko) Chrome/114.0.0.0 Safari/537.36 Edg/114.0.1264.71"
173.239.236.33 - - [23/Feb/2025:09:23:49 -0500] "GET /nsulting/design HTTP/1.0" 301 - "http://creativedetroit.co" "Mozilla/5.0 (Windows NT 10.0; Win64; x64) AppleWebKit/537.36 (KHTML, like Gecko) Chrome/114.0.0.0 Safari/537.36 Edg/114.0.1264.71"
173.239.236.29 - - [23/Feb/2025:09:23:51 -0500] "GET /nsulting/design/ HTTP/1.0" 200 73177 "https://creativedetroit.co/nsulting/design" "Mozilla/5.0 (Windows NT 10.0; Win64; x64) AppleWebKit/537.36 (KHTML, like Gecko) Chrome/114.0.0.0 Safari/537.36 Edg/114.0.1264.71"
173.239.236.23 - - [23/Feb/2025:09:23:54 -0500] "GET /nsulting/markets/golf HTTP/1.0" 301 - "http://creativedetroit.co" "Mozilla/5.0 (Windows NT 10.0; Win64; x64) AppleWebKit/537.36 (KHTML, like Gecko) Chrome/114.0.0.0 Safari/537.36 Edg/114.0.1264.71"
173.239.236.14 - - [23/Feb/2025:09:23:57 -0500] "GET /nsulting/markets/golf/ HTTP/1.0" 200 72646 "https://creativedetroit.co/nsulting/markets/golf" "Mozilla/5.0 (Windows NT 10.0; Win64; x64) AppleWebKit/537.36 (KHTML, like Gecko) Chrome/114.0.0.0 Safari/537.36 Edg/114.0.1264.71"
173.239.236.48 - - [23/Feb/2025:09:23:59 -0500] "GET /nsulting/strategy HTTP/1.0" 301 - "http://creativedetroit.co" "Mozilla/5.0 (Windows NT 10.0; Win64; x64) AppleWebKit/537.36 (KHTML, like Gecko) Chrome/114.0.0.0 Safari/537.36 Edg/114.0.1264.71"
173.239.236.14 - - [23/Feb/2025:09:24:02 -0500] "GET /nsulting/strategy/ HTTP/1.0" 200 72627 "https://creativedetroit.co/nsulting/strategy" "Mozilla/5.0 (Windows NT 10.0; Win64; x64) AppleWebKit/537.36 (KHTML, like Gecko) Chrome/114.0.0.0 Safari/537.36 Edg/114.0.1264.71"
199.250.205.212 - - [23/Feb/2025:09:29:43 -0500] "POST /wp-cron.php?doing_wp_cron=1740320983.4643270969390869140625 HTTP/1.0" 200 - "-" "WordPress/6.4.5; http://creativedetroit.co"
85.208.96.199 - - [23/Feb/2025:09:29:42 -0500] "GET /robots.txt HTTP/1.0" 200 118 "-" "Mozilla/5.0 (compatible; SemrushBot/7~bl; +http://www.semrush.com/bot.html)"
185.191.171.4 - - [23/Feb/2025:09:29:43 -0500] "GET /nsulting/strategy/social-media/ HTTP/1.0" 200 72261 "-" "Mozilla/5.0 (compatible; SemrushBot/7~bl; +http://www.semrush.com/bot.html)"
199.250.205.212 - - [23/Feb/2025:09:31:38 -0500] "POST /wp-cron.php?doing_wp_cron=1740321098.3353979587554931640625 HTTP/1.0" 200 - "-" "WordPress/6.4.5; http://creativedetroit.co"
45.154.138.241 - - [23/Feb/2025:09:31:37 -0500] "POST /xmlrpc.php HTTP/1.0" 200 403 "http://creativedetroit.co/xmlrpc.php" "Mozilla/5.0 (Windows NT 10.0; WOW64) AppleWebKit/537.36 (KHTML, like Gecko) Chrome/62.0.3198.0 Safari/537.36 OPR/49.0.2711.0"
199.250.205.212 - - [23/Feb/2025:09:31:38 -0500] "GET /mmunity/?amp&_validate%5Bnonce%5D=bbe2acbdec3ea0d7d384193876b86548&_validate%5Bcache_bust%5D=2249584483 HTTP/1.0" 200 494772 "-" "WordPress/6.4.5; http://creativedetroit.co"
192.250.229.64 - - [23/Feb/2025:09:32:02 -0500] "POST /xmlrpc.php HTTP/1.0" 200 403 "http://creativedetroit.co" "Mozilla/5.0 (Macintosh; Intel Mac OS X 10_15_7; rv:126.0) Gecko/20100101 Firefox/126.0"
199.250.205.212 - - [23/Feb/2025:09:46:37 -0500] "POST /wp-cron.php?doing_wp_cron=1740321997.7000958919525146484375 HTTP/1.0" 200 - "-" "WordPress/6.4.5; http://creativedetroit.co"
95.216.125.167 - - [23/Feb/2025:09:46:37 -0500] "POST /xmlrpc.php HTTP/1.0" 200 403 "http://creativedetroit.co" "Mozilla/5.0 (Windows NT 10.0; Win64; x64) AppleWebKit/537.36 (KHTML, like Gecko) Chrome/116.0.5845.96 Safari/537.36"
95.108.213.154 - - [23/Feb/2025:09:46:41 -0500] "GET /robots.txt HTTP/1.0" 200 119 "-" "Mozilla/5.0 (compatible; YandexBot/3.0; +http://yandex.com/bots)"
199.250.205.212 - - [23/Feb/2025:09:52:11 -0500] "POST /wp-cron.php?doing_wp_cron=1740322331.3095290660858154296875 HTTP/1.0" 200 - "-" "WordPress/6.4.5; https://creativedetroit.co"
165.227.84.75 - - [23/Feb/2025:09:52:10 -0500] "GET /wp-login.php HTTP/1.0" 200 6557 "-" "GRequests/0.10"
165.227.84.75 - - [23/Feb/2025:09:52:11 -0500] "POST /wp-login.php HTTP/1.0" 200 6813 "-" "GRequests/0.10"
199.250.205.212 - - [23/Feb/2025:09:59:35 -0500] "POST /wp-cron.php?doing_wp_cron=1740322775.6317288875579833984375 HTTP/1.0" 200 - "-" "WordPress/6.4.5; http://creativedetroit.co"
185.191.171.19 - - [23/Feb/2025:09:59:34 -0500] "GET /nsulting/markets/golf/ HTTP/1.0" 200 72577 "-" "Mozilla/5.0 (compatible; SemrushBot/7~bl; +http://www.semrush.com/bot.html)"
199.250.205.212 - - [23/Feb/2025:10:01:06 -0500] "POST /wp-cron.php?doing_wp_cron=1740322866.4213750362396240234375 HTTP/1.0" 200 - "-" "WordPress/6.4.5; http://creativedetroit.co"
148.72.126.119 - - [23/Feb/2025:10:01:05 -0500] "POST /xmlrpc.php HTTP/1.0" 200 403 "http://creativedetroit.co" "Mozilla/5.0 (Macintosh; Intel Mac OS X 10.15; rv:126.0) Gecko/20100101 Firefox/126.0"
199.250.205.212 - - [23/Feb/2025:10:06:48 -0500] "POST /wp-cron.php?doing_wp_cron=1740323208.8436200618743896484375 HTTP/1.0" 200 - "-" "WordPress/6.4.5; http://creativedetroit.co"
185.191.171.5 - - [23/Feb/2025:10:06:48 -0500] "GET /nsulting/markets/finance/ HTTP/1.0" 200 72809 "-" "Mozilla/5.0 (compatible; SemrushBot/7~bl; +http://www.semrush.com/bot.html)"
196.251.113.3 - - [23/Feb/2025:10:14:29 -0500] "GET / HTTP/1.0" 301 - "-" "Mozlila/5.0 (Linux; Android 7.0; SM-G892A Bulid/NRD90M; wv) AppleWebKit/537.36 (KHTML, like Gecko) Version/4.0 Chrome/60.0.3112.107 Moblie Safari/537.36"
196.251.113.3 - - [23/Feb/2025:10:14:29 -0500] "GET /wp-content/themes/seotheme/db.php?u HTTP/1.0" 404 16059 "www.google.com" "Mozlila/5.0 (Linux; Android 7.0; SM-G892A Bulid/NRD90M; wv) AppleWebKit/537.36 (KHTML, like Gecko) Version/4.0 Chrome/60.0.3112.107 Moblie Safari/537.36"
196.251.113.3 - - [23/Feb/2025:10:14:29 -0500] "GET /wp-content/plugins/fix/up.php HTTP/1.0" 404 16059 "-" "Mozilla/5.0 (Windows NT 10.0; Win64; x64) AppleWebKit/537.36 (KHTML, like Gecko) Chrome/85.0.4183.102 Safari/537.36"
196.251.113.3 - - [23/Feb/2025:10:14:29 -0500] "GET /wp-content/plugins/fix/up.php HTTP/1.0" 404 16059 "-" "Mozilla/5.0 (Windows NT 10.0; Win64; x64) AppleWebKit/537.36 (KHTML, like Gecko) Chrome/85.0.4183.102 Safari/537.36"
196.251.113.3 - - [23/Feb/2025:10:14:29 -0500] "POST /wp-plain.php HTTP/1.0" 404 16059 "www.google.com" "Mozilla/5.0 (Linux; Android 7.0; SM-G892A Bulid/NRD90M; wv) AppleWebKit/537.36 (KHTML, like Gecko) Version/4.0 Chrome/60.0.3112.107 Moblie Safari/537.36"
196.251.113.3 - - [23/Feb/2025:10:14:29 -0500] "POST /ALFA_DATA/alfacgiapi/perl.alfa HTTP/1.0" 404 71041 "www.google.com" "Mozlila/5.0 (Linux; Android 7.0; SM-G892A Bulid/NRD90M; wv) AppleWebKit/537.36 (KHTML, like Gecko) Version/4.0 Chrome/60.0.3112.107 Moblie Safari/537.36"
196.251.113.3 - - [23/Feb/2025:10:14:37 -0500] "GET / HTTP/1.0" 301 - "-" "Mozlila/5.0 (Linux; Android 7.0; SM-G892A Bulid/NRD90M; wv) AppleWebKit/537.36 (KHTML, like Gecko) Version/4.0 Chrome/60.0.3112.107 Moblie Safari/537.36"
196.251.113.3 - - [23/Feb/2025:10:14:29 -0500] "GET /wp-content/themes/seotheme/db.php?u HTTP/1.0" 404 16059 "www.google.com" "Mozlila/5.0 (Linux; Android 7.0; SM-G892A Bulid/NRD90M; wv) AppleWebKit/537.36 (KHTML, like Gecko) Version/4.0 Chrome/60.0.3112.107 Moblie Safari/537.36"
199.250.205.212 - - [23/Feb/2025:10:14:37 -0500] "POST /wp-cron.php?doing_wp_cron=1740323677.1228809356689453125000 HTTP/1.0" 200 - "-" "WordPress/6.4.5; http://creativedetroit.co"
196.251.113.3 - - [23/Feb/2025:10:14:29 -0500] "POST /wp-plain.php HTTP/1.0" 404 16059 "www.google.com" "Mozilla/5.0 (Linux; Android 7.0; SM-G892A Bulid/NRD90M; wv) AppleWebKit/537.36 (KHTML, like Gecko) Version/4.0 Chrome/60.0.3112.107 Moblie Safari/537.36"
196.251.113.3 - - [23/Feb/2025:10:14:37 -0500] "GET /wp-content/themes/seotheme/db.php?u HTTP/1.0" 404 16059 "www.google.com" "Mozlila/5.0 (Linux; Android 7.0; SM-G892A Bulid/NRD90M; wv) AppleWebKit/537.36 (KHTML, like Gecko) Version/4.0 Chrome/60.0.3112.107 Moblie Safari/537.36"
196.251.113.3 - - [23/Feb/2025:10:14:29 -0500] "GET / HTTP/1.0" 200 15931 "-" "Mozlila/5.0 (Linux; Android 7.0; SM-G892A Bulid/NRD90M; wv) AppleWebKit/537.36 (KHTML, like Gecko) Version/4.0 Chrome/60.0.3112.107 Moblie Safari/537.36"
196.251.113.3 - - [23/Feb/2025:10:14:29 -0500] "POST /ALFA_DATA/alfacgiapi/perl.alfa HTTP/1.0" 404 70985 "www.google.com" "Mozlila/5.0 (Linux; Android 7.0; SM-G892A Bulid/NRD90M; wv) AppleWebKit/537.36 (KHTML, like Gecko) Version/4.0 Chrome/60.0.3112.107 Moblie Safari/537.36"
196.251.113.3 - - [23/Feb/2025:10:14:37 -0500] "GET /wp-content/themes/seotheme/db.php?u HTTP/1.0" 404 16059 "www.google.com" "Mozlila/5.0 (Linux; Android 7.0; SM-G892A Bulid/NRD90M; wv) AppleWebKit/537.36 (KHTML, like Gecko) Version/4.0 Chrome/60.0.3112.107 Moblie Safari/537.36"
196.251.113.3 - - [23/Feb/2025:10:14:37 -0500] "GET /wp-content/plugins/fix/up.php HTTP/1.0" 404 16059 "-" "Mozilla/5.0 (Windows NT 10.0; Win64; x64) AppleWebKit/537.36 (KHTML, like Gecko) Chrome/85.0.4183.102 Safari/537.36"
196.251.113.3 - - [23/Feb/2025:10:14:37 -0500] "GET / HTTP/1.0" 200 15931 "-" "Mozlila/5.0 (Linux; Android 7.0; SM-G892A Bulid/NRD90M; wv) AppleWebKit/537.36 (KHTML, like Gecko) Version/4.0 Chrome/60.0.3112.107 Moblie Safari/537.36"
196.251.113.3 - - [23/Feb/2025:10:14:37 -0500] "GET /wp-content/plugins/fix/up.php HTTP/1.0" 404 16059 "-" "Mozilla/5.0 (Windows NT 10.0; Win64; x64) AppleWebKit/537.36 (KHTML, like Gecko) Chrome/85.0.4183.102 Safari/537.36"
196.251.113.3 - - [23/Feb/2025:10:14:41 -0500] "POST /alfacgiapi/perl.alfa HTTP/1.0" 404 71041 "www.google.com" "Mozlila/5.0 (Linux; Android 7.0; SM-G892A Bulid/NRD90M; wv) AppleWebKit/537.36 (KHTML, like Gecko) Version/4.0 Chrome/60.0.3112.107 Moblie Safari/537.36"
196.251.113.3 - - [23/Feb/2025:10:14:45 -0500] "GET / HTTP/1.0" 301 - "-" "Mozlila/5.0 (Linux; Android 7.0; SM-G892A Bulid/NRD90M; wv) AppleWebKit/537.36 (KHTML, like Gecko) Version/4.0 Chrome/60.0.3112.107 Moblie Safari/537.36"
196.251.113.3 - - [23/Feb/2025:10:14:45 -0500] "GET /wp-content/themes/seotheme/db.php?u HTTP/1.0" 404 16059 "www.google.com" "Mozlila/5.0 (Linux; Android 7.0; SM-G892A Bulid/NRD90M; wv) AppleWebKit/537.36 (KHTML, like Gecko) Version/4.0 Chrome/60.0.3112.107 Moblie Safari/537.36"
196.251.113.3 - - [23/Feb/2025:10:14:45 -0500] "GET / HTTP/1.0" 200 15931 "-" "Mozlila/5.0 (Linux; Android 7.0; SM-G892A Bulid/NRD90M; wv) AppleWebKit/537.36 (KHTML, like Gecko) Version/4.0 Chrome/60.0.3112.107 Moblie Safari/537.36"
196.251.113.3 - - [23/Feb/2025:10:14:53 -0500] "GET / HTTP/1.0" 301 - "-" "Mozlila/5.0 (Linux; Android 7.0; SM-G892A Bulid/NRD90M; wv) AppleWebKit/537.36 (KHTML, like Gecko) Version/4.0 Chrome/60.0.3112.107 Moblie Safari/537.36"
196.251.113.3 - - [23/Feb/2025:10:14:45 -0500] "GET /wp-content/plugins/fix/up.php HTTP/1.0" 404 16059 "-" "Mozilla/5.0 (Windows NT 10.0; Win64; x64) AppleWebKit/537.36 (KHTML, like Gecko) Chrome/85.0.4183.102 Safari/537.36"
196.251.113.3 - - [23/Feb/2025:10:14:45 -0500] "GET /wp-content/plugins/fix/up.php HTTP/1.0" 404 16059 "-" "Mozilla/5.0 (Windows NT 10.0; Win64; x64) AppleWebKit/537.36 (KHTML, like Gecko) Chrome/85.0.4183.102 Safari/537.36"
196.251.113.3 - - [23/Feb/2025:10:14:53 -0500] "GET /wp-content/plugins/fix/up.php HTTP/1.0" 404 16059 "-" "Mozilla/5.0 (Windows NT 10.0; Win64; x64) AppleWebKit/537.36 (KHTML, like Gecko) Chrome/85.0.4183.102 Safari/537.36"
196.251.113.3 - - [23/Feb/2025:10:14:45 -0500] "GET /wp-content/themes/seotheme/db.php?u HTTP/1.0" 404 16059 "www.google.com" "Mozlila/5.0 (Linux; Android 7.0; SM-G892A Bulid/NRD90M; wv) AppleWebKit/537.36 (KHTML, like Gecko) Version/4.0 Chrome/60.0.3112.107 Moblie Safari/537.36"
196.251.113.3 - - [23/Feb/2025:10:14:53 -0500] "GET /wp-content/plugins/fix/up.php HTTP/1.0" 404 16059 "-" "Mozilla/5.0 (Windows NT 10.0; Win64; x64) AppleWebKit/537.36 (KHTML, like Gecko) Chrome/85.0.4183.102 Safari/537.36"
196.251.113.3 - - [23/Feb/2025:10:14:53 -0500] "GET /wp-content/themes/seotheme/db.php?u HTTP/1.0" 404 16059 "www.google.com" "Mozlila/5.0 (Linux; Android 7.0; SM-G892A Bulid/NRD90M; wv) AppleWebKit/537.36 (KHTML, like Gecko) Version/4.0 Chrome/60.0.3112.107 Moblie Safari/537.36"
