196.251.113.3 - - [23/Feb/2025:10:14:53 -0500] "GET /wp-content/themes/seotheme/db.php?u HTTP/1.0" 404 16059 "www.google.com" "Mozlila/5.0 (Linux; Android 7.0; SM-G892A Bulid/NRD90M; wv) AppleWebKit/537.36 (KHTML, like Gecko) Version/4.0 Chrome/60.0.3112.107 Moblie Safari/537.36"
196.251.113.3 - - [23/Feb/2025:10:14:53 -0500] "GET / HTTP/1.0" 200 15931 "-" "Mozlila/5.0 (Linux; Android 7.0; SM-G892A Bulid/NRD90M; wv) AppleWebKit/537.36 (KHTML, like Gecko) Version/4.0 Chrome/60.0.3112.107 Moblie Safari/537.36"
196.251.113.3 - - [23/Feb/2025:10:14:55 -0500] "POST /alfacgiapi/perl.alfa HTTP/1.0" 404 70985 "www.google.com" "Mozlila/5.0 (Linux; Android 7.0; SM-G892A Bulid/NRD90M; wv) AppleWebKit/537.36 (KHTML, like Gecko) Version/4.0 Chrome/60.0.3112.107 Moblie Safari/537.36"
196.251.113.3 - - [23/Feb/2025:10:15:01 -0500] "GET /wp-content/themes/seotheme/db.php?u HTTP/1.0" 404 16059 "www.google.com" "Mozlila/5.0 (Linux; Android 7.0; SM-G892A Bulid/NRD90M; wv) AppleWebKit/537.36 (KHTML, like Gecko) Version/4.0 Chrome/60.0.3112.107 Moblie Safari/537.36"
196.251.113.3 - - [23/Feb/2025:10:15:01 -0500] "GET / HTTP/1.0" 301 - "-" "Mozlila/5.0 (Linux; Android 7.0; SM-G892A Bulid/NRD90M; wv) AppleWebKit/537.36 (KHTML, like Gecko) Version/4.0 Chrome/60.0.3112.107 Moblie Safari/537.36"
196.251.113.3 - - [23/Feb/2025:10:15:01 -0500] "GET /wp-content/plugins/fix/up.php HTTP/1.0" 404 16059 "-" "Mozilla/5.0 (Windows NT 10.0; Win64; x64) AppleWebKit/537.36 (KHTML, like Gecko) Chrome/85.0.4183.102 Safari/537.36"
196.251.113.3 - - [23/Feb/2025:10:15:01 -0500] "GET /wp-content/plugins/fix/up.php HTTP/1.0" 404 16059 "-" "Mozilla/5.0 (Windows NT 10.0; Win64; x64) AppleWebKit/537.36 (KHTML, like Gecko) Chrome/85.0.4183.102 Safari/537.36"
196.251.113.3 - - [23/Feb/2025:10:15:02 -0500] "GET /wp-content/themes/seotheme/db.php?u HTTP/1.0" 404 16059 "www.google.com" "Mozlila/5.0 (Linux; Android 7.0; SM-G892A Bulid/NRD90M; wv) AppleWebKit/537.36 (KHTML, like Gecko) Version/4.0 Chrome/60.0.3112.107 Moblie Safari/537.36"
196.251.113.3 - - [23/Feb/2025:10:15:10 -0500] "GET /wp-content/themes/seotheme/db.php?u HTTP/1.0" 404 71047 "www.google.com" "Mozlila/5.0 (Linux; Android 7.0; SM-G892A Bulid/NRD90M; wv) AppleWebKit/537.36 (KHTML, like Gecko) Version/4.0 Chrome/60.0.3112.107 Moblie Safari/537.36"
196.251.113.3 - - [23/Feb/2025:10:15:02 -0500] "GET / HTTP/1.0" 200 15931 "-" "Mozlila/5.0 (Linux; Android 7.0; SM-G892A Bulid/NRD90M; wv) AppleWebKit/537.36 (KHTML, like Gecko) Version/4.0 Chrome/60.0.3112.107 Moblie Safari/537.36"
196.251.113.3 - - [23/Feb/2025:10:15:10 -0500] "GET /wp-content/themes/seotheme/db.php?u HTTP/1.0" 404 71103 "www.google.com" "Mozlila/5.0 (Linux; Android 7.0; SM-G892A Bulid/NRD90M; wv) AppleWebKit/537.36 (KHTML, like Gecko) Version/4.0 Chrome/60.0.3112.107 Moblie Safari/537.36"
199.250.205.212 - - [23/Feb/2025:10:20:41 -0500] "POST /wp-cron.php?doing_wp_cron=1740324041.6938209533691406250000 HTTP/1.0" 200 - "-" "WordPress/6.4.5; http://creativedetroit.co"
121.40.58.137 - - [23/Feb/2025:10:20:41 -0500] "GET /wp-login.php HTTP/1.0" 200 6535 "-" "Mozilla/5.0 (X11; Fedora; Linux x86_64; rv:94.0) Gecko/20100101 Firefox/95.0"
121.40.58.137 - - [23/Feb/2025:10:20:42 -0500] "POST /wp-login.php HTTP/1.0" 200 6908 "-" "Mozilla/5.0 (X11; Fedora; Linux x86_64; rv:94.0) Gecko/20100101 Firefox/95.0"
199.250.205.212 - - [23/Feb/2025:10:23:49 -0500] "POST /wp-cron.php?doing_wp_cron=1740324229.8830330371856689453125 HTTP/1.0" 200 - "-" "WordPress/6.4.5; http://creativedetroit.co"
103.173.66.99 - - [23/Feb/2025:10:23:49 -0500] "GET /wp-login.php HTTP/1.0" 200 6535 "-" "GRequests/0.10"
103.173.66.99 - - [23/Feb/2025:10:23:50 -0500] "POST /wp-login.php HTTP/1.0" 200 6791 "-" "GRequests/0.10"
199.250.205.212 - - [23/Feb/2025:10:35:06 -0500] "POST /wp-cron.php?doing_wp_cron=1740324906.5473270416259765625000 HTTP/1.0" 200 - "-" "WordPress/6.4.5; https://creativedetroit.co"
51.222.253.8 - - [23/Feb/2025:10:35:06 -0500] "GET /2020/04/30/hello-world/feed/ HTTP/1.0" 200 1680 "-" "Mozilla/5.0 (compatible; AhrefsBot/7.0; +http://ahrefs.com/robot/)"
199.250.205.212 - - [23/Feb/2025:10:37:58 -0500] "POST /wp-cron.php?doing_wp_cron=1740325078.6737871170043945312500 HTTP/1.0" 200 - "-" "WordPress/6.4.5; http://creativedetroit.co"
34.34.175.5 - - [23/Feb/2025:10:37:58 -0500] "GET / HTTP/1.0" 200 83525 "-" "Mozilla/5.0 (Windows NT 10.0; Win64; x64) AppleWebKit/537.36 (KHTML, like Gecko) Chrome/78.0.3904.108 Safari/537.36"
34.34.175.5 - - [23/Feb/2025:10:37:58 -0500] "GET /?author=1 HTTP/1.0" 301 - "-" "Mozilla/5.0 (Windows NT 10.0; Win64; x64) AppleWebKit/537.36 (KHTML, like Gecko) Chrome/78.0.3904.108 Safari/537.36"
34.34.175.5 - - [23/Feb/2025:10:37:59 -0500] "GET /?author=2 HTTP/1.0" 404 70985 "-" "Mozilla/5.0 (Windows NT 10.0; Win64; x64) AppleWebKit/537.36 (KHTML, like Gecko) Chrome/78.0.3904.108 Safari/537.36"
34.34.175.5 - - [23/Feb/2025:10:37:59 -0500] "GET /wp-json/wp/v2/users/ HTTP/1.0" 200 1330 "-" "Mozilla/5.0 (Windows NT 10.0; Win64; x64) AppleWebKit/537.36 (KHTML, like Gecko) Chrome/78.0.3904.108 Safari/537.36"
34.34.175.5 - - [23/Feb/2025:10:38:00 -0500] "POST /xmlrpc.php HTTP/1.0" 200 401 "-" "Mozilla/5.0 (Windows NT 10.0; Win64; x64) AppleWebKit/537.36 (KHTML, like Gecko) Chrome/78.0.3904.108 Safari/537.36"
34.34.175.5 - - [23/Feb/2025:10:38:00 -0500] "POST /xmlrpc.php HTTP/1.0" 200 401 "-" "Mozilla/5.0 (Windows NT 10.0; Win64; x64) AppleWebKit/537.36 (KHTML, like Gecko) Chrome/78.0.3904.108 Safari/537.36"
34.34.175.5 - - [23/Feb/2025:10:38:00 -0500] "POST /xmlrpc.php HTTP/1.0" 200 401 "-" "Mozilla/5.0 (Windows NT 10.0; Win64; x64) AppleWebKit/537.36 (KHTML, like Gecko) Chrome/78.0.3904.108 Safari/537.36"
34.34.175.5 - - [23/Feb/2025:10:38:01 -0500] "POST /xmlrpc.php HTTP/1.0" 406 300 "-" "Mozilla/5.0 (Windows NT 10.0; Win64; x64) AppleWebKit/537.36 (KHTML, like Gecko) Chrome/78.0.3904.108 Safari/537.36"
199.250.205.212 - - [23/Feb/2025:10:38:38 -0500] "POST /wp-cron.php?doing_wp_cron=1740325118.3631379604339599609375 HTTP/1.0" 200 - "-" "WordPress/6.4.5; https://creativedetroit.co"
103.196.153.78 - - [23/Feb/2025:10:38:37 -0500] "GET //wp-login.php HTTP/1.0" 200 6557 "-" "GRequests/0.10"
103.196.153.78 - - [23/Feb/2025:10:38:39 -0500] "POST //wp-login.php HTTP/1.0" 200 6818 "-" "GRequests/0.10"
199.250.205.212 - - [23/Feb/2025:10:44:29 -0500] "POST /wp-cron.php?doing_wp_cron=1740325469.3880190849304199218750 HTTP/1.0" 200 - "-" "WordPress/6.4.5; https://creativedetroit.co"
185.191.171.13 - - [23/Feb/2025:10:44:28 -0500] "GET /robots.txt HTTP/1.0" 200 119 "-" "Mozilla/5.0 (compatible; SemrushBot/7~bl; +http://www.semrush.com/bot.html)"
185.191.171.7 - - [23/Feb/2025:10:44:29 -0500] "GET /checkout/ HTTP/1.0" 302 - "-" "Mozilla/5.0 (compatible; SemrushBot/7~bl; +http://www.semrush.com/bot.html)"
185.191.171.9 - - [23/Feb/2025:10:44:31 -0500] "GET /cart/ HTTP/1.0" 200 131780 "-" "Mozilla/5.0 (compatible; SemrushBot/7~bl; +http://www.semrush.com/bot.html)"
51.8.102.88 - - [23/Feb/2025:10:44:44 -0500] "GET /robots.txt HTTP/1.0" 200 119 "-" "Mozilla/5.0 (Macintosh; Intel Mac OS X 10_15_7) AppleWebKit/537.36 (KHTML, like Gecko) Chrome/131.0.0.0 Safari/537.36; compatible; OAI-SearchBot/1.0; +https://openai.com/searchbot"
199.250.205.212 - - [23/Feb/2025:10:47:13 -0500] "POST /wp-cron.php?doing_wp_cron=1740325633.4516720771789550781250 HTTP/1.0" 200 - "-" "WordPress/6.4.5; https://creativedetroit.co"
3.15.188.114 - - [23/Feb/2025:10:47:12 -0500] "GET /robots.txt HTTP/1.0" 200 119 "-" "Mozilla/5.0 AppleWebKit/537.36 (KHTML, like Gecko; compatible; ClaudeBot/1.0; +claudebot@anthropic.com)"
3.15.188.114 - - [23/Feb/2025:10:47:13 -0500] "GET /author/billgeorge HTTP/1.0" 301 - "-" "Mozilla/5.0 AppleWebKit/537.36 (KHTML, like Gecko; compatible; ClaudeBot/1.0; +claudebot@anthropic.com)"
3.15.188.114 - - [23/Feb/2025:10:47:13 -0500] "GET /author/billgeorge/ HTTP/1.0" 200 81194 "https://creativedetroit.co/author/billgeorge" "Mozilla/5.0 AppleWebKit/537.36 (KHTML, like Gecko; compatible; ClaudeBot/1.0; +claudebot@anthropic.com)"
199.250.205.212 - - [23/Feb/2025:10:53:22 -0500] "POST /wp-cron.php?doing_wp_cron=1740326002.9337639808654785156250 HTTP/1.0" 200 - "-" "WordPress/6.4.5; http://creativedetroit.co"
196.251.115.37 - - [23/Feb/2025:10:53:22 -0500] "GET /.env HTTP/1.0" 404 71041 "-" "Mozilla/5.0 (X11; Linux x86_64) AppleWebKit/537.36 (KHTML, like Gecko) Chrome/81.0.4044.129 Safari/537.36"
196.251.115.37 - - [23/Feb/2025:10:53:22 -0500] "GET /.env HTTP/1.0" 404 70985 "-" "Mozilla/5.0 (X11; Linux x86_64) AppleWebKit/537.36 (KHTML, like Gecko) Chrome/81.0.4044.129 Safari/537.36"
196.251.115.37 - - [23/Feb/2025:10:53:22 -0500] "GET /.env HTTP/1.0" 404 71041 "-" "Mozilla/5.0 (X11; Linux x86_64) AppleWebKit/537.36 (KHTML, like Gecko) Chrome/81.0.4044.129 Safari/537.36"
196.251.115.37 - - [23/Feb/2025:10:53:23 -0500] "GET /.env HTTP/1.0" 301 - "-" "Mozilla/5.0 (X11; Linux x86_64) AppleWebKit/537.36 (KHTML, like Gecko) Chrome/81.0.4044.129 Safari/537.36"
196.251.115.37 - - [23/Feb/2025:10:53:23 -0500] "GET /.env HTTP/1.0" 404 71041 "-" "Mozilla/5.0 (X11; Linux x86_64) AppleWebKit/537.36 (KHTML, like Gecko) Chrome/81.0.4044.129 Safari/537.36"
196.251.115.37 - - [23/Feb/2025:10:53:23 -0500] "POST / HTTP/1.0" 200 83525 "-" "Mozilla/5.0 (X11; Linux x86_64) AppleWebKit/537.36 (KHTML, like Gecko) Chrome/81.0.4044.129 Safari/537.36"
196.251.115.37 - - [23/Feb/2025:10:53:23 -0500] "POST / HTTP/1.0" 200 83581 "-" "Mozilla/5.0 (X11; Linux x86_64) AppleWebKit/537.36 (KHTML, like Gecko) Chrome/81.0.4044.129 Safari/537.36"
199.250.205.212 - - [23/Feb/2025:10:53:24 -0500] "POST /wp-cron.php?doing_wp_cron=1740326004.1215019226074218750000 HTTP/1.0" 200 - "-" "WordPress/6.4.5; http://creativedetroit.co"
196.251.115.37 - - [23/Feb/2025:10:53:23 -0500] "POST / HTTP/1.0" 200 83581 "-" "Mozilla/5.0 (X11; Linux x86_64) AppleWebKit/537.36 (KHTML, like Gecko) Chrome/81.0.4044.129 Safari/537.36"
196.251.115.37 - - [23/Feb/2025:10:53:23 -0500] "POST / HTTP/1.0" 200 83581 "-" "Mozilla/5.0 (X11; Linux x86_64) AppleWebKit/537.36 (KHTML, like Gecko) Chrome/81.0.4044.129 Safari/537.36"
196.251.115.37 - - [23/Feb/2025:10:53:24 -0500] "POST / HTTP/1.0" 200 83581 "-" "Mozilla/5.0 (X11; Linux x86_64) AppleWebKit/537.36 (KHTML, like Gecko) Chrome/81.0.4044.129 Safari/537.36"
199.250.205.212 - - [23/Feb/2025:10:54:52 -0500] "POST /wp-cron.php?doing_wp_cron=1740326092.0862069129943847656250 HTTP/1.0" 200 - "-" "WordPress/6.4.5; https://creativedetroit.co"
3.15.231.199 - - [23/Feb/2025:10:54:51 -0500] "GET /mpanies/3l1t3 HTTP/1.0" 301 - "-" "Mozilla/5.0 AppleWebKit/537.36 (KHTML, like Gecko; compatible; ClaudeBot/1.0; +claudebot@anthropic.com)"
3.15.231.199 - - [23/Feb/2025:10:54:52 -0500] "GET /mpanies/3l1t3/ HTTP/1.0" 200 74074 "https://creativedetroit.co/mpanies/3l1t3" "Mozilla/5.0 AppleWebKit/537.36 (KHTML, like Gecko; compatible; ClaudeBot/1.0; +claudebot@anthropic.com)"
199.250.205.212 - - [23/Feb/2025:10:56:57 -0500] "POST /wp-cron.php?doing_wp_cron=1740326217.5849230289459228515625 HTTP/1.0" 200 - "-" "WordPress/6.4.5; https://creativedetroit.co"
3.109.1.47 - - [23/Feb/2025:10:56:57 -0500] "GET //wp-login.php HTTP/1.0" 200 6557 "-" "GRequests/0.10"
3.109.1.47 - - [23/Feb/2025:10:56:58 -0500] "POST //wp-login.php HTTP/1.0" 200 6818 "-" "GRequests/0.10"
199.250.205.212 - - [23/Feb/2025:11:05:17 -0500] "POST /wp-cron.php?doing_wp_cron=1740326717.8464279174804687500000 HTTP/1.0" 200 - "-" "WordPress/6.4.5; http://creativedetroit.co"
170.106.84.136 - - [23/Feb/2025:11:05:17 -0500] "GET / HTTP/1.0" 200 83525 "-" "Mozilla/5.0 (iPhone; CPU iPhone OS 13_2_3 like Mac OS X) AppleWebKit/605.1.15 (KHTML, like Gecko) Version/13.0.3 Mobile/15E148 Safari/604.1"
199.250.205.212 - - [23/Feb/2025:11:08:59 -0500] "POST /wp-cron.php?doing_wp_cron=1740326939.7930729389190673828125 HTTP/1.0" 200 - "-" "WordPress/6.4.5; https://creativedetroit.co"
18.117.184.57 - - [23/Feb/2025:11:08:59 -0500] "GET /wp-json/wp/v2/pages/9 HTTP/1.0" 200 3092 "-" "Mozilla/5.0 AppleWebKit/537.36 (KHTML, like Gecko; compatible; ClaudeBot/1.0; +claudebot@anthropic.com)"
115.241.63.106 - - [23/Feb/2025:11:09:06 -0500] "GET /license.txt HTTP/1.0" 200 19915 "www.google.com" "Mozlila/5.0 (Linux; Android 7.0; SM-G892A Bulid/NRD90M; wv) AppleWebKit/537.36 (KHTML, like Gecko) Version/4.0 Chrome/60.0.3112.107 Moblie Safari/537.36"
3.133.118.82 - - [23/Feb/2025:11:09:20 -0500] "GET /wp-json/wp/v2/pages/23 HTTP/1.0" 200 2450 "-" "Mozilla/5.0 AppleWebKit/537.36 (KHTML, like Gecko; compatible; ClaudeBot/1.0; +claudebot@anthropic.com)"
199.250.205.212 - - [23/Feb/2025:11:10:06 -0500] "POST /wp-cron.php?doing_wp_cron=1740327006.5739090442657470703125 HTTP/1.0" 200 - "-" "WordPress/6.4.5; https://creativedetroit.co"
3.137.184.142 - - [23/Feb/2025:11:10:06 -0500] "GET /wp-json/wp/v2/pages/220 HTTP/1.0" 200 1731 "-" "Mozilla/5.0 AppleWebKit/537.36 (KHTML, like Gecko; compatible; ClaudeBot/1.0; +claudebot@anthropic.com)"
115.241.63.106 - - [23/Feb/2025:11:10:08 -0500] "GET /license.txt HTTP/1.0" 200 19915 "www.google.com" "Mozlila/5.0 (Linux; Android 7.0; SM-G892A Bulid/NRD90M; wv) AppleWebKit/537.36 (KHTML, like Gecko) Version/4.0 Chrome/60.0.3112.107 Moblie Safari/537.36"
199.250.205.212 - - [23/Feb/2025:11:11:08 -0500] "POST /wp-cron.php?doing_wp_cron=1740327068.1850900650024414062500 HTTP/1.0" 200 - "-" "WordPress/6.4.5; https://creativedetroit.co"
141.95.114.30 - - [23/Feb/2025:11:11:07 -0500] "GET /wp-content/plugins/ajejebakeb/ajejebakeb.php HTTP/1.0" 404 71103 "-" "Mozilla/5.0 (Windows NT 10.0) AppleWebKit/537.36 (KHTML, like Gecko) Chrome/124.0.0.0 Safari/537.36"
141.95.114.30 - - [23/Feb/2025:11:11:09 -0500] "GET /wp-content/plugins/ezyzyqexyqa/ezyzyqexyqa.php HTTP/1.0" 404 71047 "-" "Mozilla/5.0 (Windows NT 10.0) AppleWebKit/537.36 (KHTML, like Gecko) Chrome/124.0.0.0 Safari/537.36"
199.250.205.212 - - [23/Feb/2025:11:12:18 -0500] "POST /wp-cron.php?doing_wp_cron=1740327138.2551429271697998046875 HTTP/1.0" 200 - "-" "WordPress/6.4.5; https://creativedetroit.co"
165.227.84.75 - - [23/Feb/2025:11:12:17 -0500] "GET //wp-login.php HTTP/1.0" 200 6557 "-" "GRequests/0.10"
165.227.84.75 - - [23/Feb/2025:11:12:18 -0500] "POST //wp-login.php HTTP/1.0" 200 6818 "-" "GRequests/0.10"
199.250.205.212 - - [23/Feb/2025:11:12:49 -0500] "POST /wp-cron.php?doing_wp_cron=1740327169.0024499893188476562500 HTTP/1.0" 200 - "-" "WordPress/6.4.5; http://creativedetroit.co"
50.116.18.58 - - [23/Feb/2025:11:12:48 -0500] "GET / HTTP/1.0" 200 83525 "-" "Mozilla/5.0 (Windows NT 10.0; Win64; x64) AppleWebKit/537.36 (KHTML, like Gecko) Chrome/80.0.3987.149 Safari/537.36"
50.116.18.58 - - [23/Feb/2025:11:12:54 -0500] "GET /?author=1 HTTP/1.0" 301 - "-" "Mozilla/5.0 (Windows NT 10.0; Win64; x64) AppleWebKit/537.36 (KHTML, like Gecko) Chrome/80.0.3987.149 Safari/537.36"
50.116.18.58 - - [23/Feb/2025:11:12:55 -0500] "GET /?author=2 HTTP/1.0" 404 70985 "-" "Mozilla/5.0 (Windows NT 10.0; Win64; x64) AppleWebKit/537.36 (KHTML, like Gecko) Chrome/80.0.3987.149 Safari/537.36"
50.116.18.58 - - [23/Feb/2025:11:12:59 -0500] "GET /wp-json/wp/v2/users/ HTTP/1.0" 200 1330 "-" "Mozilla/5.0 (Windows NT 10.0; Win64; x64) AppleWebKit/537.36 (KHTML, like Gecko) Chrome/80.0.3987.149 Safari/537.36"
50.116.18.58 - - [23/Feb/2025:11:13:02 -0500] "POST /xmlrpc.php HTTP/1.0" 200 403 "-" "Mozilla/5.0 (Windows NT 10.0; Win64; x64) AppleWebKit/537.36 (KHTML, like Gecko) Chrome/80.0.3987.149 Safari/537.36"
50.116.18.58 - - [23/Feb/2025:11:13:03 -0500] "POST /xmlrpc.php HTTP/1.0" 200 401 "-" "Mozilla/5.0 (Windows NT 10.0; Win64; x64) AppleWebKit/537.36 (KHTML, like Gecko) Chrome/80.0.3987.149 Safari/537.36"
50.116.18.58 - - [23/Feb/2025:11:13:04 -0500] "POST /xmlrpc.php HTTP/1.0" 200 403 "-" "Mozilla/5.0 (Windows NT 10.0; Win64; x64) AppleWebKit/537.36 (KHTML, like Gecko) Chrome/80.0.3987.149 Safari/537.36"
50.116.18.58 - - [23/Feb/2025:11:13:05 -0500] "POST /xmlrpc.php HTTP/1.0" 406 300 "-" "Mozilla/5.0 (Windows NT 10.0; Win64; x64) AppleWebKit/537.36 (KHTML, like Gecko) Chrome/80.0.3987.149 Safari/537.36"
199.250.205.212 - - [23/Feb/2025:11:19:11 -0500] "POST /wp-cron.php?doing_wp_cron=1740327551.0377380847930908203125 HTTP/1.0" 200 - "-" "WordPress/6.4.5; https://creativedetroit.co"
18.222.104.211 - - [23/Feb/2025:11:19:10 -0500] "GET /nsulting/markets/masters-of-brand HTTP/1.0" 404 71047 "-" "Mozilla/5.0 AppleWebKit/537.36 (KHTML, like Gecko; compatible; ClaudeBot/1.0; +claudebot@anthropic.com)"
199.250.205.212 - - [23/Feb/2025:11:24:12 -0500] "POST /wp-cron.php?doing_wp_cron=1740327852.6379170417785644531250 HTTP/1.0" 200 - "-" "WordPress/6.4.5; https://creativedetroit.co"
18.117.155.118 - - [23/Feb/2025:11:24:12 -0500] "GET /wp-json/wp/v2/pages/17 HTTP/1.0" 200 2417 "-" "Mozilla/5.0 AppleWebKit/537.36 (KHTML, like Gecko; compatible; ClaudeBot/1.0; +claudebot@anthropic.com)"
199.250.205.212 - - [23/Feb/2025:11:25:25 -0500] "POST /wp-cron.php?doing_wp_cron=1740327925.5665609836578369140625 HTTP/1.0" 200 - "-" "WordPress/6.4.5; https://creativedetroit.co"
3.12.76.84 - - [23/Feb/2025:11:25:25 -0500] "GET /wp-json/wp/v2/pages/15 HTTP/1.0" 200 2796 "-" "Mozilla/5.0 AppleWebKit/537.36 (KHTML, like Gecko; compatible; ClaudeBot/1.0; +claudebot@anthropic.com)"
141.95.114.30 - - [23/Feb/2025:11:25:43 -0500] "GET /bitrix/tools/spread.php?state= HTTP/1.0" 404 71103 "-" "Mozilla/5.0 (Windows NT 10.0; Win64; x64) AppleWebKit/537.36 (KHTML, like Gecko) Chrome/127.0.0.0 Safari/537.36"
141.95.114.30 - - [23/Feb/2025:11:25:44 -0500] "GET /bitrix/tools/spread.php?state= HTTP/1.0" 404 71047 "-" "Mozilla/5.0 (Windows NT 10.0; Win64; x64) AppleWebKit/537.36 (KHTML, like Gecko) Chrome/127.0.0.0 Safari/537.36"
199.250.205.212 - - [23/Feb/2025:11:27:03 -0500] "POST /wp-cron.php?doing_wp_cron=1740328023.5558269023895263671875 HTTP/1.0" 200 - "-" "WordPress/6.4.5; https://creativedetroit.co"
69.30.195.178 - - [23/Feb/2025:11:27:03 -0500] "GET /wp-login.php HTTP/1.0" 200 6557 "-" "GRequests/0.10"
69.30.195.178 - - [23/Feb/2025:11:27:03 -0500] "POST /wp-login.php HTTP/1.0" 200 6818 "-" "GRequests/0.10"
199.250.205.212 - - [23/Feb/2025:11:27:54 -0500] "POST /wp-cron.php?doing_wp_cron=1740328074.7513689994812011718750 HTTP/1.0" 200 - "-" "WordPress/6.4.5; https://creativedetroit.co"
18.118.93.209 - - [23/Feb/2025:11:27:54 -0500] "GET /2020/04/30/hello-world HTTP/1.0" 301 - "-" "Mozilla/5.0 AppleWebKit/537.36 (KHTML, like Gecko; compatible; ClaudeBot/1.0; +claudebot@anthropic.com)"
18.118.93.209 - - [23/Feb/2025:11:27:54 -0500] "GET /2020/04/30/hello-world/ HTTP/1.0" 200 78134 "https://creativedetroit.co/2020/04/30/hello-world" "Mozilla/5.0 AppleWebKit/537.36 (KHTML, like Gecko; compatible; ClaudeBot/1.0; +claudebot@anthropic.com)"
199.250.205.212 - - [23/Feb/2025:11:35:19 -0500] "POST /wp-cron.php?doing_wp_cron=1740328519.0352699756622314453125 HTTP/1.0" 200 - "-" "WordPress/6.4.5; http://creativedetroit.co"
85.208.96.199 - - [23/Feb/2025:11:35:18 -0500] "GET /2020/04/30/hello-world/ HTTP/1.0" 200 78044 "-" "Mozilla/5.0 (compatible; SemrushBot/7~bl; +http://www.semrush.com/bot.html)"
199.250.205.212 - - [23/Feb/2025:11:36:24 -0500] "POST /wp-cron.php?doing_wp_cron=1740328584.2069609165191650390625 HTTP/1.0" 200 - "-" "WordPress/6.4.5; https://creativedetroit.co"
85.208.96.208 - - [23/Feb/2025:11:36:23 -0500] "GET /cart/ HTTP/1.0" 200 131780 "-" "Mozilla/5.0 (compatible; SemrushBot/7~bl; +http://www.semrush.com/bot.html)"
3.15.37.121 - - [23/Feb/2025:11:37:09 -0500] "GET / HTTP/1.0" 200 83637 "www.google.com" "Mozlila/5.0 (Linux; Android 7.0; SM-G892A Bulid/NRD90M; wv) AppleWebKit/537.36 (KHTML, like Gecko) Version/4.0 Chrome/60.0.3112.107 Moblie Safari/537.36"
199.250.205.212 - - [23/Feb/2025:11:49:08 -0500] "POST /wp-cron.php?doing_wp_cron=1740329348.3460450172424316406250 HTTP/1.0" 200 - "-" "WordPress/6.4.5; https://creativedetroit.co"
104.248.118.148 - - [23/Feb/2025:11:49:07 -0500] "GET /wp-login.php HTTP/1.0" 200 6557 "-" "GRequests/0.10"
104.248.118.148 - - [23/Feb/2025:11:49:08 -0500] "POST /wp-login.php HTTP/1.0" 200 6813 "-" "GRequests/0.10"
199.250.205.212 - - [23/Feb/2025:11:50:54 -0500] "POST /wp-cron.php?doing_wp_cron=1740329454.6036500930786132812500 HTTP/1.0" 200 - "-" "WordPress/6.4.5; https://creativedetroit.co"
103.127.163.168 - - [23/Feb/2025:11:50:54 -0500] "GET /wp-login.php HTTP/1.0" 200 6557 "-" "GRequests/0.10"
103.127.163.168 - - [23/Feb/2025:11:50:55 -0500] "POST /wp-login.php HTTP/1.0" 200 6817 "-" "GRequests/0.10"
199.250.205.212 - - [23/Feb/2025:11:52:19 -0500] "POST /wp-cron.php?doing_wp_cron=1740329539.5445458889007568359375 HTTP/1.0" 200 - "-" "WordPress/6.4.5; https://creativedetroit.co"
13.200.4.147 - - [23/Feb/2025:11:52:19 -0500] "GET //wp-login.php HTTP/1.0" 200 6557 "-" "GRequests/0.10"
13.200.4.147 - - [23/Feb/2025:11:52:20 -0500] "POST //wp-login.php HTTP/1.0" 200 6818 "-" "GRequests/0.10"
199.250.205.212 - - [23/Feb/2025:11:55:13 -0500] "POST /wp-cron.php?doing_wp_cron=1740329713.9112589359283447265625 HTTP/1.0" 200 - "-" "WordPress/6.4.5; https://creativedetroit.co"
40.77.167.22 - - [23/Feb/2025:11:55:13 -0500] "GET /sitemap.xml HTTP/1.0" 302 - "-" "Mozilla/5.0 AppleWebKit/537.36 (KHTML, like Gecko; compatible; bingbot/2.0; +http://www.bing.com/bingbot.htm) Chrome/116.0.1938.76 Safari/537.36"
40.77.167.23 - - [23/Feb/2025:11:55:23 -0500] "GET /wp-sitemap.xml HTTP/1.0" 200 552 "-" "Mozilla/5.0 AppleWebKit/537.36 (KHTML, like Gecko; compatible; bingbot/2.0; +http://www.bing.com/bingbot.htm) Chrome/116.0.1938.76 Safari/537.36"
199.250.205.212 - - [23/Feb/2025:11:58:15 -0500] "POST /wp-cron.php?doing_wp_cron=1740329895.5664880275726318359375 HTTP/1.0" 200 - "-" "WordPress/6.4.5; https://creativedetroit.co"
196.251.71.152 - - [23/Feb/2025:11:58:14 -0500] "GET / HTTP/1.0" 200 83637 "-" "Mozilla/5.0 (Windows NT 10.0; Win64; x64; rv:132.0) Gecko/20100101 Firefox/132.0"
199.250.205.212 - - [23/Feb/2025:11:58:59 -0500] "POST /wp-cron.php?doing_wp_cron=1740329939.4898970127105712890625 HTTP/1.0" 200 - "-" "WordPress/6.4.5; https://creativedetroit.co"
112.175.184.22 - - [23/Feb/2025:11:58:59 -0500] "GET /wp-login.php HTTP/1.0" 200 6557 "-" "GRequests/0.10"
112.175.184.22 - - [23/Feb/2025:11:59:00 -0500] "POST /wp-login.php HTTP/1.0" 200 6813 "-" "GRequests/0.10"
199.250.205.212 - - [23/Feb/2025:12:09:50 -0500] "POST /wp-cron.php?doing_wp_cron=1740330590.9491341114044189453125 HTTP/1.0" 200 - "-" "WordPress/6.4.5; https://creativedetroit.co"
185.191.171.15 - - [23/Feb/2025:12:09:50 -0500] "GET /robots.txt HTTP/1.0" 200 119 "-" "Mozilla/5.0 (compatible; SemrushBot/7~bl; +http://www.semrush.com/bot.html)"
85.208.96.194 - - [23/Feb/2025:12:09:51 -0500] "GET /author/billgeorge/ HTTP/1.0" 200 81194 "-" "Mozilla/5.0 (compatible; SemrushBot/7~bl; +http://www.semrush.com/bot.html)"
199.250.205.212 - - [23/Feb/2025:12:20:32 -0500] "POST /wp-cron.php?doing_wp_cron=1740331232.1162428855895996093750 HTTP/1.0" 200 - "-" "WordPress/6.4.5; https://creativedetroit.co"
205.185.118.81 - - [23/Feb/2025:12:20:31 -0500] "GET /.git/config HTTP/1.0" 404 71103 "-" "python-requests/2.31.0"
205.185.118.81 - - [23/Feb/2025:12:20:32 -0500] "GET /.git/config HTTP/1.0" 404 71047 "-" "python-requests/2.31.0"
4.227.36.127 - - [23/Feb/2025:12:21:51 -0500] "GET /robots.txt HTTP/1.0" 403 228 "-" "Mozilla/5.0 AppleWebKit/537.36 (KHTML, like Gecko; compatible; GPTBot/1.2; +https://openai.com/gptbot)"
199.250.205.212 - - [23/Feb/2025:12:33:18 -0500] "POST /wp-cron.php?doing_wp_cron=1740331998.5744318962097167968750 HTTP/1.0" 200 - "-" "WordPress/6.4.5; https://creativedetroit.co"
54.238.102.131 - - [23/Feb/2025:12:33:18 -0500] "GET //wp-login.php HTTP/1.0" 200 6557 "-" "GRequests/0.10"
54.238.102.131 - - [23/Feb/2025:12:33:19 -0500] "POST //wp-login.php HTTP/1.0" 200 6818 "-" "GRequests/0.10"
4.227.36.127 - - [23/Feb/2025:12:46:00 -0500] "GET /robots.txt HTTP/1.0" 403 228 "-" "Mozilla/5.0 AppleWebKit/537.36 (KHTML, like Gecko; compatible; GPTBot/1.2; +https://openai.com/gptbot)"
199.250.205.212 - - [23/Feb/2025:12:55:48 -0500] "POST /wp-cron.php?doing_wp_cron=1740333348.2011649608612060546875 HTTP/1.0" 200 - "-" "WordPress/6.4.5; https://creativedetroit.co"
88.117.147.115 - - [23/Feb/2025:12:55:46 -0500] "GET //wp-login.php HTTP/1.0" 200 6557 "-" "GRequests/0.10"
88.117.147.115 - - [23/Feb/2025:12:55:49 -0500] "POST //wp-login.php HTTP/1.0" 200 6818 "-" "GRequests/0.10"
199.250.205.212 - - [23/Feb/2025:12:57:22 -0500] "POST /wp-cron.php?doing_wp_cron=1740333442.3992180824279785156250 HTTP/1.0" 200 - "-" "WordPress/6.4.5; https://creativedetroit.co"
103.127.163.168 - - [23/Feb/2025:12:57:21 -0500] "GET //wp-login.php HTTP/1.0" 200 6557 "-" "GRequests/0.10"
199.250.205.212 - - [23/Feb/2025:12:57:24 -0500] "POST /wp-cron.php?doing_wp_cron=1740333444.3702750205993652343750 HTTP/1.0" 200 - "-" "WordPress/6.4.5; https://creativedetroit.co"
103.127.163.168 - - [23/Feb/2025:12:57:24 -0500] "POST //wp-login.php HTTP/1.0" 200 6818 "-" "GRequests/0.10"
178.172.152.73 - - [23/Feb/2025:12:57:59 -0500] "GET / HTTP/1.0" 200 83525 "http://creativedetroit.co/" "Mozilla/5.0 (Windows NT 10.0; Win64; x64) AppleWebKit/537.36 (KHTML, like Gecko) Chrome/131.0.0.0 Safari/537.36"
178.172.152.73 - - [23/Feb/2025:12:58:01 -0500] "GET /mmunity HTTP/1.0" 301 - "https://creativedetroit.co/mmunity" "Mozilla/5.0 (Windows NT 10.0; Win64; x64) AppleWebKit/537.36 (KHTML, like Gecko) Chrome/131.0.0.0 Safari/537.36"
178.172.152.73 - - [23/Feb/2025:12:58:03 -0500] "GET /mmunity/ HTTP/1.0" 200 72149 "https://creativedetroit.co/mmunity/" "Mozilla/5.0 (Windows NT 10.0; Win64; x64) AppleWebKit/537.36 (KHTML, like Gecko) Chrome/131.0.0.0 Safari/537.36"
199.250.205.212 - - [23/Feb/2025:12:59:27 -0500] "POST /wp-cron.php?doing_wp_cron=1740333567.2832250595092773437500 HTTP/1.0" 200 - "-" "WordPress/6.4.5; https://creativedetroit.co"
103.196.153.78 - - [23/Feb/2025:12:59:26 -0500] "GET /wp-login.php HTTP/1.0" 200 6557 "-" "GRequests/0.10"
103.196.153.78 - - [23/Feb/2025:12:59:28 -0500] "POST /wp-login.php HTTP/1.0" 200 6813 "-" "GRequests/0.10"
199.250.205.212 - - [23/Feb/2025:13:03:41 -0500] "POST /wp-cron.php?doing_wp_cron=1740333821.3787770271301269531250 HTTP/1.0" 200 - "-" "WordPress/6.4.5; https://creativedetroit.co"
52.167.144.156 - - [23/Feb/2025:13:03:39 -0500] "GET /sitemap.xml HTTP/1.0" 302 - "-" "Mozilla/5.0 AppleWebKit/537.36 (KHTML, like Gecko; compatible; bingbot/2.0; +http://www.bing.com/bingbot.htm) Chrome/116.0.1938.76 Safari/537.36"
52.167.144.170 - - [23/Feb/2025:13:03:49 -0500] "GET /wp-sitemap.xml HTTP/1.0" 200 552 "-" "Mozilla/5.0 AppleWebKit/537.36 (KHTML, like Gecko; compatible; bingbot/2.0; +http://www.bing.com/bingbot.htm) Chrome/116.0.1938.76 Safari/537.36"
199.250.205.212 - - [23/Feb/2025:13:15:17 -0500] "POST /wp-cron.php?doing_wp_cron=1740334517.8877689838409423828125 HTTP/1.0" 200 - "-" "WordPress/6.4.5; http://creativedetroit.co"
51.44.4.37 - - [23/Feb/2025:13:15:15 -0500] "GET /sftp-config.json HTTP/1.0" 404 71041 "-" "Mozilla/5.0 (Macintosh; Intel Mac OS X 10.15; rv:77.0) Gecko/20100101 Firefox/77.0"
51.44.4.37 - - [23/Feb/2025:13:15:18 -0500] "GET /.vscode/sftp.json HTTP/1.0" 404 71041 "-" "Mozilla/5.0 (Macintosh; Intel Mac OS X 10.15; rv:77.0) Gecko/20100101 Firefox/77.0"
199.250.205.212 - - [23/Feb/2025:13:15:27 -0500] "POST /wp-cron.php?doing_wp_cron=1740334527.8003559112548828125000 HTTP/1.0" 200 - "-" "WordPress/6.4.5; https://creativedetroit.co"
69.176.88.198 - - [23/Feb/2025:13:15:26 -0500] "GET / HTTP/1.0" 200 83637 "-" "Mozilla/5.0 (X11; Linux x86_64) AppleWebKit/534.30 (KHTML, like Gecko) Ubuntu/11.04 Chromium/12.0.742.112 Chrome/12.0.742.112 Safari/534.30"
199.250.205.212 - - [23/Feb/2025:13:18:30 -0500] "POST /wp-cron.php?doing_wp_cron=1740334710.8793189525604248046875 HTTP/1.0" 200 - "-" "WordPress/6.4.5; http://creativedetroit.co"
49.51.33.159 - - [23/Feb/2025:13:18:29 -0500] "GET / HTTP/1.0" 301 - "-" "Mozilla/5.0 (iPhone; CPU iPhone OS 13_2_3 like Mac OS X) AppleWebKit/605.1.15 (KHTML, like Gecko) Version/13.0.3 Mobile/15E148 Safari/604.1"
49.51.33.159 - - [23/Feb/2025:13:18:33 -0500] "GET / HTTP/1.0" 200 83525 "http://www.creativedetroit.co" "Mozilla/5.0 (iPhone; CPU iPhone OS 13_2_3 like Mac OS X) AppleWebKit/605.1.15 (KHTML, like Gecko) Version/13.0.3 Mobile/15E148 Safari/604.1"
199.250.205.212 - - [23/Feb/2025:13:23:44 -0500] "POST /wp-cron.php?doing_wp_cron=1740335024.8962481021881103515625 HTTP/1.0" 200 - "-" "WordPress/6.4.5; http://creativedetroit.co"
54.238.102.131 - - [23/Feb/2025:13:23:43 -0500] "GET /wp-login.php HTTP/1.0" 200 6535 "-" "GRequests/0.10"
54.238.102.131 - - [23/Feb/2025:13:23:45 -0500] "POST /wp-login.php HTTP/1.0" 200 6791 "-" "GRequests/0.10"
213.136.78.38 - - [23/Feb/2025:13:35:46 -0500] "GET /wp-admin/css/ HTTP/1.0" 200 19369 "binance.com" "Mozilla/5.0 (Windows NT 10.0; Win64; x64) AppleWebKit/537.36 (KHTML, like Gecko) Chrome/90.0.4430.85 Safari/537.36"
213.136.78.38 - - [23/Feb/2025:13:35:50 -0500] "GET /wp-content/uploads/2025/02/ HTTP/1.0" 200 666 "binance.com" "Mozilla/5.0 (Windows NT 10.0; Win64; x64) AppleWebKit/537.36 (KHTML, like Gecko) Chrome/90.0.4430.85 Safari/537.36"
213.136.78.38 - - [23/Feb/2025:13:35:54 -0500] "GET /wp-content/uploads/2025/01/ HTTP/1.0" 200 666 "binance.com" "Mozilla/5.0 (Windows NT 10.0; Win64; x64) AppleWebKit/537.36 (KHTML, like Gecko) Chrome/90.0.4430.85 Safari/537.36"
213.136.78.38 - - [23/Feb/2025:13:35:58 -0500] "GET /wp-content/uploads/ HTTP/1.0" 200 4847 "binance.com" "Mozilla/5.0 (Windows NT 10.0; Win64; x64) AppleWebKit/537.36 (KHTML, like Gecko) Chrome/90.0.4430.85 Safari/537.36"
213.136.78.38 - - [23/Feb/2025:13:36:01 -0500] "GET /wp-content/upgrade/ HTTP/1.0" 200 637 "binance.com" "Mozilla/5.0 (Windows NT 10.0; Win64; x64) AppleWebKit/537.36 (KHTML, like Gecko) Chrome/90.0.4430.85 Safari/537.36"
199.250.205.212 - - [23/Feb/2025:13:36:07 -0500] "POST /wp-cron.php?doing_wp_cron=1740335767.0806519985198974609375 HTTP/1.0" 200 - "-" "WordPress/6.4.5; http://creativedetroit.co"
213.136.78.38 - - [23/Feb/2025:13:36:06 -0500] "GET /wp-content/languages/ HTTP/1.0" 404 70985 "binance.com" "Mozilla/5.0 (Windows NT 10.0; Win64; x64) AppleWebKit/537.36 (KHTML, like Gecko) Chrome/90.0.4430.85 Safari/537.36"
213.136.78.38 - - [23/Feb/2025:13:36:13 -0500] "GET /wp-admin/includes/ HTTP/1.0" 200 20996 "binance.com" "Mozilla/5.0 (Windows NT 10.0; Win64; x64) AppleWebKit/537.36 (KHTML, like Gecko) Chrome/90.0.4430.85 Safari/537.36"
213.136.78.38 - - [23/Feb/2025:13:36:16 -0500] "GET /wp-admin/includes/ HTTP/1.0" 200 20996 "binance.com" "Mozilla/5.0 (Windows NT 10.0; Win64; x64) AppleWebKit/537.36 (KHTML, like Gecko) Chrome/90.0.4430.85 Safari/537.36"
213.136.78.38 - - [23/Feb/2025:13:36:30 -0500] "GET /wp-admin/maint/ HTTP/1.0" 200 805 "binance.com" "Mozilla/5.0 (Windows NT 10.0; Win64; x64) AppleWebKit/537.36 (KHTML, like Gecko) Chrome/90.0.4430.85 Safari/537.36"
213.136.78.38 - - [23/Feb/2025:13:36:31 -0500] "GET /wp-admin/maint/ HTTP/1.0" 200 805 "binance.com" "Mozilla/5.0 (Windows NT 10.0; Win64; x64) AppleWebKit/537.36 (KHTML, like Gecko) Chrome/90.0.4430.85 Safari/537.36"
199.250.205.212 - - [23/Feb/2025:13:36:35 -0500] "POST /wp-cron.php?doing_wp_cron=1740335795.2841730117797851562500 HTTP/1.0" 200 - "-" "WordPress/6.4.5; http://creativedetroit.co"
213.136.78.38 - - [23/Feb/2025:13:36:34 -0500] "GET /wp-admin/network/ HTTP/1.0" 302 - "binance.com" "Mozilla/5.0 (Windows NT 10.0; Win64; x64) AppleWebKit/537.36 (KHTML, like Gecko) Chrome/90.0.4430.85 Safari/537.36"
213.136.78.38 - - [23/Feb/2025:13:36:37 -0500] "GET /wp-login.php?redirect_to=http%3A%2F%2Fcreativedetroit.co%2Fwp-admin%2Fnetwork%2F&reauth=1 HTTP/1.0" 200 6543 "binance.com" "Mozilla/5.0 (Windows NT 10.0; Win64; x64) AppleWebKit/537.36 (KHTML, like Gecko) Chrome/90.0.4430.85 Safari/537.36"
213.136.78.38 - - [23/Feb/2025:13:36:46 -0500] "GET /wp-admin/user/ HTTP/1.0" 302 - "binance.com" "Mozilla/5.0 (Windows NT 10.0; Win64; x64) AppleWebKit/537.36 (KHTML, like Gecko) Chrome/90.0.4430.85 Safari/537.36"
213.136.78.38 - - [23/Feb/2025:13:36:50 -0500] "GET /wp-login.php?redirect_to=http%3A%2F%2Fcreativedetroit.co%2Fwp-admin%2Fuser%2F&reauth=1 HTTP/1.0" 200 6540 "binance.com" "Mozilla/5.0 (Windows NT 10.0; Win64; x64) AppleWebKit/537.36 (KHTML, like Gecko) Chrome/90.0.4430.85 Safari/537.36"
213.136.78.38 - - [23/Feb/2025:13:36:58 -0500] "GET /wp-admin/css/ HTTP/1.0" 200 19369 "binance.com" "Mozilla/5.0 (Windows NT 10.0; Win64; x64) AppleWebKit/537.36 (KHTML, like Gecko) Chrome/90.0.4430.85 Safari/537.36"
213.136.78.38 - - [23/Feb/2025:13:37:01 -0500] "GET /wp-admin/css/colors/ HTTP/1.0" 200 2585 "binance.com" "Mozilla/5.0 (Windows NT 10.0; Win64; x64) AppleWebKit/537.36 (KHTML, like Gecko) Chrome/90.0.4430.85 Safari/537.36"
213.136.78.38 - - [23/Feb/2025:13:37:06 -0500] "GET /wp-admin/css/colors/blue/ HTTP/1.0" 200 1565 "binance.com" "Mozilla/5.0 (Windows NT 10.0; Win64; x64) AppleWebKit/537.36 (KHTML, like Gecko) Chrome/90.0.4430.85 Safari/537.36"
213.136.78.38 - - [23/Feb/2025:13:37:09 -0500] "GET /wp-admin/css/colors/coffee/ HTTP/1.0" 200 1569 "binance.com" "Mozilla/5.0 (Windows NT 10.0; Win64; x64) AppleWebKit/537.36 (KHTML, like Gecko) Chrome/90.0.4430.85 Safari/537.36"
213.136.78.38 - - [23/Feb/2025:13:37:12 -0500] "GET /wp-admin/css/colors/ectoplasm/ HTTP/1.0" 200 1575 "binance.com" "Mozilla/5.0 (Windows NT 10.0; Win64; x64) AppleWebKit/537.36 (KHTML, like Gecko) Chrome/90.0.4430.85 Safari/537.36"
213.136.78.38 - - [23/Feb/2025:13:37:17 -0500] "GET /wp-admin/css/colors/light/ HTTP/1.0" 200 1567 "binance.com" "Mozilla/5.0 (Windows NT 10.0; Win64; x64) AppleWebKit/537.36 (KHTML, like Gecko) Chrome/90.0.4430.85 Safari/537.36"
213.136.78.38 - - [23/Feb/2025:13:37:21 -0500] "GET /wp-admin/css/colors/midnight/ HTTP/1.0" 200 1573 "binance.com" "Mozilla/5.0 (Windows NT 10.0; Win64; x64) AppleWebKit/537.36 (KHTML, like Gecko) Chrome/90.0.4430.85 Safari/537.36"
213.136.78.38 - - [23/Feb/2025:13:37:25 -0500] "GET /wp-admin/css/colors/modern/ HTTP/1.0" 200 1569 "binance.com" "Mozilla/5.0 (Windows NT 10.0; Win64; x64) AppleWebKit/537.36 (KHTML, like Gecko) Chrome/90.0.4430.85 Safari/537.36"
213.136.78.38 - - [23/Feb/2025:13:37:28 -0500] "GET /wp-admin/css/colors/ocean/ HTTP/1.0" 200 1567 "binance.com" "Mozilla/5.0 (Windows NT 10.0; Win64; x64) AppleWebKit/537.36 (KHTML, like Gecko) Chrome/90.0.4430.85 Safari/537.36"
199.250.205.212 - - [23/Feb/2025:13:37:32 -0500] "POST /wp-cron.php?doing_wp_cron=1740335852.9777729511260986328125 HTTP/1.0" 200 - "-" "WordPress/6.4.5; http://creativedetroit.co"
213.136.78.38 - - [23/Feb/2025:13:37:31 -0500] "GET /wp-admin/css/colors/sunrise/%20 HTTP/1.0" 301 - "binance.com" "Mozilla/5.0 (Windows NT 10.0; Win64; x64) AppleWebKit/537.36 (KHTML, like Gecko) Chrome/90.0.4430.85 Safari/537.36"
213.136.78.38 - - [23/Feb/2025:13:37:35 -0500] "GET /wp-admin/css/colors/sunrise/ HTTP/1.0" 200 1571 "binance.com" "Mozilla/5.0 (Windows NT 10.0; Win64; x64) AppleWebKit/537.36 (KHTML, like Gecko) Chrome/90.0.4430.85 Safari/537.36"
213.136.78.38 - - [23/Feb/2025:13:37:39 -0500] "GET /wp-admin/images/ HTTP/1.0" 200 16074 "binance.com" "Mozilla/5.0 (Windows NT 10.0; Win64; x64) AppleWebKit/537.36 (KHTML, like Gecko) Chrome/90.0.4430.85 Safari/537.36"
213.136.78.38 - - [23/Feb/2025:13:37:42 -0500] "GET /wp-admin/js/ HTTP/1.0" 200 18319 "binance.com" "Mozilla/5.0 (Windows NT 10.0; Win64; x64) AppleWebKit/537.36 (KHTML, like Gecko) Chrome/90.0.4430.85 Safari/537.36"
213.136.78.38 - - [23/Feb/2025:13:37:46 -0500] "GET /wp-admin/js/widgets/ HTTP/1.0" 200 3313 "binance.com" "Mozilla/5.0 (Windows NT 10.0; Win64; x64) AppleWebKit/537.36 (KHTML, like Gecko) Chrome/90.0.4430.85 Safari/537.36"
213.136.78.38 - - [23/Feb/2025:13:37:50 -0500] "GET /wp-includes/ HTTP/1.0" 200 48563 "binance.com" "Mozilla/5.0 (Windows NT 10.0; Win64; x64) AppleWebKit/537.36 (KHTML, like Gecko) Chrome/90.0.4430.85 Safari/537.36"
213.136.78.38 - - [23/Feb/2025:13:37:54 -0500] "GET /wp-includes/ HTTP/1.0" 200 48563 "binance.com" "Mozilla/5.0 (Windows NT 10.0; Win64; x64) AppleWebKit/537.36 (KHTML, like Gecko) Chrome/90.0.4430.85 Safari/537.36"
213.136.78.38 - - [23/Feb/2025:13:38:11 -0500] "GET /wp-includes/block-editor.php HTTP/1.0" 200 - "binance.com" "Mozilla/5.0 (Windows NT 10.0; Win64; x64) AppleWebKit/537.36 (KHTML, like Gecko) Chrome/90.0.4430.85 Safari/537.36"
213.136.78.38 - - [23/Feb/2025:13:38:14 -0500] "GET /wp-includes/block-template-utils.php HTTP/1.0" 200 - "binance.com" "Mozilla/5.0 (Windows NT 10.0; Win64; x64) AppleWebKit/537.36 (KHTML, like Gecko) Chrome/90.0.4430.85 Safari/537.36"
213.136.78.38 - - [23/Feb/2025:13:38:17 -0500] "GET /wp-includes/block-template.php HTTP/1.0" 200 - "binance.com" "Mozilla/5.0 (Windows NT 10.0; Win64; x64) AppleWebKit/537.36 (KHTML, like Gecko) Chrome/90.0.4430.85 Safari/537.36"
213.136.78.38 - - [23/Feb/2025:13:38:20 -0500] "GET /wp-includes/class-wp-block-editor-context.php HTTP/1.0" 200 - "binance.com" "Mozilla/5.0 (Windows NT 10.0; Win64; x64) AppleWebKit/537.36 (KHTML, like Gecko) Chrome/90.0.4430.85 Safari/537.36"
213.136.78.38 - - [23/Feb/2025:13:38:23 -0500] "GET /wp-includes/class-wp-block-parser-block.php HTTP/1.0" 200 - "binance.com" "Mozilla/5.0 (Windows NT 10.0; Win64; x64) AppleWebKit/537.36 (KHTML, like Gecko) Chrome/90.0.4430.85 Safari/537.36"
213.136.78.38 - - [23/Feb/2025:13:38:27 -0500] "GET /wp-includes/class-wp-block-parser-frame.php HTTP/1.0" 200 - "binance.com" "Mozilla/5.0 (Windows NT 10.0; Win64; x64) AppleWebKit/537.36 (KHTML, like Gecko) Chrome/90.0.4430.85 Safari/537.36"
213.136.78.38 - - [23/Feb/2025:13:38:31 -0500] "GET /wp-includes/class-wp-block-template.php HTTP/1.0" 200 - "binance.com" "Mozilla/5.0 (Windows NT 10.0; Win64; x64) AppleWebKit/537.36 (KHTML, like Gecko) Chrome/90.0.4430.85 Safari/537.36"
213.136.78.38 - - [23/Feb/2025:13:38:34 -0500] "GET /wp-includes/class-wp-classic-to-block-menu-converter.php HTTP/1.0" 200 - "binance.com" "Mozilla/5.0 (Windows NT 10.0; Win64; x64) AppleWebKit/537.36 (KHTML, like Gecko) Chrome/90.0.4430.85 Safari/537.36"
213.136.78.38 - - [23/Feb/2025:13:38:38 -0500] "GET /wp-includes/class-wp-dependencies.php HTTP/1.0" 200 - "binance.com" "Mozilla/5.0 (Windows NT 10.0; Win64; x64) AppleWebKit/537.36 (KHTML, like Gecko) Chrome/90.0.4430.85 Safari/537.36"
213.136.78.38 - - [23/Feb/2025:13:38:42 -0500] "GET /wp-includes/class-wp-duotone.php HTTP/1.0" 200 - "binance.com" "Mozilla/5.0 (Windows NT 10.0; Win64; x64) AppleWebKit/537.36 (KHTML, like Gecko) Chrome/90.0.4430.85 Safari/537.36"
213.136.78.38 - - [23/Feb/2025:13:38:45 -0500] "GET /wp-includes/class-wp-http.php HTTP/1.0" 500 - "binance.com" "Mozilla/5.0 (Windows NT 10.0; Win64; x64) AppleWebKit/537.36 (KHTML, like Gecko) Chrome/90.0.4430.85 Safari/537.36"
213.136.78.38 - - [23/Feb/2025:13:38:49 -0500] "GET /wp-includes/class-wp-navigation-fallback.php HTTP/1.0" 200 - "binance.com" "Mozilla/5.0 (Windows NT 10.0; Win64; x64) AppleWebKit/537.36 (KHTML, like Gecko) Chrome/90.0.4430.85 Safari/537.36"
213.136.78.38 - - [23/Feb/2025:13:38:53 -0500] "GET /wp-includes/class-wp-scripts.php HTTP/1.0" 500 - "binance.com" "Mozilla/5.0 (Windows NT 10.0; Win64; x64) AppleWebKit/537.36 (KHTML, like Gecko) Chrome/90.0.4430.85 Safari/537.36"
213.136.78.38 - - [23/Feb/2025:13:38:56 -0500] "GET /wp-includes/class-wp-styles.php HTTP/1.0" 500 - "binance.com" "Mozilla/5.0 (Windows NT 10.0; Win64; x64) AppleWebKit/537.36 (KHTML, like Gecko) Chrome/90.0.4430.85 Safari/537.36"
213.136.78.38 - - [23/Feb/2025:13:38:59 -0500] "GET /wp-includes/class-wp-textdomain-registry.php HTTP/1.0" 200 - "binance.com" "Mozilla/5.0 (Windows NT 10.0; Win64; x64) AppleWebKit/537.36 (KHTML, like Gecko) Chrome/90.0.4430.85 Safari/537.36"
213.136.78.38 - - [23/Feb/2025:13:39:03 -0500] "GET /wp-includes/class-wp-theme-json-data.php HTTP/1.0" 200 - "binance.com" "Mozilla/5.0 (Windows NT 10.0; Win64; x64) AppleWebKit/537.36 (KHTML, like Gecko) Chrome/90.0.4430.85 Safari/537.36"
213.136.78.38 - - [23/Feb/2025:13:39:06 -0500] "GET /wp-includes/class-wp-theme-json-resolver.php HTTP/1.0" 200 - "binance.com" "Mozilla/5.0 (Windows NT 10.0; Win64; x64) AppleWebKit/537.36 (KHTML, like Gecko) Chrome/90.0.4430.85 Safari/537.36"
213.136.78.38 - - [23/Feb/2025:13:39:10 -0500] "GET /wp-includes/class-wp-theme-json-schema.php HTTP/1.0" 200 - "binance.com" "Mozilla/5.0 (Windows NT 10.0; Win64; x64) AppleWebKit/537.36 (KHTML, like Gecko) Chrome/90.0.4430.85 Safari/537.36"
213.136.78.38 - - [23/Feb/2025:13:39:14 -0500] "GET /wp-includes/class-wp-theme-json.php HTTP/1.0" 200 - "binance.com" "Mozilla/5.0 (Windows NT 10.0; Win64; x64) AppleWebKit/537.36 (KHTML, like Gecko) Chrome/90.0.4430.85 Safari/537.36"
213.136.78.38 - - [23/Feb/2025:13:39:17 -0500] "GET /wp-includes/class-wpdb.php HTTP/1.0" 200 - "binance.com" "Mozilla/5.0 (Windows NT 10.0; Win64; x64) AppleWebKit/537.36 (KHTML, like Gecko) Chrome/90.0.4430.85 Safari/537.36"
213.136.78.38 - - [23/Feb/2025:13:39:20 -0500] "GET /wp-includes/fonts.php HTTP/1.0" 200 - "binance.com" "Mozilla/5.0 (Windows NT 10.0; Win64; x64) AppleWebKit/537.36 (KHTML, like Gecko) Chrome/90.0.4430.85 Safari/537.36"
213.136.78.38 - - [23/Feb/2025:13:39:24 -0500] "GET /wp-includes/global-styles-and-settings.php HTTP/1.0" 200 - "binance.com" "Mozilla/5.0 (Windows NT 10.0; Win64; x64) AppleWebKit/537.36 (KHTML, like Gecko) Chrome/90.0.4430.85 Safari/537.36"
213.136.78.38 - - [23/Feb/2025:13:39:27 -0500] "GET /wp-includes/https-detection.php HTTP/1.0" 200 - "binance.com" "Mozilla/5.0 (Windows NT 10.0; Win64; x64) AppleWebKit/537.36 (KHTML, like Gecko) Chrome/90.0.4430.85 Safari/537.36"
213.136.78.38 - - [23/Feb/2025:13:39:30 -0500] "GET /wp-includes/https-migration.php HTTP/1.0" 200 - "binance.com" "Mozilla/5.0 (Windows NT 10.0; Win64; x64) AppleWebKit/537.36 (KHTML, like Gecko) Chrome/90.0.4430.85 Safari/537.36"
213.136.78.38 - - [23/Feb/2025:13:39:33 -0500] "GET /wp-includes/robots-template.php HTTP/1.0" 200 - "binance.com" "Mozilla/5.0 (Windows NT 10.0; Win64; x64) AppleWebKit/537.36 (KHTML, like Gecko) Chrome/90.0.4430.85 Safari/537.36"
213.136.78.38 - - [23/Feb/2025:13:39:37 -0500] "GET /wp-includes/style-engine.php HTTP/1.0" 200 - "binance.com" "Mozilla/5.0 (Windows NT 10.0; Win64; x64) AppleWebKit/537.36 (KHTML, like Gecko) Chrome/90.0.4430.85 Safari/537.36"
213.136.78.38 - - [23/Feb/2025:13:39:40 -0500] "GET /wp-includes/template-canvas.php HTTP/1.0" 500 - "binance.com" "Mozilla/5.0 (Windows NT 10.0; Win64; x64) AppleWebKit/537.36 (KHTML, like Gecko) Chrome/90.0.4430.85 Safari/537.36"
213.136.78.38 - - [23/Feb/2025:13:39:43 -0500] "GET /wp-includes/theme-previews.php HTTP/1.0" 200 - "binance.com" "Mozilla/5.0 (Windows NT 10.0; Win64; x64) AppleWebKit/537.36 (KHTML, like Gecko) Chrome/90.0.4430.85 Safari/537.36"
213.136.78.38 - - [23/Feb/2025:13:39:47 -0500] "GET /wp-includes/theme-templates.php HTTP/1.0" 200 - "binance.com" "Mozilla/5.0 (Windows NT 10.0; Win64; x64) AppleWebKit/537.36 (KHTML, like Gecko) Chrome/90.0.4430.85 Safari/537.36"
213.136.78.38 - - [23/Feb/2025:13:39:50 -0500] "GET /wp-includes/ID3/ HTTP/1.0" 200 4232 "binance.com" "Mozilla/5.0 (Windows NT 10.0; Win64; x64) AppleWebKit/537.36 (KHTML, like Gecko) Chrome/90.0.4430.85 Safari/537.36"
213.136.78.38 - - [23/Feb/2025:13:39:52 -0500] "GET /wp-includes/ID3/ HTTP/1.0" 200 4232 "binance.com" "Mozilla/5.0 (Windows NT 10.0; Win64; x64) AppleWebKit/537.36 (KHTML, like Gecko) Chrome/90.0.4430.85 Safari/537.36"
213.136.78.38 - - [23/Feb/2025:13:39:57 -0500] "GET /wp-includes/IXR/ HTTP/1.0" 200 2538 "binance.com" "Mozilla/5.0 (Windows NT 10.0; Win64; x64) AppleWebKit/537.36 (KHTML, like Gecko) Chrome/90.0.4430.85 Safari/537.36"
213.136.78.38 - - [23/Feb/2025:13:40:01 -0500] "GET /wp-includes/IXR/ HTTP/1.0" 200 2538 "binance.com" "Mozilla/5.0 (Windows NT 10.0; Win64; x64) AppleWebKit/537.36 (KHTML, like Gecko) Chrome/90.0.4430.85 Safari/537.36"
213.136.78.38 - - [23/Feb/2025:13:40:05 -0500] "GET /wp-includes/PHPMailer/ HTTP/1.0" 200 1182 "binance.com" "Mozilla/5.0 (Windows NT 10.0; Win64; x64) AppleWebKit/537.36 (KHTML, like Gecko) Chrome/90.0.4430.85 Safari/537.36"
213.136.78.38 - - [23/Feb/2025:13:40:08 -0500] "GET /wp-includes/PHPMailer/ HTTP/1.0" 200 1182 "binance.com" "Mozilla/5.0 (Windows NT 10.0; Win64; x64) AppleWebKit/537.36 (KHTML, like Gecko) Chrome/90.0.4430.85 Safari/537.36"
213.136.78.38 - - [23/Feb/2025:13:40:12 -0500] "GET /wp-includes/Text/ HTTP/1.0" 200 983 "binance.com" "Mozilla/5.0 (Windows NT 10.0; Win64; x64) AppleWebKit/537.36 (KHTML, like Gecko) Chrome/90.0.4430.85 Safari/537.36"
213.136.78.38 - - [23/Feb/2025:13:40:16 -0500] "GET /wp-includes/Text/ HTTP/1.0" 200 983 "binance.com" "Mozilla/5.0 (Windows NT 10.0; Win64; x64) AppleWebKit/537.36 (KHTML, like Gecko) Chrome/90.0.4430.85 Safari/537.36"
213.136.78.38 - - [23/Feb/2025:13:40:20 -0500] "GET /wp-includes/Text/Diff/ HTTP/1.0" 200 1181 "binance.com" "Mozilla/5.0 (Windows NT 10.0; Win64; x64) AppleWebKit/537.36 (KHTML, like Gecko) Chrome/90.0.4430.85 Safari/537.36"
213.136.78.38 - - [23/Feb/2025:13:40:23 -0500] "GET /wp-includes/Text/Diff/ HTTP/1.0" 200 1181 "binance.com" "Mozilla/5.0 (Windows NT 10.0; Win64; x64) AppleWebKit/537.36 (KHTML, like Gecko) Chrome/90.0.4430.85 Safari/537.36"
213.136.78.38 - - [23/Feb/2025:13:40:27 -0500] "GET /wp-includes/Text/Diff/Engine/ HTTP/1.0" 200 1378 "binance.com" "Mozilla/5.0 (Windows NT 10.0; Win64; x64) AppleWebKit/537.36 (KHTML, like Gecko) Chrome/90.0.4430.85 Safari/537.36"
213.136.78.38 - - [23/Feb/2025:13:40:31 -0500] "GET /wp-includes/Text/Diff/Engine/ HTTP/1.0" 200 1378 "binance.com" "Mozilla/5.0 (Windows NT 10.0; Win64; x64) AppleWebKit/537.36 (KHTML, like Gecko) Chrome/90.0.4430.85 Safari/537.36"
213.136.78.38 - - [23/Feb/2025:13:40:34 -0500] "GET /wp-includes/Text/Diff/Renderer/ HTTP/1.0" 200 850 "binance.com" "Mozilla/5.0 (Windows NT 10.0; Win64; x64) AppleWebKit/537.36 (KHTML, like Gecko) Chrome/90.0.4430.85 Safari/537.36"
213.136.78.38 - - [23/Feb/2025:13:40:38 -0500] "GET /wp-includes/Text/Diff/Renderer/ HTTP/1.0" 200 850 "binance.com" "Mozilla/5.0 (Windows NT 10.0; Win64; x64) AppleWebKit/537.36 (KHTML, like Gecko) Chrome/90.0.4430.85 Safari/537.36"
213.136.78.38 - - [23/Feb/2025:13:40:41 -0500] "GET /wp-includes/blocks/ HTTP/1.0" 500 - "binance.com" "Mozilla/5.0 (Windows NT 10.0; Win64; x64) AppleWebKit/537.36 (KHTML, like Gecko) Chrome/90.0.4430.85 Safari/537.36"
213.136.78.38 - - [23/Feb/2025:13:40:44 -0500] "GET /wp-includes/pomo/ HTTP/1.0" 200 1706 "binance.com" "Mozilla/5.0 (Windows NT 10.0; Win64; x64) AppleWebKit/537.36 (KHTML, like Gecko) Chrome/90.0.4430.85 Safari/537.36"
213.136.78.38 - - [23/Feb/2025:13:40:49 -0500] "GET /wp-includes/pomo/ HTTP/1.0" 200 1706 "binance.com" "Mozilla/5.0 (Windows NT 10.0; Win64; x64) AppleWebKit/537.36 (KHTML, like Gecko) Chrome/90.0.4430.85 Safari/537.36"
213.136.78.38 - - [23/Feb/2025:13:40:51 -0500] "GET /wp-includes/sitemaps/ HTTP/1.0" 200 2013 "binance.com" "Mozilla/5.0 (Windows NT 10.0; Win64; x64) AppleWebKit/537.36 (KHTML, like Gecko) Chrome/90.0.4430.85 Safari/537.36"
199.250.205.212 - - [23/Feb/2025:13:40:55 -0500] "POST /wp-cron.php?doing_wp_cron=1740336055.4749600887298583984375 HTTP/1.0" 200 - "-" "WordPress/6.4.5; https://creativedetroit.co"
103.173.227.90 - - [23/Feb/2025:13:40:54 -0500] "GET /wp-login.php HTTP/1.0" 200 6557 "-" "GRequests/0.10"
213.136.78.38 - - [23/Feb/2025:13:40:56 -0500] "GET /wp-includes/sitemaps/ HTTP/1.0" 200 2013 "binance.com" "Mozilla/5.0 (Windows NT 10.0; Win64; x64) AppleWebKit/537.36 (KHTML, like Gecko) Chrome/90.0.4430.85 Safari/537.36"
103.173.227.90 - - [23/Feb/2025:13:40:57 -0500] "POST /wp-login.php HTTP/1.0" 200 6818 "-" "GRequests/0.10"
213.136.78.38 - - [23/Feb/2025:13:41:00 -0500] "GET /wp-includes/sitemaps/providers/ HTTP/1.0" 200 1270 "binance.com" "Mozilla/5.0 (Windows NT 10.0; Win64; x64) AppleWebKit/537.36 (KHTML, like Gecko) Chrome/90.0.4430.85 Safari/537.36"
213.136.78.38 - - [23/Feb/2025:13:41:04 -0500] "GET /wp-includes/sitemaps/providers/ HTTP/1.0" 200 1270 "binance.com" "Mozilla/5.0 (Windows NT 10.0; Win64; x64) AppleWebKit/537.36 (KHTML, like Gecko) Chrome/90.0.4430.85 Safari/537.36"
213.136.78.38 - - [23/Feb/2025:13:41:07 -0500] "GET /wp-includes/widgets/ HTTP/1.0" 200 4621 "binance.com" "Mozilla/5.0 (Windows NT 10.0; Win64; x64) AppleWebKit/537.36 (KHTML, like Gecko) Chrome/90.0.4430.85 Safari/537.36"
213.136.78.38 - - [23/Feb/2025:13:41:10 -0500] "GET /wp-includes/widgets/ HTTP/1.0" 200 4621 "binance.com" "Mozilla/5.0 (Windows NT 10.0; Win64; x64) AppleWebKit/537.36 (KHTML, like Gecko) Chrome/90.0.4430.85 Safari/537.36"
213.136.78.38 - - [23/Feb/2025:13:41:15 -0500] "GET /wp-includes/widgets/class-wp-widget-block.php HTTP/1.0" 500 - "binance.com" "Mozilla/5.0 (Windows NT 10.0; Win64; x64) AppleWebKit/537.36 (KHTML, like Gecko) Chrome/90.0.4430.85 Safari/537.36"
213.136.78.38 - - [23/Feb/2025:13:41:18 -0500] "GET /wp-includes/css/ HTTP/1.0" 200 8335 "binance.com" "Mozilla/5.0 (Windows NT 10.0; Win64; x64) AppleWebKit/537.36 (KHTML, like Gecko) Chrome/90.0.4430.85 Safari/537.36"
213.136.78.38 - - [23/Feb/2025:13:41:20 -0500] "GET /wp-includes/css/dist/ HTTP/1.0" 200 3528 "binance.com" "Mozilla/5.0 (Windows NT 10.0; Win64; x64) AppleWebKit/537.36 (KHTML, like Gecko) Chrome/90.0.4430.85 Safari/537.36"
213.136.78.38 - - [23/Feb/2025:13:41:24 -0500] "GET /wp-includes/fonts/ HTTP/1.0" 200 1936 "binance.com" "Mozilla/5.0 (Windows NT 10.0; Win64; x64) AppleWebKit/537.36 (KHTML, like Gecko) Chrome/90.0.4430.85 Safari/537.36"
213.136.78.38 - - [23/Feb/2025:13:41:26 -0500] "GET /wp-includes/fonts/ HTTP/1.0" 200 1936 "binance.com" "Mozilla/5.0 (Windows NT 10.0; Win64; x64) AppleWebKit/537.36 (KHTML, like Gecko) Chrome/90.0.4430.85 Safari/537.36"
213.136.78.38 - - [23/Feb/2025:13:41:31 -0500] "GET /wp-includes/fonts/class-wp-font-face-resolver.php HTTP/1.0" 200 - "binance.com" "Mozilla/5.0 (Windows NT 10.0; Win64; x64) AppleWebKit/537.36 (KHTML, like Gecko) Chrome/90.0.4430.85 Safari/537.36"
