213.136.78.38 - - [23/Feb/2025:13:46:23 -0500] "GET /wp-includes/class-wp-block-bindings-registry.php HTTP/1.0" 200 - "binance.com" "Mozilla/5.0 (Windows NT 10.0; Win64; x64) AppleWebKit/537.36 (KHTML, like Gecko) Chrome/90.0.4430.85 Safari/537.36"
199.250.205.212 - - [23/Feb/2025:13:45:59 -0500] "POST /?mailpoet_router&endpoint=cron_daemon&action=run&data=eyJ0b2tlbiI6ImtybXYzIn0 HTTP/1.0" 200 - "-" "MailPoet Cron"
213.136.78.38 - - [23/Feb/2025:13:46:26 -0500] "GET /wp-includes/class-wp-block-bindings-source.php HTTP/1.0" 200 - "binance.com" "Mozilla/5.0 (Windows NT 10.0; Win64; x64) AppleWebKit/537.36 (KHTML, like Gecko) Chrome/90.0.4430.85 Safari/537.36"
2.56.164.116 - - [23/Feb/2025:13:46:29 -0500] "GET /wp-includes/fonts/class-wp-font-library.php HTTP/1.0" 200 - "binance.com" "Mozilla/5.0 (Windows NT 10.0; Win64; x64) AppleWebKit/537.36 (KHTML, like Gecko) Chrome/90.0.4430.85 Safari/537.36"
213.136.78.38 - - [23/Feb/2025:13:46:30 -0500] "GET /wp-includes/class-wp-block-editor-context.php HTTP/1.0" 200 - "binance.com" "Mozilla/5.0 (Windows NT 10.0; Win64; x64) AppleWebKit/537.36 (KHTML, like Gecko) Chrome/90.0.4430.85 Safari/537.36"
213.136.78.38 - - [23/Feb/2025:13:46:34 -0500] "GET /wp-includes/class-wp-block-metadata-registry.php HTTP/1.0" 200 - "binance.com" "Mozilla/5.0 (Windows NT 10.0; Win64; x64) AppleWebKit/537.36 (KHTML, like Gecko) Chrome/90.0.4430.85 Safari/537.36"
213.136.78.38 - - [23/Feb/2025:13:46:37 -0500] "GET /wp-includes/class-wp-block-parser-block.php HTTP/1.0" 200 - "binance.com" "Mozilla/5.0 (Windows NT 10.0; Win64; x64) AppleWebKit/537.36 (KHTML, like Gecko) Chrome/90.0.4430.85 Safari/537.36"
2.56.164.116 - - [23/Feb/2025:13:46:39 -0500] "GET /wp-includes/fonts/class-wp-font-utils.php HTTP/1.0" 200 - "binance.com" "Mozilla/5.0 (Windows NT 10.0; Win64; x64) AppleWebKit/537.36 (KHTML, like Gecko) Chrome/90.0.4430.85 Safari/537.36"
213.136.78.38 - - [23/Feb/2025:13:46:40 -0500] "GET /wp-includes/class-wp-block-parser-frame.php HTTP/1.0" 200 - "binance.com" "Mozilla/5.0 (Windows NT 10.0; Win64; x64) AppleWebKit/537.36 (KHTML, like Gecko) Chrome/90.0.4430.85 Safari/537.36"
213.136.78.38 - - [23/Feb/2025:13:46:43 -0500] "GET /wp-includes/class-wp-block-template.php HTTP/1.0" 200 - "binance.com" "Mozilla/5.0 (Windows NT 10.0; Win64; x64) AppleWebKit/537.36 (KHTML, like Gecko) Chrome/90.0.4430.85 Safari/537.36"
2.56.164.116 - - [23/Feb/2025:13:46:47 -0500] "GET /wp-includes/images/ HTTP/1.0" 200 5768 "binance.com" "Mozilla/5.0 (Windows NT 10.0; Win64; x64) AppleWebKit/537.36 (KHTML, like Gecko) Chrome/90.0.4430.85 Safari/537.36"
213.136.78.38 - - [23/Feb/2025:13:46:47 -0500] "GET /wp-includes/class-wp-block-templates-registry.php HTTP/1.0" 200 - "binance.com" "Mozilla/5.0 (Windows NT 10.0; Win64; x64) AppleWebKit/537.36 (KHTML, like Gecko) Chrome/90.0.4430.85 Safari/537.36"
199.250.205.212 - - [23/Feb/2025:13:46:21 -0500] "POST /?mailpoet_router&endpoint=cron_daemon&action=run&data=eyJ0b2tlbiI6IjEzaGxoIn0 HTTP/1.0" 200 - "-" "MailPoet Cron"
213.136.78.38 - - [23/Feb/2025:13:46:49 -0500] "GET /wp-includes/class-wp-classic-to-block-menu-converter.php HTTP/1.0" 200 - "binance.com" "Mozilla/5.0 (Windows NT 10.0; Win64; x64) AppleWebKit/537.36 (KHTML, like Gecko) Chrome/90.0.4430.85 Safari/537.36"
213.136.78.38 - - [23/Feb/2025:13:46:53 -0500] "GET /wp-includes/class-wp-dependencies.php HTTP/1.0" 200 - "binance.com" "Mozilla/5.0 (Windows NT 10.0; Win64; x64) AppleWebKit/537.36 (KHTML, like Gecko) Chrome/90.0.4430.85 Safari/537.36"
213.136.78.38 - - [23/Feb/2025:13:46:59 -0500] "GET /wp-includes/class-wp-exception.php HTTP/1.0" 200 - "binance.com" "Mozilla/5.0 (Windows NT 10.0; Win64; x64) AppleWebKit/537.36 (KHTML, like Gecko) Chrome/90.0.4430.85 Safari/537.36"
213.136.78.38 - - [23/Feb/2025:13:47:03 -0500] "GET /wp-includes/class-wp-http.php HTTP/1.0" 500 - "binance.com" "Mozilla/5.0 (Windows NT 10.0; Win64; x64) AppleWebKit/537.36 (KHTML, like Gecko) Chrome/90.0.4430.85 Safari/537.36"
2.56.164.116 - - [23/Feb/2025:13:47:03 -0500] "GET /wp-includes/images/crystal/ HTTP/1.0" 200 2450 "binance.com" "Mozilla/5.0 (Windows NT 10.0; Win64; x64) AppleWebKit/537.36 (KHTML, like Gecko) Chrome/90.0.4430.85 Safari/537.36"
213.136.78.38 - - [23/Feb/2025:13:47:06 -0500] "GET /wp-includes/class-wp-navigation-fallback.php HTTP/1.0" 200 - "binance.com" "Mozilla/5.0 (Windows NT 10.0; Win64; x64) AppleWebKit/537.36 (KHTML, like Gecko) Chrome/90.0.4430.85 Safari/537.36"
213.136.78.38 - - [23/Feb/2025:13:47:11 -0500] "GET /wp-includes/class-wp-plugin-dependencies.php HTTP/1.0" 200 - "binance.com" "Mozilla/5.0 (Windows NT 10.0; Win64; x64) AppleWebKit/537.36 (KHTML, like Gecko) Chrome/90.0.4430.85 Safari/537.36"
199.250.205.212 - - [23/Feb/2025:13:46:43 -0500] "POST /?mailpoet_router&endpoint=cron_daemon&action=run&data=eyJ0b2tlbiI6Ijd2cGJyIn0 HTTP/1.0" 200 - "-" "MailPoet Cron"
213.136.78.38 - - [23/Feb/2025:13:47:14 -0500] "GET /wp-includes/class-wp-script-modules.php HTTP/1.0" 200 - "binance.com" "Mozilla/5.0 (Windows NT 10.0; Win64; x64) AppleWebKit/537.36 (KHTML, like Gecko) Chrome/90.0.4430.85 Safari/537.36"
213.136.78.38 - - [23/Feb/2025:13:47:18 -0500] "GET /wp-includes/class-wp-scripts.php HTTP/1.0" 500 - "binance.com" "Mozilla/5.0 (Windows NT 10.0; Win64; x64) AppleWebKit/537.36 (KHTML, like Gecko) Chrome/90.0.4430.85 Safari/537.36"
2.56.164.116 - - [23/Feb/2025:13:47:18 -0500] "GET /wp-includes/images/media/ HTTP/1.0" 200 3877 "binance.com" "Mozilla/5.0 (Windows NT 10.0; Win64; x64) AppleWebKit/537.36 (KHTML, like Gecko) Chrome/90.0.4430.85 Safari/537.36"
213.136.78.38 - - [23/Feb/2025:13:47:21 -0500] "GET /wp-includes/class-wp-styles.php HTTP/1.0" 500 - "binance.com" "Mozilla/5.0 (Windows NT 10.0; Win64; x64) AppleWebKit/537.36 (KHTML, like Gecko) Chrome/90.0.4430.85 Safari/537.36"
213.136.78.38 - - [23/Feb/2025:13:47:25 -0500] "GET /wp-includes/class-wp-textdomain-registry.php HTTP/1.0" 200 - "binance.com" "Mozilla/5.0 (Windows NT 10.0; Win64; x64) AppleWebKit/537.36 (KHTML, like Gecko) Chrome/90.0.4430.85 Safari/537.36"
213.136.78.38 - - [23/Feb/2025:13:47:28 -0500] "GET /wp-includes/class-wp-theme-json-data.php HTTP/1.0" 200 - "binance.com" "Mozilla/5.0 (Windows NT 10.0; Win64; x64) AppleWebKit/537.36 (KHTML, like Gecko) Chrome/90.0.4430.85 Safari/537.36"
213.136.78.38 - - [23/Feb/2025:13:47:32 -0500] "GET /wp-includes/class-wp-theme-json-resolver.php HTTP/1.0" 200 - "binance.com" "Mozilla/5.0 (Windows NT 10.0; Win64; x64) AppleWebKit/537.36 (KHTML, like Gecko) Chrome/90.0.4430.85 Safari/537.36"
199.250.205.212 - - [23/Feb/2025:13:47:06 -0500] "POST /?mailpoet_router&endpoint=cron_daemon&action=run&data=eyJ0b2tlbiI6IjFwenJxIn0 HTTP/1.0" 200 - "-" "MailPoet Cron"
2.56.164.116 - - [23/Feb/2025:13:47:35 -0500] "GET /wp-includes/images/smilies/ HTTP/1.0" 200 5397 "binance.com" "Mozilla/5.0 (Windows NT 10.0; Win64; x64) AppleWebKit/537.36 (KHTML, like Gecko) Chrome/90.0.4430.85 Safari/537.36"
213.136.78.38 - - [23/Feb/2025:13:47:36 -0500] "GET /wp-includes/class-wp-theme-json-schema.php HTTP/1.0" 200 - "binance.com" "Mozilla/5.0 (Windows NT 10.0; Win64; x64) AppleWebKit/537.36 (KHTML, like Gecko) Chrome/90.0.4430.85 Safari/537.36"
213.136.78.38 - - [23/Feb/2025:13:47:39 -0500] "GET /wp-includes/class-wp-theme-json.php HTTP/1.0" 200 - "binance.com" "Mozilla/5.0 (Windows NT 10.0; Win64; x64) AppleWebKit/537.36 (KHTML, like Gecko) Chrome/90.0.4430.85 Safari/537.36"
213.136.78.38 - - [23/Feb/2025:13:47:43 -0500] "GET /wp-includes/class-wp-token-map.php HTTP/1.0" 200 - "binance.com" "Mozilla/5.0 (Windows NT 10.0; Win64; x64) AppleWebKit/537.36 (KHTML, like Gecko) Chrome/90.0.4430.85 Safari/537.36"
213.136.78.38 - - [23/Feb/2025:13:47:46 -0500] "GET /wp-includes/class-wpdb.php HTTP/1.0" 200 - "binance.com" "Mozilla/5.0 (Windows NT 10.0; Win64; x64) AppleWebKit/537.36 (KHTML, like Gecko) Chrome/90.0.4430.85 Safari/537.36"
199.250.205.212 - - [23/Feb/2025:13:47:49 -0500] "POST /wp-cron.php?doing_wp_cron=1740336469.3944430351257324218750 HTTP/1.0" 200 - "-" "WordPress/6.7.2; https://detroit.golf"
2.56.164.116 - - [23/Feb/2025:13:47:48 -0500] "GET /wp-includes/images/wlw/ HTTP/1.0" 404 76121 "binance.com" "Mozilla/5.0 (Windows NT 10.0; Win64; x64) AppleWebKit/537.36 (KHTML, like Gecko) Chrome/90.0.4430.85 Safari/537.36"
213.136.78.38 - - [23/Feb/2025:13:47:49 -0500] "GET /wp-includes/fonts.php HTTP/1.0" 200 - "binance.com" "Mozilla/5.0 (Windows NT 10.0; Win64; x64) AppleWebKit/537.36 (KHTML, like Gecko) Chrome/90.0.4430.85 Safari/537.36"
213.136.78.38 - - [23/Feb/2025:13:47:53 -0500] "GET /wp-includes/global-styles-and-settings.php HTTP/1.0" 200 - "binance.com" "Mozilla/5.0 (Windows NT 10.0; Win64; x64) AppleWebKit/537.36 (KHTML, like Gecko) Chrome/90.0.4430.85 Safari/537.36"
199.250.205.212 - - [23/Feb/2025:13:47:29 -0500] "POST /?mailpoet_router&endpoint=cron_daemon&action=run&data=eyJ0b2tlbiI6ImFrMncwIn0 HTTP/1.0" 200 - "-" "MailPoet Cron"
213.136.78.38 - - [23/Feb/2025:13:47:56 -0500] "GET /wp-includes/https-detection.php HTTP/1.0" 200 - "binance.com" "Mozilla/5.0 (Windows NT 10.0; Win64; x64) AppleWebKit/537.36 (KHTML, like Gecko) Chrome/90.0.4430.85 Safari/537.36"
213.136.78.38 - - [23/Feb/2025:13:48:00 -0500] "GET /wp-includes/https-migration.php HTTP/1.0" 200 - "binance.com" "Mozilla/5.0 (Windows NT 10.0; Win64; x64) AppleWebKit/537.36 (KHTML, like Gecko) Chrome/90.0.4430.85 Safari/537.36"
2.56.164.116 - - [23/Feb/2025:13:48:02 -0500] "GET /wp-includes/js/%20 HTTP/1.0" 301 - "binance.com" "Mozilla/5.0 (Windows NT 10.0; Win64; x64) AppleWebKit/537.36 (KHTML, like Gecko) Chrome/90.0.4430.85 Safari/537.36"
213.136.78.38 - - [23/Feb/2025:13:48:03 -0500] "GET /wp-includes/robots-template.php HTTP/1.0" 200 - "binance.com" "Mozilla/5.0 (Windows NT 10.0; Win64; x64) AppleWebKit/537.36 (KHTML, like Gecko) Chrome/90.0.4430.85 Safari/537.36"
2.56.164.116 - - [23/Feb/2025:13:48:03 -0500] "GET /wp-includes/js/ HTTP/1.0" 200 21086 "binance.com" "Mozilla/5.0 (Windows NT 10.0; Win64; x64) AppleWebKit/537.36 (KHTML, like Gecko) Chrome/90.0.4430.85 Safari/537.36"
213.136.78.38 - - [23/Feb/2025:13:48:07 -0500] "GET /wp-includes/script-modules.php HTTP/1.0" 200 - "binance.com" "Mozilla/5.0 (Windows NT 10.0; Win64; x64) AppleWebKit/537.36 (KHTML, like Gecko) Chrome/90.0.4430.85 Safari/537.36"
213.136.78.38 - - [23/Feb/2025:13:48:10 -0500] "GET /wp-includes/style-engine.php HTTP/1.0" 200 - "binance.com" "Mozilla/5.0 (Windows NT 10.0; Win64; x64) AppleWebKit/537.36 (KHTML, like Gecko) Chrome/90.0.4430.85 Safari/537.36"
213.136.78.38 - - [23/Feb/2025:13:48:14 -0500] "GET /wp-includes/template-canvas.php HTTP/1.0" 500 - "binance.com" "Mozilla/5.0 (Windows NT 10.0; Win64; x64) AppleWebKit/537.36 (KHTML, like Gecko) Chrome/90.0.4430.85 Safari/537.36"
199.250.205.212 - - [23/Feb/2025:13:47:49 -0500] "POST /?mailpoet_router&endpoint=cron_daemon&action=run&data=eyJ0b2tlbiI6IjEwc3ZvIn0 HTTP/1.0" 200 - "-" "MailPoet Cron"
2.56.164.116 - - [23/Feb/2025:13:48:16 -0500] "GET /wp-includes/js/codemirror/ HTTP/1.0" 200 2105 "binance.com" "Mozilla/5.0 (Windows NT 10.0; Win64; x64) AppleWebKit/537.36 (KHTML, like Gecko) Chrome/90.0.4430.85 Safari/537.36"
213.136.78.38 - - [23/Feb/2025:13:48:17 -0500] "GET /wp-includes/theme-previews.php HTTP/1.0" 200 - "binance.com" "Mozilla/5.0 (Windows NT 10.0; Win64; x64) AppleWebKit/537.36 (KHTML, like Gecko) Chrome/90.0.4430.85 Safari/537.36"
213.136.78.38 - - [23/Feb/2025:13:48:21 -0500] "GET /wp-includes/theme-templates.php HTTP/1.0" 200 - "binance.com" "Mozilla/5.0 (Windows NT 10.0; Win64; x64) AppleWebKit/537.36 (KHTML, like Gecko) Chrome/90.0.4430.85 Safari/537.36"
199.250.205.212 - - [23/Feb/2025:13:48:22 -0500] "POST /wp-cron.php?doing_wp_cron=1740336502.0877130031585693359375 HTTP/1.0" 200 - "-" "WordPress/6.7.2; https://detroit.golf"
34.96.46.215 - - [23/Feb/2025:13:48:20 -0500] "HEAD / HTTP/1.0" 301 - "-" "Mozilla/5.0 (Macintosh; Intel Mac OS X 10_14_6) AppleWebKit/537.36 (KHTML, like Gecko) Chrome/79.0.3945.130 Safari/537.36"
34.96.46.215 - - [23/Feb/2025:13:48:22 -0500] "HEAD / HTTP/1.0" 200 - "-" "Mozilla/5.0 (Macintosh; Intel Mac OS X 10_14_6) AppleWebKit/537.36 (KHTML, like Gecko) Chrome/79.0.3945.130 Safari/537.36"
2.56.164.116 - - [23/Feb/2025:13:48:24 -0500] "GET /wp-includes/js/plupload/ HTTP/1.0" 200 2278 "binance.com" "Mozilla/5.0 (Windows NT 10.0; Win64; x64) AppleWebKit/537.36 (KHTML, like Gecko) Chrome/90.0.4430.85 Safari/537.36"
213.136.78.38 - - [23/Feb/2025:13:48:25 -0500] "GET /wp-includes/ID3/ HTTP/1.0" 200 4042 "binance.com" "Mozilla/5.0 (Windows NT 10.0; Win64; x64) AppleWebKit/537.36 (KHTML, like Gecko) Chrome/90.0.4430.85 Safari/537.36"
213.136.78.38 - - [23/Feb/2025:13:48:30 -0500] "GET /wp-includes/ID3/ HTTP/1.0" 200 4042 "binance.com" "Mozilla/5.0 (Windows NT 10.0; Win64; x64) AppleWebKit/537.36 (KHTML, like Gecko) Chrome/90.0.4430.85 Safari/537.36"
2.56.164.116 - - [23/Feb/2025:13:48:35 -0500] "GET /.well-known/ HTTP/1.0" 200 1194 "binance.com" "Mozilla/5.0 (Windows NT 10.0; Win64; x64) AppleWebKit/537.36 (KHTML, like Gecko) Chrome/90.0.4430.85 Safari/537.36"
213.136.78.38 - - [23/Feb/2025:13:48:35 -0500] "GET /wp-includes/IXR/ HTTP/1.0" 200 2538 "binance.com" "Mozilla/5.0 (Windows NT 10.0; Win64; x64) AppleWebKit/537.36 (KHTML, like Gecko) Chrome/90.0.4430.85 Safari/537.36"
199.250.205.212 - - [23/Feb/2025:13:48:10 -0500] "POST /?mailpoet_router&endpoint=cron_daemon&action=run&data=eyJ0b2tlbiI6Imh4em14In0 HTTP/1.0" 200 - "-" "MailPoet Cron"
213.136.78.38 - - [23/Feb/2025:13:48:38 -0500] "GET /wp-includes/IXR/ HTTP/1.0" 200 2538 "binance.com" "Mozilla/5.0 (Windows NT 10.0; Win64; x64) AppleWebKit/537.36 (KHTML, like Gecko) Chrome/90.0.4430.85 Safari/537.36"
213.136.78.38 - - [23/Feb/2025:13:48:42 -0500] "GET /wp-includes/PHPMailer/ HTTP/1.0" 200 1182 "binance.com" "Mozilla/5.0 (Windows NT 10.0; Win64; x64) AppleWebKit/537.36 (KHTML, like Gecko) Chrome/90.0.4430.85 Safari/537.36"
213.136.78.38 - - [23/Feb/2025:13:48:46 -0500] "GET /wp-includes/PHPMailer/ HTTP/1.0" 200 1182 "binance.com" "Mozilla/5.0 (Windows NT 10.0; Win64; x64) AppleWebKit/537.36 (KHTML, like Gecko) Chrome/90.0.4430.85 Safari/537.36"
213.136.78.38 - - [23/Feb/2025:13:48:49 -0500] "GET /wp-includes/Text/ HTTP/1.0" 200 1164 "binance.com" "Mozilla/5.0 (Windows NT 10.0; Win64; x64) AppleWebKit/537.36 (KHTML, like Gecko) Chrome/90.0.4430.85 Safari/537.36"
213.136.78.38 - - [23/Feb/2025:13:48:53 -0500] "GET /wp-includes/Text/ HTTP/1.0" 200 1164 "binance.com" "Mozilla/5.0 (Windows NT 10.0; Win64; x64) AppleWebKit/537.36 (KHTML, like Gecko) Chrome/90.0.4430.85 Safari/537.36"
213.136.78.38 - - [23/Feb/2025:13:48:56 -0500] "GET /wp-includes/Text/Diff/ HTTP/1.0" 200 1181 "binance.com" "Mozilla/5.0 (Windows NT 10.0; Win64; x64) AppleWebKit/537.36 (KHTML, like Gecko) Chrome/90.0.4430.85 Safari/537.36"
199.250.205.212 - - [23/Feb/2025:13:48:30 -0500] "POST /?mailpoet_router&endpoint=cron_daemon&action=run&data=eyJ0b2tlbiI6InRjZ3FzIn0 HTTP/1.0" 200 - "-" "MailPoet Cron"
213.136.78.38 - - [23/Feb/2025:13:48:59 -0500] "GET /wp-includes/Text/Diff/ HTTP/1.0" 200 1181 "binance.com" "Mozilla/5.0 (Windows NT 10.0; Win64; x64) AppleWebKit/537.36 (KHTML, like Gecko) Chrome/90.0.4430.85 Safari/537.36"
213.136.78.38 - - [23/Feb/2025:13:49:02 -0500] "GET /wp-includes/Text/Diff/Engine/ HTTP/1.0" 200 1378 "binance.com" "Mozilla/5.0 (Windows NT 10.0; Win64; x64) AppleWebKit/537.36 (KHTML, like Gecko) Chrome/90.0.4430.85 Safari/537.36"
213.136.78.38 - - [23/Feb/2025:13:49:07 -0500] "GET /wp-includes/Text/Diff/Engine/ HTTP/1.0" 200 1378 "binance.com" "Mozilla/5.0 (Windows NT 10.0; Win64; x64) AppleWebKit/537.36 (KHTML, like Gecko) Chrome/90.0.4430.85 Safari/537.36"
213.136.78.38 - - [23/Feb/2025:13:49:10 -0500] "GET /wp-includes/Text/Diff/Renderer/ HTTP/1.0" 200 850 "binance.com" "Mozilla/5.0 (Windows NT 10.0; Win64; x64) AppleWebKit/537.36 (KHTML, like Gecko) Chrome/90.0.4430.85 Safari/537.36"
213.136.78.38 - - [23/Feb/2025:13:49:14 -0500] "GET /wp-includes/Text/Diff/Renderer/ HTTP/1.0" 200 850 "binance.com" "Mozilla/5.0 (Windows NT 10.0; Win64; x64) AppleWebKit/537.36 (KHTML, like Gecko) Chrome/90.0.4430.85 Safari/537.36"
213.136.78.38 - - [23/Feb/2025:13:49:17 -0500] "GET /wp-includes/blocks/ HTTP/1.0" 200 2 "binance.com" "Mozilla/5.0 (Windows NT 10.0; Win64; x64) AppleWebKit/537.36 (KHTML, like Gecko) Chrome/90.0.4430.85 Safari/537.36"
199.250.205.212 - - [23/Feb/2025:13:48:51 -0500] "POST /?mailpoet_router&endpoint=cron_daemon&action=run&data=eyJ0b2tlbiI6Im9jbXpwIn0 HTTP/1.0" 200 - "-" "MailPoet Cron"
213.136.78.38 - - [23/Feb/2025:13:49:22 -0500] "GET /wp-includes/pomo/ HTTP/1.0" 200 1706 "binance.com" "Mozilla/5.0 (Windows NT 10.0; Win64; x64) AppleWebKit/537.36 (KHTML, like Gecko) Chrome/90.0.4430.85 Safari/537.36"
213.136.78.38 - - [23/Feb/2025:13:49:27 -0500] "GET /wp-includes/pomo/ HTTP/1.0" 200 1706 "binance.com" "Mozilla/5.0 (Windows NT 10.0; Win64; x64) AppleWebKit/537.36 (KHTML, like Gecko) Chrome/90.0.4430.85 Safari/537.36"
213.136.78.38 - - [23/Feb/2025:13:49:30 -0500] "GET /wp-includes/sitemaps/ HTTP/1.0" 200 2013 "binance.com" "Mozilla/5.0 (Windows NT 10.0; Win64; x64) AppleWebKit/537.36 (KHTML, like Gecko) Chrome/90.0.4430.85 Safari/537.36"
213.136.78.38 - - [23/Feb/2025:13:49:34 -0500] "GET /wp-includes/sitemaps/ HTTP/1.0" 200 2013 "binance.com" "Mozilla/5.0 (Windows NT 10.0; Win64; x64) AppleWebKit/537.36 (KHTML, like Gecko) Chrome/90.0.4430.85 Safari/537.36"
213.136.78.38 - - [23/Feb/2025:13:49:39 -0500] "GET /wp-includes/sitemaps/providers/ HTTP/1.0" 200 1270 "binance.com" "Mozilla/5.0 (Windows NT 10.0; Win64; x64) AppleWebKit/537.36 (KHTML, like Gecko) Chrome/90.0.4430.85 Safari/537.36"
199.250.205.212 - - [23/Feb/2025:13:49:15 -0500] "POST /?mailpoet_router&endpoint=cron_daemon&action=run&data=eyJ0b2tlbiI6IjFuNnd0In0 HTTP/1.0" 200 - "-" "MailPoet Cron"
213.136.78.38 - - [23/Feb/2025:13:49:43 -0500] "GET /wp-includes/sitemaps/providers/ HTTP/1.0" 200 1270 "binance.com" "Mozilla/5.0 (Windows NT 10.0; Win64; x64) AppleWebKit/537.36 (KHTML, like Gecko) Chrome/90.0.4430.85 Safari/537.36"
213.136.78.38 - - [23/Feb/2025:13:49:47 -0500] "GET /wp-includes/widgets/ HTTP/1.0" 200 4621 "binance.com" "Mozilla/5.0 (Windows NT 10.0; Win64; x64) AppleWebKit/537.36 (KHTML, like Gecko) Chrome/90.0.4430.85 Safari/537.36"
213.136.78.38 - - [23/Feb/2025:13:49:51 -0500] "GET /wp-includes/widgets/ HTTP/1.0" 200 4621 "binance.com" "Mozilla/5.0 (Windows NT 10.0; Win64; x64) AppleWebKit/537.36 (KHTML, like Gecko) Chrome/90.0.4430.85 Safari/537.36"
213.136.78.38 - - [23/Feb/2025:13:49:55 -0500] "GET /wp-includes/widgets/class-wp-widget-block.php HTTP/1.0" 500 - "binance.com" "Mozilla/5.0 (Windows NT 10.0; Win64; x64) AppleWebKit/537.36 (KHTML, like Gecko) Chrome/90.0.4430.85 Safari/537.36"
213.136.78.38 - - [23/Feb/2025:13:49:58 -0500] "GET /wp-includes/css/ HTTP/1.0" 200 8335 "binance.com" "Mozilla/5.0 (Windows NT 10.0; Win64; x64) AppleWebKit/537.36 (KHTML, like Gecko) Chrome/90.0.4430.85 Safari/537.36"
213.136.78.38 - - [23/Feb/2025:13:50:02 -0500] "GET /wp-includes/css/dist/ HTTP/1.0" 200 3708 "binance.com" "Mozilla/5.0 (Windows NT 10.0; Win64; x64) AppleWebKit/537.36 (KHTML, like Gecko) Chrome/90.0.4430.85 Safari/537.36"
199.250.205.212 - - [23/Feb/2025:13:49:36 -0500] "POST /?mailpoet_router&endpoint=cron_daemon&action=run&data=eyJ0b2tlbiI6Inl0cDNxIn0 HTTP/1.0" 200 - "-" "MailPoet Cron"
213.136.78.38 - - [23/Feb/2025:13:50:05 -0500] "GET /wp-includes/fonts/ HTTP/1.0" 200 2522 "binance.com" "Mozilla/5.0 (Windows NT 10.0; Win64; x64) AppleWebKit/537.36 (KHTML, like Gecko) Chrome/90.0.4430.85 Safari/537.36"
213.136.78.38 - - [23/Feb/2025:13:50:09 -0500] "GET /wp-includes/fonts/ HTTP/1.0" 200 2522 "binance.com" "Mozilla/5.0 (Windows NT 10.0; Win64; x64) AppleWebKit/537.36 (KHTML, like Gecko) Chrome/90.0.4430.85 Safari/537.36"
213.136.78.38 - - [23/Feb/2025:13:50:14 -0500] "GET /wp-includes/fonts/class-wp-font-collection.php HTTP/1.0" 200 - "binance.com" "Mozilla/5.0 (Windows NT 10.0; Win64; x64) AppleWebKit/537.36 (KHTML, like Gecko) Chrome/90.0.4430.85 Safari/537.36"
213.136.78.38 - - [23/Feb/2025:13:50:17 -0500] "GET /wp-includes/fonts/class-wp-font-face-resolver.php HTTP/1.0" 200 - "binance.com" "Mozilla/5.0 (Windows NT 10.0; Win64; x64) AppleWebKit/537.36 (KHTML, like Gecko) Chrome/90.0.4430.85 Safari/537.36"
213.136.78.38 - - [23/Feb/2025:13:50:22 -0500] "GET /wp-includes/fonts/class-wp-font-face.php HTTP/1.0" 200 - "binance.com" "Mozilla/5.0 (Windows NT 10.0; Win64; x64) AppleWebKit/537.36 (KHTML, like Gecko) Chrome/90.0.4430.85 Safari/537.36"
199.250.205.212 - - [23/Feb/2025:13:49:57 -0500] "POST /?mailpoet_router&endpoint=cron_daemon&action=run&data=eyJ0b2tlbiI6Im1leXA2In0 HTTP/1.0" 200 - "-" "MailPoet Cron"
213.136.78.38 - - [23/Feb/2025:13:50:25 -0500] "GET /wp-includes/fonts/class-wp-font-library.php HTTP/1.0" 200 - "binance.com" "Mozilla/5.0 (Windows NT 10.0; Win64; x64) AppleWebKit/537.36 (KHTML, like Gecko) Chrome/90.0.4430.85 Safari/537.36"
213.136.78.38 - - [23/Feb/2025:13:50:28 -0500] "GET /wp-includes/fonts/class-wp-font-utils.php HTTP/1.0" 200 - "binance.com" "Mozilla/5.0 (Windows NT 10.0; Win64; x64) AppleWebKit/537.36 (KHTML, like Gecko) Chrome/90.0.4430.85 Safari/537.36"
213.136.78.38 - - [23/Feb/2025:13:50:32 -0500] "GET /wp-includes/images/ HTTP/1.0" 200 5768 "binance.com" "Mozilla/5.0 (Windows NT 10.0; Win64; x64) AppleWebKit/537.36 (KHTML, like Gecko) Chrome/90.0.4430.85 Safari/537.36"
213.136.78.38 - - [23/Feb/2025:13:50:36 -0500] "GET /wp-includes/images/crystal/ HTTP/1.0" 200 2450 "binance.com" "Mozilla/5.0 (Windows NT 10.0; Win64; x64) AppleWebKit/537.36 (KHTML, like Gecko) Chrome/90.0.4430.85 Safari/537.36"
213.136.78.38 - - [23/Feb/2025:13:50:41 -0500] "GET /wp-includes/images/media/ HTTP/1.0" 200 3877 "binance.com" "Mozilla/5.0 (Windows NT 10.0; Win64; x64) AppleWebKit/537.36 (KHTML, like Gecko) Chrome/90.0.4430.85 Safari/537.36"
199.250.205.212 - - [23/Feb/2025:13:50:18 -0500] "POST /?mailpoet_router&endpoint=cron_daemon&action=run&data=eyJ0b2tlbiI6IjF3MmRiIn0 HTTP/1.0" 200 - "-" "MailPoet Cron"
213.136.78.38 - - [23/Feb/2025:13:50:44 -0500] "GET /wp-includes/images/smilies/ HTTP/1.0" 200 5397 "binance.com" "Mozilla/5.0 (Windows NT 10.0; Win64; x64) AppleWebKit/537.36 (KHTML, like Gecko) Chrome/90.0.4430.85 Safari/537.36"
199.250.205.212 - - [23/Feb/2025:13:50:50 -0500] "POST /wp-cron.php?doing_wp_cron=1740336650.6697969436645507812500 HTTP/1.0" 200 - "-" "WordPress/6.7.2; https://detroit.golf"
213.136.78.38 - - [23/Feb/2025:13:50:49 -0500] "GET /wp-includes/images/wlw/ HTTP/1.0" 404 76121 "binance.com" "Mozilla/5.0 (Windows NT 10.0; Win64; x64) AppleWebKit/537.36 (KHTML, like Gecko) Chrome/90.0.4430.85 Safari/537.36"
213.136.78.38 - - [23/Feb/2025:13:50:55 -0500] "GET /wp-includes/js/%20 HTTP/1.0" 301 - "binance.com" "Mozilla/5.0 (Windows NT 10.0; Win64; x64) AppleWebKit/537.36 (KHTML, like Gecko) Chrome/90.0.4430.85 Safari/537.36"
213.136.78.38 - - [23/Feb/2025:13:50:58 -0500] "GET /wp-includes/js/ HTTP/1.0" 200 21086 "binance.com" "Mozilla/5.0 (Windows NT 10.0; Win64; x64) AppleWebKit/537.36 (KHTML, like Gecko) Chrome/90.0.4430.85 Safari/537.36"
213.136.78.38 - - [23/Feb/2025:13:51:02 -0500] "GET /wp-includes/js/codemirror/ HTTP/1.0" 200 2105 "binance.com" "Mozilla/5.0 (Windows NT 10.0; Win64; x64) AppleWebKit/537.36 (KHTML, like Gecko) Chrome/90.0.4430.85 Safari/537.36"
213.136.78.38 - - [23/Feb/2025:13:51:05 -0500] "GET /wp-includes/js/plupload/ HTTP/1.0" 200 2278 "binance.com" "Mozilla/5.0 (Windows NT 10.0; Win64; x64) AppleWebKit/537.36 (KHTML, like Gecko) Chrome/90.0.4430.85 Safari/537.36"
199.250.205.212 - - [23/Feb/2025:13:50:39 -0500] "POST /?mailpoet_router&endpoint=cron_daemon&action=run&data=eyJ0b2tlbiI6IjF1bHhnIn0 HTTP/1.0" 200 - "-" "MailPoet Cron"
213.136.78.38 - - [23/Feb/2025:13:51:08 -0500] "GET /.well-known/ HTTP/1.0" 200 1194 "binance.com" "Mozilla/5.0 (Windows NT 10.0; Win64; x64) AppleWebKit/537.36 (KHTML, like Gecko) Chrome/90.0.4430.85 Safari/537.36"
199.250.205.212 - - [23/Feb/2025:13:51:01 -0500] "POST /?mailpoet_router&endpoint=cron_daemon&action=run&data=eyJ0b2tlbiI6IjFueTF5In0 HTTP/1.0" 200 - "-" "MailPoet Cron"
199.250.205.212 - - [23/Feb/2025:13:51:21 -0500] "POST /?mailpoet_router&endpoint=cron_daemon&action=run&data=eyJ0b2tlbiI6IjF1b2JmIn0 HTTP/1.0" 200 - "-" "MailPoet Cron"
199.250.205.212 - - [23/Feb/2025:13:51:42 -0500] "POST /?mailpoet_router&endpoint=cron_daemon&action=run&data=eyJ0b2tlbiI6IjF3Ym40In0 HTTP/1.0" 200 - "-" "MailPoet Cron"
199.250.205.212 - - [23/Feb/2025:13:52:02 -0500] "POST /?mailpoet_router&endpoint=cron_daemon&action=run&data=eyJ0b2tlbiI6Im0ydGJvIn0 HTTP/1.0" 200 - "-" "MailPoet Cron"
199.250.205.212 - - [23/Feb/2025:13:52:23 -0500] "POST /?mailpoet_router&endpoint=cron_daemon&action=run&data=eyJ0b2tlbiI6IjF3ZDFiIn0 HTTP/1.0" 200 - "-" "MailPoet Cron"
199.250.205.212 - - [23/Feb/2025:13:52:45 -0500] "POST /?mailpoet_router&endpoint=cron_daemon&action=run&data=eyJ0b2tlbiI6ImRhaTVsIn0 HTTP/1.0" 200 - "-" "MailPoet Cron"
199.250.205.212 - - [23/Feb/2025:13:53:05 -0500] "POST /?mailpoet_router&endpoint=cron_daemon&action=run&data=eyJ0b2tlbiI6InE1OXMwIn0 HTTP/1.0" 200 - "-" "MailPoet Cron"
199.250.205.212 - - [23/Feb/2025:13:53:25 -0500] "POST /?mailpoet_router&endpoint=cron_daemon&action=run&data=eyJ0b2tlbiI6InJua3R2In0 HTTP/1.0" 200 - "-" "MailPoet Cron"
199.250.205.212 - - [23/Feb/2025:13:54:06 -0500] "POST /wp-cron.php?doing_wp_cron=1740336846.4732990264892578125000 HTTP/1.0" 200 - "-" "WordPress/6.7.2; https://detroit.golf"
114.119.136.86 - - [23/Feb/2025:13:54:03 -0500] "GET /2021/week-27-ega-rankings/ HTTP/1.0" 200 82221 "https://detroit.golf/author/willbass/page/6/" "Mozilla/5.0 (Linux; Android 7.0;) AppleWebKit/537.36 (KHTML, like Gecko) Mobile Safari/537.36 (compatible; PetalBot;+https://webmaster.petalsearch.com/site/petalbot)"
199.250.205.212 - - [23/Feb/2025:13:53:46 -0500] "POST /?mailpoet_router&endpoint=cron_daemon&action=run&data=eyJ0b2tlbiI6InM1MndjIn0 HTTP/1.0" 200 - "-" "MailPoet Cron"
199.250.205.212 - - [23/Feb/2025:13:54:07 -0500] "POST /?mailpoet_router&endpoint=cron_daemon&action=run&data=eyJ0b2tlbiI6InNhenkxIn0 HTTP/1.0" 200 - "-" "MailPoet Cron"
199.250.205.212 - - [23/Feb/2025:13:54:28 -0500] "POST /?mailpoet_router&endpoint=cron_daemon&action=run&data=eyJ0b2tlbiI6Imo1NGcyIn0 HTTP/1.0" 200 - "-" "MailPoet Cron"
199.250.205.212 - - [23/Feb/2025:13:54:48 -0500] "POST /?mailpoet_router&endpoint=cron_daemon&action=run&data=eyJ0b2tlbiI6IjV4cHZnIn0 HTTP/1.0" 200 - "-" "MailPoet Cron"
199.250.205.212 - - [23/Feb/2025:13:55:09 -0500] "POST /?mailpoet_router&endpoint=cron_daemon&action=run&data=eyJ0b2tlbiI6ImNqeXZ0In0 HTTP/1.0" 200 - "-" "MailPoet Cron"
199.250.205.212 - - [23/Feb/2025:13:55:29 -0500] "POST /?mailpoet_router&endpoint=cron_daemon&action=run&data=eyJ0b2tlbiI6IjFpdzFrIn0 HTTP/1.0" 200 - "-" "MailPoet Cron"
199.250.205.212 - - [23/Feb/2025:13:56:05 -0500] "POST /wp-cron.php?doing_wp_cron=1740336965.8819570541381835937500 HTTP/1.0" 200 - "-" "WordPress/6.7.2; https://detroit.golf"
51.222.253.7 - - [23/Feb/2025:13:56:04 -0500] "GET /champions-league/ HTTP/1.0" 301 - "-" "Mozilla/5.0 (compatible; AhrefsBot/7.0; +http://ahrefs.com/robot/)"
199.250.205.212 - - [23/Feb/2025:13:55:49 -0500] "POST /?mailpoet_router&endpoint=cron_daemon&action=run&data=eyJ0b2tlbiI6ImJycHpwIn0 HTTP/1.0" 200 - "-" "MailPoet Cron"
199.250.205.212 - - [23/Feb/2025:13:56:11 -0500] "POST /?mailpoet_router&endpoint=cron_daemon&action=run&data=eyJ0b2tlbiI6ImFqOHhoIn0 HTTP/1.0" 200 - "-" "MailPoet Cron"
199.250.205.212 - - [23/Feb/2025:13:56:32 -0500] "POST /?mailpoet_router&endpoint=cron_daemon&action=run&data=eyJ0b2tlbiI6IjF1ZHhpIn0 HTTP/1.0" 200 - "-" "MailPoet Cron"
199.250.205.212 - - [23/Feb/2025:13:56:52 -0500] "POST /?mailpoet_router&endpoint=cron_daemon&action=run&data=eyJ0b2tlbiI6Im4ycXl6In0 HTTP/1.0" 200 - "-" "MailPoet Cron"
199.250.205.212 - - [23/Feb/2025:13:57:12 -0500] "POST /?mailpoet_router&endpoint=cron_daemon&action=run&data=eyJ0b2tlbiI6InZ6YTliIn0 HTTP/1.0" 200 - "-" "MailPoet Cron"
199.250.205.212 - - [23/Feb/2025:13:57:33 -0500] "POST /?mailpoet_router&endpoint=cron_daemon&action=run&data=eyJ0b2tlbiI6IjFydm1wIn0 HTTP/1.0" 200 - "-" "MailPoet Cron"
199.250.205.212 - - [23/Feb/2025:13:57:54 -0500] "POST /?mailpoet_router&endpoint=cron_daemon&action=run&data=eyJ0b2tlbiI6IjE4cXF1In0 HTTP/1.0" 200 - "-" "MailPoet Cron"
199.250.205.212 - - [23/Feb/2025:13:58:17 -0500] "POST /?mailpoet_router&endpoint=cron_daemon&action=run&data=eyJ0b2tlbiI6ImhzdHRsIn0 HTTP/1.0" 200 - "-" "MailPoet Cron"
199.250.205.212 - - [23/Feb/2025:13:58:49 -0500] "POST /wp-cron.php?doing_wp_cron=1740337129.2771239280700683593750 HTTP/1.0" 200 - "-" "WordPress/6.7.2; https://detroit.golf"
114.119.136.86 - - [23/Feb/2025:13:58:48 -0500] "GET /2022/shepherds-hollow/ HTTP/1.0" 200 83081 "https://detroit.golf/2022/__-and-__-win-the-alternate-shot/" "Mozilla/5.0 (Linux; Android 7.0;) AppleWebKit/537.36 (KHTML, like Gecko) Mobile Safari/537.36 (compatible; PetalBot;+https://webmaster.petalsearch.com/site/petalbot)"
199.250.205.212 - - [23/Feb/2025:13:58:37 -0500] "POST /?mailpoet_router&endpoint=cron_daemon&action=run&data=eyJ0b2tlbiI6ImNraG1zIn0 HTTP/1.0" 200 - "-" "MailPoet Cron"
199.250.205.212 - - [23/Feb/2025:13:59:03 -0500] "POST /?mailpoet_router&endpoint=cron_daemon&action=run&data=eyJ0b2tlbiI6Ijk3eG5hIn0 HTTP/1.0" 200 - "-" "MailPoet Cron"
199.250.205.212 - - [23/Feb/2025:13:59:23 -0500] "POST /?mailpoet_router&endpoint=cron_daemon&action=run&data=eyJ0b2tlbiI6Ing2ZmVjIn0 HTTP/1.0" 200 - "-" "MailPoet Cron"
199.250.205.212 - - [23/Feb/2025:14:03:52 -0500] "POST /wp-cron.php?doing_wp_cron=1740337432.8378360271453857421875 HTTP/1.0" 200 - "-" "WordPress/6.7.2; https://detroit.golf"
114.119.136.86 - - [23/Feb/2025:14:03:47 -0500] "GET /2021/07/22/week-16-ega-rankings/ HTTP/1.0" 301 - "-" "Mozilla/5.0 (Linux; Android 7.0;) AppleWebKit/537.36 (KHTML, like Gecko) Mobile Safari/537.36 (compatible; PetalBot;+https://webmaster.petalsearch.com/site/petalbot)"
114.119.136.86 - - [23/Feb/2025:14:03:53 -0500] "GET /2021/week-16-ega-rankings/ HTTP/1.0" 200 84350 "-" "Mozilla/5.0 (Linux; Android 7.0;) AppleWebKit/537.36 (KHTML, like Gecko) Mobile Safari/537.36 (compatible; PetalBot;+https://webmaster.petalsearch.com/site/petalbot)"
199.250.205.212 - - [23/Feb/2025:14:03:47 -0500] "POST /?mailpoet_router&endpoint=cron_daemon&action=run&data=eyJ0b2tlbiI6IjFqemM1In0 HTTP/1.0" 200 - "-" "MailPoet Cron"
199.250.205.212 - - [23/Feb/2025:14:04:07 -0500] "POST /?mailpoet_router&endpoint=cron_daemon&action=run&data=eyJ0b2tlbiI6IjFmN2l1In0 HTTP/1.0" 200 - "-" "MailPoet Cron"
199.250.205.212 - - [23/Feb/2025:14:04:26 -0500] "POST /?mailpoet_router&endpoint=cron_daemon&action=run&data=eyJ0b2tlbiI6IjFrZXV2In0 HTTP/1.0" 200 - "-" "MailPoet Cron"
199.250.205.212 - - [23/Feb/2025:14:04:46 -0500] "POST /?mailpoet_router&endpoint=cron_daemon&action=run&data=eyJ0b2tlbiI6IjEyMjd0In0 HTTP/1.0" 200 - "-" "MailPoet Cron"
199.250.205.212 - - [23/Feb/2025:14:05:05 -0500] "POST /?mailpoet_router&endpoint=cron_daemon&action=run&data=eyJ0b2tlbiI6IjF4NXRzIn0 HTTP/1.0" 200 - "-" "MailPoet Cron"
199.250.205.212 - - [23/Feb/2025:14:05:24 -0500] "POST /?mailpoet_router&endpoint=cron_daemon&action=run&data=eyJ0b2tlbiI6ImpsOGF6In0 HTTP/1.0" 200 - "-" "MailPoet Cron"
199.250.205.212 - - [23/Feb/2025:14:05:44 -0500] "POST /?mailpoet_router&endpoint=cron_daemon&action=run&data=eyJ0b2tlbiI6IjR4Zmd5In0 HTTP/1.0" 200 - "-" "MailPoet Cron"
199.250.205.212 - - [23/Feb/2025:14:06:03 -0500] "POST /?mailpoet_router&endpoint=cron_daemon&action=run&data=eyJ0b2tlbiI6IjE3aXpzIn0 HTTP/1.0" 200 - "-" "MailPoet Cron"
199.250.205.212 - - [23/Feb/2025:14:06:23 -0500] "POST /?mailpoet_router&endpoint=cron_daemon&action=run&data=eyJ0b2tlbiI6InlneTZjIn0 HTTP/1.0" 200 - "-" "MailPoet Cron"
199.250.205.212 - - [23/Feb/2025:14:06:42 -0500] "POST /?mailpoet_router&endpoint=cron_daemon&action=run&data=eyJ0b2tlbiI6ImNpcXVlIn0 HTTP/1.0" 200 - "-" "MailPoet Cron"
199.250.205.212 - - [23/Feb/2025:14:07:02 -0500] "POST /?mailpoet_router&endpoint=cron_daemon&action=run&data=eyJ0b2tlbiI6InR2NHhmIn0 HTTP/1.0" 200 - "-" "MailPoet Cron"
199.250.205.212 - - [23/Feb/2025:14:07:21 -0500] "POST /?mailpoet_router&endpoint=cron_daemon&action=run&data=eyJ0b2tlbiI6IjFxYXBzIn0 HTTP/1.0" 200 - "-" "MailPoet Cron"
199.250.205.212 - - [23/Feb/2025:14:07:41 -0500] "POST /?mailpoet_router&endpoint=cron_daemon&action=run&data=eyJ0b2tlbiI6IjEwdndoIn0 HTTP/1.0" 200 - "-" "MailPoet Cron"
199.250.205.212 - - [23/Feb/2025:14:08:00 -0500] "POST /?mailpoet_router&endpoint=cron_daemon&action=run&data=eyJ0b2tlbiI6IjZscDN3In0 HTTP/1.0" 200 - "-" "MailPoet Cron"
199.250.205.212 - - [23/Feb/2025:14:08:20 -0500] "POST /?mailpoet_router&endpoint=cron_daemon&action=run&data=eyJ0b2tlbiI6IjFnam04In0 HTTP/1.0" 200 - "-" "MailPoet Cron"
199.250.205.212 - - [23/Feb/2025:14:08:39 -0500] "POST /?mailpoet_router&endpoint=cron_daemon&action=run&data=eyJ0b2tlbiI6IjFkZmpoIn0 HTTP/1.0" 200 - "-" "MailPoet Cron"
199.250.205.212 - - [23/Feb/2025:14:08:58 -0500] "POST /?mailpoet_router&endpoint=cron_daemon&action=run&data=eyJ0b2tlbiI6IjFhaDJqIn0 HTTP/1.0" 200 - "-" "MailPoet Cron"
199.250.205.212 - - [23/Feb/2025:14:09:18 -0500] "POST /?mailpoet_router&endpoint=cron_daemon&action=run&data=eyJ0b2tlbiI6ImhiNGNlIn0 HTTP/1.0" 200 - "-" "MailPoet Cron"
199.250.205.212 - - [23/Feb/2025:14:09:37 -0500] "POST /?mailpoet_router&endpoint=cron_daemon&action=run&data=eyJ0b2tlbiI6IjFjMGE2In0 HTTP/1.0" 200 - "-" "MailPoet Cron"
199.250.205.212 - - [23/Feb/2025:14:09:57 -0500] "POST /?mailpoet_router&endpoint=cron_daemon&action=run&data=eyJ0b2tlbiI6Ink5YXMyIn0 HTTP/1.0" 200 - "-" "MailPoet Cron"
199.250.205.212 - - [23/Feb/2025:14:10:16 -0500] "POST /?mailpoet_router&endpoint=cron_daemon&action=run&data=eyJ0b2tlbiI6IjFzdncwIn0 HTTP/1.0" 200 - "-" "MailPoet Cron"
199.250.205.212 - - [23/Feb/2025:14:10:36 -0500] "POST /?mailpoet_router&endpoint=cron_daemon&action=run&data=eyJ0b2tlbiI6InBzMWx2In0 HTTP/1.0" 200 - "-" "MailPoet Cron"
199.250.205.212 - - [23/Feb/2025:14:10:55 -0500] "POST /?mailpoet_router&endpoint=cron_daemon&action=run&data=eyJ0b2tlbiI6InBsczMxIn0 HTTP/1.0" 200 - "-" "MailPoet Cron"
199.250.205.212 - - [23/Feb/2025:14:11:24 -0500] "POST /wp-cron.php?doing_wp_cron=1740337884.8147869110107421875000 HTTP/1.0" 200 - "-" "WordPress/6.7.2; https://detroit.golf"
178.20.46.206 - - [23/Feb/2025:14:11:24 -0500] "GET /2023/ega-tour-szn-iii/ HTTP/1.0" 200 89914 "https://detroit.golf/2023/ega-tour-szn-iii/#comment-11123/" "Mozilla/5.0 (Windows NT 10.0; Win64; x64) AppleWebKit/537.36 (KHTML, like Gecko) Chrome/130.0.0.0 Safari/537.36"
199.250.205.212 - - [23/Feb/2025:14:11:26 -0500] "GET /wp-json/jetpack/v4/sync/spawn-sync?time=1740337886&request_lock_id=1740337886.1812 HTTP/1.0" 200 17 "-" "WordPress/6.7.2; https://detroit.golf"
178.20.46.206 - - [23/Feb/2025:14:11:25 -0500] "POST /wp-comments-post.php HTTP/1.0" 302 - "https://detroit.golf/2023/ega-tour-szn-iii/#comment-11123/" "Mozilla/5.0 (Windows NT 10.0; Win64; x64) AppleWebKit/537.36 (KHTML, like Gecko) Chrome/130.0.0.0 Safari/537.36"
178.20.46.206 - - [23/Feb/2025:14:11:27 -0500] "GET /2023/ega-tour-szn-iii/ HTTP/1.0" 200 91761 "https://detroit.golf/2023/ega-tour-szn-iii/#comment-13079" "Mozilla/5.0 (Windows NT 10.0; Win64; x64) AppleWebKit/537.36 (KHTML, like Gecko) Chrome/130.0.0.0 Safari/537.36"
199.250.205.212 - - [23/Feb/2025:14:11:15 -0500] "POST /?mailpoet_router&endpoint=cron_daemon&action=run&data=eyJ0b2tlbiI6InVyZTU0In0 HTTP/1.0" 200 - "-" "MailPoet Cron"
199.250.205.212 - - [23/Feb/2025:14:11:34 -0500] "POST /?mailpoet_router&endpoint=cron_daemon&action=run&data=eyJ0b2tlbiI6InR3YWl5In0 HTTP/1.0" 200 - "-" "MailPoet Cron"
199.250.205.212 - - [23/Feb/2025:14:11:54 -0500] "POST /?mailpoet_router&endpoint=cron_daemon&action=run&data=eyJ0b2tlbiI6ImlwZDh3In0 HTTP/1.0" 200 - "-" "MailPoet Cron"
199.250.205.212 - - [23/Feb/2025:14:12:32 -0500] "POST /wp-cron.php?doing_wp_cron=1740337952.3668110370635986328125 HTTP/1.0" 200 - "-" "WordPress/6.7.2; https://detroit.golf"
192.0.88.45 - - [23/Feb/2025:14:12:32 -0500] "GET /feed/ HTTP/1.0" 200 9448 "-" "wp.com feedbot/1.0 (+https://wp.com;subscribers=2;feed-id=131213254)"
199.250.205.212 - - [23/Feb/2025:14:12:13 -0500] "POST /?mailpoet_router&endpoint=cron_daemon&action=run&data=eyJ0b2tlbiI6Imtvc3R4In0 HTTP/1.0" 200 - "-" "MailPoet Cron"
199.250.205.212 - - [23/Feb/2025:14:12:33 -0500] "POST /?mailpoet_router&endpoint=cron_daemon&action=run&data=eyJ0b2tlbiI6IjFkY2xzIn0 HTTP/1.0" 200 - "-" "MailPoet Cron"
199.250.205.212 - - [23/Feb/2025:14:12:52 -0500] "POST /?mailpoet_router&endpoint=cron_daemon&action=run&data=eyJ0b2tlbiI6InkwaXAzIn0 HTTP/1.0" 200 - "-" "MailPoet Cron"
199.250.205.212 - - [23/Feb/2025:14:13:11 -0500] "POST /?mailpoet_router&endpoint=cron_daemon&action=run&data=eyJ0b2tlbiI6Im4yNTZiIn0 HTTP/1.0" 200 - "-" "MailPoet Cron"
199.250.205.212 - - [23/Feb/2025:14:13:31 -0500] "POST /?mailpoet_router&endpoint=cron_daemon&action=run&data=eyJ0b2tlbiI6InE0ZmRzIn0 HTTP/1.0" 200 - "-" "MailPoet Cron"
199.250.205.212 - - [23/Feb/2025:14:13:50 -0500] "POST /?mailpoet_router&endpoint=cron_daemon&action=run&data=eyJ0b2tlbiI6IjVqaXR5In0 HTTP/1.0" 200 - "-" "MailPoet Cron"
199.250.205.212 - - [23/Feb/2025:14:14:10 -0500] "POST /?mailpoet_router&endpoint=cron_daemon&action=run&data=eyJ0b2tlbiI6IjEwaWExIn0 HTTP/1.0" 200 - "-" "MailPoet Cron"
109.228.57.19 - - [23/Feb/2025:14:14:42 -0500] "GET /wp-login.php HTTP/1.0" 200 11761 "-" "GRequests/0.10"
109.228.57.19 - - [23/Feb/2025:14:14:43 -0500] "POST /wp-login.php HTTP/1.0" 200 11761 "-" "GRequests/0.10"
199.250.205.212 - - [23/Feb/2025:14:14:44 -0500] "POST /wp-cron.php?doing_wp_cron=1740338084.4636979103088378906250 HTTP/1.0" 200 - "-" "WordPress/6.7.2; https://detroit.golf"
109.228.57.19 - - [23/Feb/2025:14:14:44 -0500] "GET /wp-admin/ HTTP/1.0" 302 - "-" "GRequests/0.10"
109.228.57.19 - - [23/Feb/2025:14:14:45 -0500] "GET /wp-login.php?redirect_to=https%3A%2F%2Fdetroit.3mp1r3.org%2Fwp-admin%2F&reauth=1 HTTP/1.0" 200 11834 "https://detroit.3mp1r3.org/wp-admin/" "GRequests/0.10"
198.23.136.133 - - [23/Feb/2025:14:14:47 -0500] "GET /admin/plugin/webUploader/server/preview.php HTTP/1.0" 404 76121 "-" "Mozilla/5.0 (Windows NT 10.0; Win64; x64) AppleWebKit/537.36 (KHTML, like Gecko) Chrome/90.0.4430.85 Safari/537.36"
199.250.205.212 - - [23/Feb/2025:14:14:29 -0500] "POST /?mailpoet_router&endpoint=cron_daemon&action=run&data=eyJ0b2tlbiI6Im1yc2xzIn0 HTTP/1.0" 200 - "-" "MailPoet Cron"
199.250.205.212 - - [23/Feb/2025:14:14:49 -0500] "POST /?mailpoet_router&endpoint=cron_daemon&action=run&data=eyJ0b2tlbiI6Ijh1ZG82In0 HTTP/1.0" 200 - "-" "MailPoet Cron"
199.250.205.212 - - [23/Feb/2025:14:15:08 -0500] "POST /?mailpoet_router&endpoint=cron_daemon&action=run&data=eyJ0b2tlbiI6IjFteDZsIn0 HTTP/1.0" 200 - "-" "MailPoet Cron"
199.250.205.212 - - [23/Feb/2025:14:15:27 -0500] "POST /?mailpoet_router&endpoint=cron_daemon&action=run&data=eyJ0b2tlbiI6IjEzZXdpIn0 HTTP/1.0" 200 - "-" "MailPoet Cron"
199.250.205.212 - - [23/Feb/2025:14:15:47 -0500] "POST /?mailpoet_router&endpoint=cron_daemon&action=run&data=eyJ0b2tlbiI6Im5vdnc4In0 HTTP/1.0" 200 - "-" "MailPoet Cron"
199.250.205.212 - - [23/Feb/2025:14:16:06 -0500] "POST /?mailpoet_router&endpoint=cron_daemon&action=run&data=eyJ0b2tlbiI6IjJiNjl6In0 HTTP/1.0" 200 - "-" "MailPoet Cron"
199.250.205.212 - - [23/Feb/2025:14:16:26 -0500] "POST /?mailpoet_router&endpoint=cron_daemon&action=run&data=eyJ0b2tlbiI6IjFzam9lIn0 HTTP/1.0" 200 - "-" "MailPoet Cron"
199.250.205.212 - - [23/Feb/2025:14:16:45 -0500] "POST /?mailpoet_router&endpoint=cron_daemon&action=run&data=eyJ0b2tlbiI6IjExY3Q2In0 HTTP/1.0" 200 - "-" "MailPoet Cron"
199.250.205.212 - - [23/Feb/2025:14:17:05 -0500] "POST /?mailpoet_router&endpoint=cron_daemon&action=run&data=eyJ0b2tlbiI6IjMwY2luIn0 HTTP/1.0" 200 - "-" "MailPoet Cron"
199.250.205.212 - - [23/Feb/2025:14:17:24 -0500] "POST /?mailpoet_router&endpoint=cron_daemon&action=run&data=eyJ0b2tlbiI6InBlajF6In0 HTTP/1.0" 200 - "-" "MailPoet Cron"
199.250.205.212 - - [23/Feb/2025:14:17:44 -0500] "POST /?mailpoet_router&endpoint=cron_daemon&action=run&data=eyJ0b2tlbiI6IjEyZWpiIn0 HTTP/1.0" 200 - "-" "MailPoet Cron"
199.250.205.212 - - [23/Feb/2025:14:18:03 -0500] "POST /?mailpoet_router&endpoint=cron_daemon&action=run&data=eyJ0b2tlbiI6IjF2cm1jIn0 HTTP/1.0" 200 - "-" "MailPoet Cron"
199.250.205.212 - - [23/Feb/2025:14:18:22 -0500] "POST /?mailpoet_router&endpoint=cron_daemon&action=run&data=eyJ0b2tlbiI6IjFuMTEzIn0 HTTP/1.0" 200 - "-" "MailPoet Cron"
199.250.205.212 - - [23/Feb/2025:14:18:54 -0500] "POST /wp-cron.php?doing_wp_cron=1740338334.8244490623474121093750 HTTP/1.0" 200 - "-" "WordPress/6.7.2; https://detroit.golf"
43.159.139.164 - - [23/Feb/2025:14:18:54 -0500] "GET / HTTP/1.0" 301 - "-" "Mozilla/5.0 (iPhone; CPU iPhone OS 13_2_3 like Mac OS X) AppleWebKit/605.1.15 (KHTML, like Gecko) Version/13.0.3 Mobile/15E148 Safari/604.1"
43.159.139.164 - - [23/Feb/2025:14:18:56 -0500] "GET / HTTP/1.0" 200 86523 "http://www.detroit.golf" "Mozilla/5.0 (iPhone; CPU iPhone OS 13_2_3 like Mac OS X) AppleWebKit/605.1.15 (KHTML, like Gecko) Version/13.0.3 Mobile/15E148 Safari/604.1"
199.250.205.212 - - [23/Feb/2025:14:18:42 -0500] "POST /?mailpoet_router&endpoint=cron_daemon&action=run&data=eyJ0b2tlbiI6InB4bnViIn0 HTTP/1.0" 200 - "-" "MailPoet Cron"
199.250.205.212 - - [23/Feb/2025:14:19:01 -0500] "POST /?mailpoet_router&endpoint=cron_daemon&action=run&data=eyJ0b2tlbiI6IjZwc2x3In0 HTTP/1.0" 200 - "-" "MailPoet Cron"
199.250.205.212 - - [23/Feb/2025:14:19:21 -0500] "POST /?mailpoet_router&endpoint=cron_daemon&action=run&data=eyJ0b2tlbiI6IjFlYmxiIn0 HTTP/1.0" 200 - "-" "MailPoet Cron"
199.250.205.212 - - [23/Feb/2025:14:19:40 -0500] "POST /?mailpoet_router&endpoint=cron_daemon&action=run&data=eyJ0b2tlbiI6IjFvaHhhIn0 HTTP/1.0" 200 - "-" "MailPoet Cron"
199.250.205.212 - - [23/Feb/2025:14:20:00 -0500] "POST /?mailpoet_router&endpoint=cron_daemon&action=run&data=eyJ0b2tlbiI6InVsNmhzIn0 HTTP/1.0" 200 - "-" "MailPoet Cron"
199.250.205.212 - - [23/Feb/2025:14:20:26 -0500] "POST /wp-cron.php?doing_wp_cron=1740338426.1354401111602783203125 HTTP/1.0" 200 - "-" "WordPress/6.7.2; https://detroit.golf"
114.119.136.86 - - [23/Feb/2025:14:20:25 -0500] "GET /2021/downing-farms/ HTTP/1.0" 200 85860 "https://detroit.golf/2021/02/02/devils-ridge/" "Mozilla/5.0 (Linux; Android 7.0;) AppleWebKit/537.36 (KHTML, like Gecko) Mobile Safari/537.36 (compatible; PetalBot;+https://webmaster.petalsearch.com/site/petalbot)"
199.250.205.212 - - [23/Feb/2025:14:20:19 -0500] "POST /?mailpoet_router&endpoint=cron_daemon&action=run&data=eyJ0b2tlbiI6ImZrd3c5In0 HTTP/1.0" 200 - "-" "MailPoet Cron"
149.156.132.42 - - [23/Feb/2025:14:20:50 -0500] "GET /wp-login.php HTTP/1.0" 200 11762 "-" "GRequests/0.10"
149.156.132.42 - - [23/Feb/2025:14:20:51 -0500] "POST /wp-login.php HTTP/1.0" 200 11762 "-" "GRequests/0.10"
199.250.205.212 - - [23/Feb/2025:14:20:52 -0500] "POST /wp-cron.php?doing_wp_cron=1740338452.4543910026550292968750 HTTP/1.0" 200 - "-" "WordPress/6.7.2; https://detroit.golf"
149.156.132.42 - - [23/Feb/2025:14:20:52 -0500] "GET /wp-admin/ HTTP/1.0" 302 - "-" "GRequests/0.10"
149.156.132.42 - - [23/Feb/2025:14:20:53 -0500] "GET /wp-login.php?redirect_to=https%3A%2F%2Fdetroit.3mp1r3.org%2Fwp-admin%2F&reauth=1 HTTP/1.0" 200 11835 "https://detroit.3mp1r3.org/wp-admin/" "GRequests/0.10"
3.149.238.13 - - [23/Feb/2025:14:20:55 -0500] "GET /robots.txt HTTP/1.0" 200 113 "-" "Mozilla/5.0 AppleWebKit/537.36 (KHTML, like Gecko; compatible; ClaudeBot/1.0; +claudebot@anthropic.com)"
3.149.238.13 - - [23/Feb/2025:14:20:55 -0500] "GET /wp-sitemap.xml HTTP/1.0" 200 1115 "-" "Mozilla/5.0 AppleWebKit/537.36 (KHTML, like Gecko; compatible; ClaudeBot/1.0; +claudebot@anthropic.com)"
199.250.205.212 - - [23/Feb/2025:14:20:39 -0500] "POST /?mailpoet_router&endpoint=cron_daemon&action=run&data=eyJ0b2tlbiI6IjQ0dmlzIn0 HTTP/1.0" 200 - "-" "MailPoet Cron"
199.250.205.212 - - [23/Feb/2025:14:20:58 -0500] "POST /?mailpoet_router&endpoint=cron_daemon&action=run&data=eyJ0b2tlbiI6Inp6MWY2In0 HTTP/1.0" 200 - "-" "MailPoet Cron"
63.135.161.10 - - [23/Feb/2025:14:21:26 -0500] "GET /2023/ega-tour-szn-iii/ HTTP/1.0" 200 89867 "http://detroit.golf/2023/ega-tour-szn-iii/" "Mozilla/5.0 (Windows NT 10.0; Win64; x64) AppleWebKit/537.36 (KHTML, like Gecko) Chrome/131.0.0.0 Safari/537.36"
63.135.161.23 - - [23/Feb/2025:14:21:27 -0500] "GET /product/ega-tour-szn-iii/ HTTP/1.0" 200 98779 "https://detroit.golf/product/ega-tour-szn-iii/" "Mozilla/5.0 (Windows NT 10.0; Win64; x64) AppleWebKit/537.36 (KHTML, like Gecko) Chrome/131.0.0.0 Safari/537.36"
199.250.205.212 - - [23/Feb/2025:14:21:29 -0500] "GET /wp-json/jetpack/v4/sync/spawn-sync?time=1740338489&request_lock_id=1740338489.5594 HTTP/1.0" 200 17 "-" "WordPress/6.7.2; https://detroit.golf"
63.135.161.33 - - [23/Feb/2025:14:21:28 -0500] "POST /wp-comments-post.php HTTP/1.0" 302 - "https://detroit.golf/product/ega-tour-szn-iii/" "Mozilla/5.0 (Windows NT 10.0; Win64; x64) AppleWebKit/537.36 (KHTML, like Gecko) Chrome/131.0.0.0 Safari/537.36"
63.135.161.24 - - [23/Feb/2025:14:21:30 -0500] "GET /product/ega-tour-szn-iii/ HTTP/1.0" 200 101391 "https://detroit.golf/product/ega-tour-szn-iii/#comment-13080" "Mozilla/5.0 (Windows NT 10.0; Win64; x64) AppleWebKit/537.36 (KHTML, like Gecko) Chrome/131.0.0.0 Safari/537.36"
199.250.205.212 - - [23/Feb/2025:14:21:31 -0500] "POST /wp-cron.php?doing_wp_cron=1740338491.8178501129150390625000 HTTP/1.0" 200 - "-" "WordPress/6.7.2; https://detroit.golf"
63.135.161.28 - - [23/Feb/2025:14:21:31 -0500] "GET /product/ega-tour-szn-iii/ HTTP/1.0" 200 101391 "https://detroit.golf/product/ega-tour-szn-iii/#comment-13080" "Mozilla/5.0 (Windows NT 10.0; Win64; x64) AppleWebKit/537.36 (KHTML, like Gecko) Chrome/131.0.0.0 Safari/537.36"
63.135.161.30 - - [23/Feb/2025:14:21:32 -0500] "GET /executive-board/ HTTP/1.0" 200 86027 "https://detroit.golf/executive-board/" "Mozilla/5.0 (Windows NT 10.0; Win64; x64) AppleWebKit/537.36 (KHTML, like Gecko) Chrome/131.0.0.0 Safari/537.36"
63.135.161.27 - - [23/Feb/2025:14:21:33 -0500] "GET /executive-board/2023/ega-tour-szn-iii/ HTTP/1.0" 301 - "https://detroit.golf/2023/ega-tour-szn-iii/" "Mozilla/5.0 (Windows NT 10.0; Win64; x64) AppleWebKit/537.36 (KHTML, like Gecko) Chrome/131.0.0.0 Safari/537.36"
199.250.205.212 - - [23/Feb/2025:14:21:17 -0500] "POST /?mailpoet_router&endpoint=cron_daemon&action=run&data=eyJ0b2tlbiI6ImkwNWVwIn0 HTTP/1.0" 200 - "-" "MailPoet Cron"
199.250.205.212 - - [23/Feb/2025:14:21:37 -0500] "POST /?mailpoet_router&endpoint=cron_daemon&action=run&data=eyJ0b2tlbiI6ImlxZ3k3In0 HTTP/1.0" 200 - "-" "MailPoet Cron"
199.250.205.212 - - [23/Feb/2025:14:21:56 -0500] "POST /?mailpoet_router&endpoint=cron_daemon&action=run&data=eyJ0b2tlbiI6Ijl0MjU4In0 HTTP/1.0" 200 - "-" "MailPoet Cron"
199.250.205.212 - - [23/Feb/2025:14:22:16 -0500] "POST /?mailpoet_router&endpoint=cron_daemon&action=run&data=eyJ0b2tlbiI6IjFsaHcwIn0 HTTP/1.0" 200 - "-" "MailPoet Cron"
199.250.205.212 - - [23/Feb/2025:14:22:42 -0500] "POST /wp-cron.php?doing_wp_cron=1740338562.4762840270996093750000 HTTP/1.0" 200 - "-" "WordPress/6.7.2; https://detroit.golf"
192.0.100.138 - - [23/Feb/2025:14:22:42 -0500] "GET /feed/ HTTP/1.0" 200 9448 "-" "wp.com feedbot/1.0 (+https://wp.com;subscribers=2;feed-id=131213254)"
199.250.205.212 - - [23/Feb/2025:14:22:35 -0500] "POST /?mailpoet_router&endpoint=cron_daemon&action=run&data=eyJ0b2tlbiI6Ijc1dDh5In0 HTTP/1.0" 200 - "-" "MailPoet Cron"
199.250.205.212 - - [23/Feb/2025:14:22:55 -0500] "POST /?mailpoet_router&endpoint=cron_daemon&action=run&data=eyJ0b2tlbiI6ImF0MXd4In0 HTTP/1.0" 200 - "-" "MailPoet Cron"
199.250.205.212 - - [23/Feb/2025:14:23:14 -0500] "POST /?mailpoet_router&endpoint=cron_daemon&action=run&data=eyJ0b2tlbiI6Ims4Y3B0In0 HTTP/1.0" 200 - "-" "MailPoet Cron"
199.250.205.212 - - [23/Feb/2025:14:23:34 -0500] "POST /?mailpoet_router&endpoint=cron_daemon&action=run&data=eyJ0b2tlbiI6IjFvZHRrIn0 HTTP/1.0" 200 - "-" "MailPoet Cron"
199.250.205.212 - - [23/Feb/2025:14:23:53 -0500] "POST /?mailpoet_router&endpoint=cron_daemon&action=run&data=eyJ0b2tlbiI6ImptczA0In0 HTTP/1.0" 200 - "-" "MailPoet Cron"
199.250.205.212 - - [23/Feb/2025:14:24:13 -0500] "POST /?mailpoet_router&endpoint=cron_daemon&action=run&data=eyJ0b2tlbiI6Im9jMGdxIn0 HTTP/1.0" 200 - "-" "MailPoet Cron"
199.250.205.212 - - [23/Feb/2025:14:24:32 -0500] "POST /?mailpoet_router&endpoint=cron_daemon&action=run&data=eyJ0b2tlbiI6InMxMnV6In0 HTTP/1.0" 200 - "-" "MailPoet Cron"
199.250.205.212 - - [23/Feb/2025:14:24:52 -0500] "POST /?mailpoet_router&endpoint=cron_daemon&action=run&data=eyJ0b2tlbiI6IjFnYzUyIn0 HTTP/1.0" 200 - "-" "MailPoet Cron"
199.250.205.212 - - [23/Feb/2025:14:25:11 -0500] "POST /?mailpoet_router&endpoint=cron_daemon&action=run&data=eyJ0b2tlbiI6IjF1N2gxIn0 HTTP/1.0" 200 - "-" "MailPoet Cron"
199.250.205.212 - - [23/Feb/2025:14:25:30 -0500] "POST /?mailpoet_router&endpoint=cron_daemon&action=run&data=eyJ0b2tlbiI6InNscDZyIn0 HTTP/1.0" 200 - "-" "MailPoet Cron"
199.250.205.212 - - [23/Feb/2025:14:25:50 -0500] "POST /?mailpoet_router&endpoint=cron_daemon&action=run&data=eyJ0b2tlbiI6ImIwOGhxIn0 HTTP/1.0" 200 - "-" "MailPoet Cron"
199.250.205.212 - - [23/Feb/2025:14:26:09 -0500] "POST /?mailpoet_router&endpoint=cron_daemon&action=run&data=eyJ0b2tlbiI6IjZucmxhIn0 HTTP/1.0" 200 - "-" "MailPoet Cron"
199.250.205.212 - - [23/Feb/2025:14:26:42 -0500] "POST /wp-cron.php?doing_wp_cron=1740338802.6101720333099365234375 HTTP/1.0" 200 - "-" "WordPress/6.7.2; https://detroit.golf"
109.228.57.163 - - [23/Feb/2025:14:26:42 -0500] "GET /wp-login.php HTTP/1.0" 200 7962 "-" "GRequests/0.10"
109.228.57.163 - - [23/Feb/2025:14:26:43 -0500] "POST /wp-login.php HTTP/1.0" 401 3424 "-" "GRequests/0.10"
109.228.57.163 - - [23/Feb/2025:14:26:43 -0500] "GET /wp-admin/ HTTP/1.0" 302 - "-" "GRequests/0.10"
