49.7.227.204 - - [23/Feb/2025:15:40:25 -0500] "GET / HTTP/1.0" 301 - "-" "Mozilla/5.0 (iPhone; CPU iPhone OS 13_2_3 like Mac OS X) AppleWebKit/605.1.15 (KHTML, like Gecko) Version/13.0.3 Mobile/15E148 Safari/604.1"
199.250.205.212 - - [23/Feb/2025:15:40:03 -0500] "POST /?mailpoet_router&endpoint=cron_daemon&action=run&data=eyJ0b2tlbiI6ImNnM3hrIn0 HTTP/1.0" 200 - "-" "MailPoet Cron"
199.250.205.212 - - [23/Feb/2025:15:40:33 -0500] "POST /wp-cron.php?doing_wp_cron=1740343233.2749540805816650390625 HTTP/1.0" 200 - "-" "WordPress/6.7.2; https://detroit.golf"
49.7.227.204 - - [23/Feb/2025:15:40:31 -0500] "GET / HTTP/1.0" 200 86523 "http://detroit.golf" "Mozilla/5.0 (iPhone; CPU iPhone OS 13_2_3 like Mac OS X) AppleWebKit/605.1.15 (KHTML, like Gecko) Version/13.0.3 Mobile/15E148 Safari/604.1"
199.250.205.212 - - [23/Feb/2025:15:40:25 -0500] "POST /?mailpoet_router&endpoint=cron_daemon&action=run&data=eyJ0b2tlbiI6ImxoZ3c4In0 HTTP/1.0" 200 - "-" "MailPoet Cron"
3.135.186.255 - - [23/Feb/2025:15:40:52 -0500] "GET /wp-json/wp/v2/posts/999 HTTP/1.0" 200 4549 "-" "Mozilla/5.0 AppleWebKit/537.36 (KHTML, like Gecko; compatible; ClaudeBot/1.0; +claudebot@anthropic.com)"
3.109.1.47 - - [23/Feb/2025:15:41:06 -0500] "GET /wp-login.php HTTP/1.0" 200 11758 "-" "GRequests/0.10"
3.109.1.47 - - [23/Feb/2025:15:41:08 -0500] "POST /wp-login.php HTTP/1.0" 200 11758 "-" "GRequests/0.10"
3.139.103.57 - - [23/Feb/2025:15:41:08 -0500] "GET /author/billgeorge/feed HTTP/1.0" 301 - "-" "Mozilla/5.0 AppleWebKit/537.36 (KHTML, like Gecko; compatible; ClaudeBot/1.0; +claudebot@anthropic.com)"
3.109.1.47 - - [23/Feb/2025:15:41:08 -0500] "GET /wp-admin/ HTTP/1.0" 302 - "-" "GRequests/0.10"
3.139.103.57 - - [23/Feb/2025:15:41:10 -0500] "GET /author/billgeorge/feed/ HTTP/1.0" 200 23606 "https://detroit.golf/author/billgeorge/feed" "Mozilla/5.0 AppleWebKit/537.36 (KHTML, like Gecko; compatible; ClaudeBot/1.0; +claudebot@anthropic.com)"
199.250.205.212 - - [23/Feb/2025:15:40:46 -0500] "POST /?mailpoet_router&endpoint=cron_daemon&action=run&data=eyJ0b2tlbiI6ImJpbGw3In0 HTTP/1.0" 200 - "-" "MailPoet Cron"
3.109.1.47 - - [23/Feb/2025:15:41:11 -0500] "GET /wp-login.php?redirect_to=https%3A%2F%2Fdetroit.golf%2Fwp-admin%2F&reauth=1 HTTP/1.0" 200 11825 "https://detroit.golf/wp-admin/" "GRequests/0.10"
199.250.205.212 - - [23/Feb/2025:15:41:06 -0500] "POST /?mailpoet_router&endpoint=cron_daemon&action=run&data=eyJ0b2tlbiI6Inl0MWUyIn0 HTTP/1.0" 200 - "-" "MailPoet Cron"
199.250.205.212 - - [23/Feb/2025:15:41:27 -0500] "POST /?mailpoet_router&endpoint=cron_daemon&action=run&data=eyJ0b2tlbiI6ImN5YWpzIn0 HTTP/1.0" 200 - "-" "MailPoet Cron"
199.250.205.212 - - [23/Feb/2025:15:42:02 -0500] "POST /wp-cron.php?doing_wp_cron=1740343322.5834980010986328125000 HTTP/1.0" 200 - "-" "WordPress/6.7.2; https://detroit.golf"
3.145.1.125 - - [23/Feb/2025:15:42:01 -0500] "GET /2023/best-ball-world-golf-weekend/feed HTTP/1.0" 301 - "-" "Mozilla/5.0 AppleWebKit/537.36 (KHTML, like Gecko; compatible; ClaudeBot/1.0; +claudebot@anthropic.com)"
3.145.1.125 - - [23/Feb/2025:15:42:02 -0500] "GET /2023/best-ball-world-golf-weekend/feed/ HTTP/1.0" 200 926 "https://detroit.golf/2023/best-ball-world-golf-weekend/feed" "Mozilla/5.0 AppleWebKit/537.36 (KHTML, like Gecko; compatible; ClaudeBot/1.0; +claudebot@anthropic.com)"
199.250.205.212 - - [23/Feb/2025:15:41:48 -0500] "POST /?mailpoet_router&endpoint=cron_daemon&action=run&data=eyJ0b2tlbiI6ImhuZzJlIn0 HTTP/1.0" 200 - "-" "MailPoet Cron"
3.17.131.133 - - [23/Feb/2025:15:42:24 -0500] "GET /wp-json/wp/v2/users/1 HTTP/1.0" 200 1412 "-" "Mozilla/5.0 AppleWebKit/537.36 (KHTML, like Gecko; compatible; ClaudeBot/1.0; +claudebot@anthropic.com)"
199.250.205.212 - - [23/Feb/2025:15:42:08 -0500] "POST /?mailpoet_router&endpoint=cron_daemon&action=run&data=eyJ0b2tlbiI6ImR5dWh6In0 HTTP/1.0" 200 - "-" "MailPoet Cron"
199.250.205.212 - - [23/Feb/2025:15:42:29 -0500] "POST /?mailpoet_router&endpoint=cron_daemon&action=run&data=eyJ0b2tlbiI6IjFic3BzIn0 HTTP/1.0" 200 - "-" "MailPoet Cron"
199.250.205.212 - - [23/Feb/2025:15:42:49 -0500] "POST /?mailpoet_router&endpoint=cron_daemon&action=run&data=eyJ0b2tlbiI6InZpdW1vIn0 HTTP/1.0" 200 - "-" "MailPoet Cron"
199.250.205.212 - - [23/Feb/2025:15:43:09 -0500] "POST /?mailpoet_router&endpoint=cron_daemon&action=run&data=eyJ0b2tlbiI6IjF5djc4In0 HTTP/1.0" 200 - "-" "MailPoet Cron"
199.250.205.212 - - [23/Feb/2025:15:43:30 -0500] "POST /?mailpoet_router&endpoint=cron_daemon&action=run&data=eyJ0b2tlbiI6Im1ubnM0In0 HTTP/1.0" 200 - "-" "MailPoet Cron"
199.250.205.212 - - [23/Feb/2025:15:43:51 -0500] "POST /?mailpoet_router&endpoint=cron_daemon&action=run&data=eyJ0b2tlbiI6ImpsaDFpIn0 HTTP/1.0" 200 - "-" "MailPoet Cron"
199.250.205.212 - - [23/Feb/2025:15:44:34 -0500] "POST /?mailpoet_router&endpoint=cron_daemon&action=run&data=eyJ0b2tlbiI6IjEwa2Q3In0 HTTP/1.0" 508 288 "-" "MailPoet Cron"
199.250.205.212 - - [23/Feb/2025:15:44:12 -0500] "POST /?mailpoet_router&endpoint=cron_daemon&action=run&data=eyJ0b2tlbiI6IjFtcHRmIn0 HTTP/1.0" 200 - "-" "MailPoet Cron"
199.250.205.212 - - [23/Feb/2025:15:45:46 -0500] "POST /wp-cron.php?doing_wp_cron=1740343546.6902348995208740234375 HTTP/1.0" 200 - "-" "WordPress/6.7.2; https://detroit.golf"
3.21.163.234 - - [23/Feb/2025:15:45:39 -0500] "GET /wp-json/wp/v2/posts/36 HTTP/1.0" 200 4001 "-" "Mozilla/5.0 AppleWebKit/537.36 (KHTML, like Gecko; compatible; ClaudeBot/1.0; +claudebot@anthropic.com)"
199.250.205.212 - - [23/Feb/2025:15:45:41 -0500] "POST /?mailpoet_router&endpoint=cron_daemon&action=run&data=eyJ0b2tlbiI6InljbmVxIn0 HTTP/1.0" 200 - "-" "MailPoet Cron"
199.250.205.212 - - [23/Feb/2025:15:46:01 -0500] "POST /?mailpoet_router&endpoint=cron_daemon&action=run&data=eyJ0b2tlbiI6IjNmb3doIn0 HTTP/1.0" 200 - "-" "MailPoet Cron"
199.250.205.212 - - [23/Feb/2025:15:46:21 -0500] "POST /?mailpoet_router&endpoint=cron_daemon&action=run&data=eyJ0b2tlbiI6IjFudGFlIn0 HTTP/1.0" 200 - "-" "MailPoet Cron"
199.250.205.212 - - [23/Feb/2025:15:46:41 -0500] "POST /?mailpoet_router&endpoint=cron_daemon&action=run&data=eyJ0b2tlbiI6Ims0ZXV2In0 HTTP/1.0" 200 - "-" "MailPoet Cron"
199.250.205.212 - - [23/Feb/2025:15:47:01 -0500] "POST /?mailpoet_router&endpoint=cron_daemon&action=run&data=eyJ0b2tlbiI6IjEwbmsxIn0 HTTP/1.0" 200 - "-" "MailPoet Cron"
199.250.205.212 - - [23/Feb/2025:15:47:22 -0500] "POST /?mailpoet_router&endpoint=cron_daemon&action=run&data=eyJ0b2tlbiI6Im5xcHpkIn0 HTTP/1.0" 200 - "-" "MailPoet Cron"
199.250.205.212 - - [23/Feb/2025:15:47:42 -0500] "POST /?mailpoet_router&endpoint=cron_daemon&action=run&data=eyJ0b2tlbiI6Ijh2YnNnIn0 HTTP/1.0" 200 - "-" "MailPoet Cron"
199.250.205.212 - - [23/Feb/2025:15:48:02 -0500] "POST /?mailpoet_router&endpoint=cron_daemon&action=run&data=eyJ0b2tlbiI6Imt4eGVkIn0 HTTP/1.0" 200 - "-" "MailPoet Cron"
199.250.205.212 - - [23/Feb/2025:15:48:39 -0500] "POST /wp-cron.php?doing_wp_cron=1740343719.5819809436798095703125 HTTP/1.0" 200 - "-" "WordPress/6.7.2; https://detroit.golf"
3.145.115.18 - - [23/Feb/2025:15:48:38 -0500] "GET /wp-json/wp/v2/posts/1662 HTTP/1.0" 200 2110 "-" "Mozilla/5.0 AppleWebKit/537.36 (KHTML, like Gecko; compatible; ClaudeBot/1.0; +claudebot@anthropic.com)"
199.250.205.212 - - [23/Feb/2025:15:48:23 -0500] "POST /?mailpoet_router&endpoint=cron_daemon&action=run&data=eyJ0b2tlbiI6IjFsMGZsIn0 HTTP/1.0" 200 - "-" "MailPoet Cron"
3.21.127.14 - - [23/Feb/2025:15:48:48 -0500] "GET /wp-json/wp/v2/posts/1021 HTTP/1.0" 200 2129 "-" "Mozilla/5.0 AppleWebKit/537.36 (KHTML, like Gecko; compatible; ClaudeBot/1.0; +claudebot@anthropic.com)"
199.250.205.212 - - [23/Feb/2025:15:48:44 -0500] "POST /?mailpoet_router&endpoint=cron_daemon&action=run&data=eyJ0b2tlbiI6ImkxbHFwIn0 HTTP/1.0" 200 - "-" "MailPoet Cron"
3.16.66.34 - - [23/Feb/2025:15:49:10 -0500] "GET /wp-json/wp/v2/categories/51 HTTP/1.0" 200 717 "-" "Mozilla/5.0 AppleWebKit/537.36 (KHTML, like Gecko; compatible; ClaudeBot/1.0; +claudebot@anthropic.com)"
199.250.205.212 - - [23/Feb/2025:15:49:05 -0500] "POST /?mailpoet_router&endpoint=cron_daemon&action=run&data=eyJ0b2tlbiI6IjFxeTkwIn0 HTTP/1.0" 200 - "-" "MailPoet Cron"
199.250.205.212 - - [23/Feb/2025:15:49:25 -0500] "POST /?mailpoet_router&endpoint=cron_daemon&action=run&data=eyJ0b2tlbiI6IjEzanVmIn0 HTTP/1.0" 200 - "-" "MailPoet Cron"
199.250.205.212 - - [23/Feb/2025:15:49:52 -0500] "POST /wp-cron.php?doing_wp_cron=1740343792.3883159160614013671875 HTTP/1.0" 200 - "-" "WordPress/6.7.2; https://detroit.golf"
128.199.116.127 - - [23/Feb/2025:15:49:50 -0500] "GET / HTTP/1.0" 301 - "-" "Mozilla/5.0 (Windows NT 10.0; Win64; x64) AppleWebKit/537.36 (KHTML, like Gecko) Chrome/63.0.2246.152 Safari/537.36"
128.199.116.127 - - [23/Feb/2025:15:49:52 -0500] "GET /wordpress/ HTTP/1.0" 404 76121 "-" "Mozilla/5.0 (Windows NT 10.0; Win64; x64) AppleWebKit/537.36 (KHTML, like Gecko) Chrome/63.0.2246.152 Safari/537.36"
199.250.205.212 - - [23/Feb/2025:15:50:04 -0500] "POST /wp-cron.php?doing_wp_cron=1740343804.0955560207366943359375 HTTP/1.0" 200 - "-" "WordPress/6.7.2; https://detroit.golf"
18.219.25.181 - - [23/Feb/2025:15:50:02 -0500] "GET /category/events/page/5 HTTP/1.0" 301 - "-" "Mozilla/5.0 AppleWebKit/537.36 (KHTML, like Gecko; compatible; ClaudeBot/1.0; +claudebot@anthropic.com)"
18.219.25.181 - - [23/Feb/2025:15:50:04 -0500] "GET /category/events/page/5/ HTTP/1.0" 200 107181 "https://detroit.golf/category/events/page/5" "Mozilla/5.0 AppleWebKit/537.36 (KHTML, like Gecko; compatible; ClaudeBot/1.0; +claudebot@anthropic.com)"
199.250.205.212 - - [23/Feb/2025:15:49:46 -0500] "POST /?mailpoet_router&endpoint=cron_daemon&action=run&data=eyJ0b2tlbiI6Ijd4cTBoIn0 HTTP/1.0" 200 - "-" "MailPoet Cron"
199.250.205.212 - - [23/Feb/2025:15:50:07 -0500] "POST /?mailpoet_router&endpoint=cron_daemon&action=run&data=eyJ0b2tlbiI6IjR3OXFiIn0 HTTP/1.0" 200 - "-" "MailPoet Cron"
199.250.205.212 - - [23/Feb/2025:15:50:27 -0500] "POST /?mailpoet_router&endpoint=cron_daemon&action=run&data=eyJ0b2tlbiI6ImYyNzgxIn0 HTTP/1.0" 200 - "-" "MailPoet Cron"
199.250.205.212 - - [23/Feb/2025:15:50:48 -0500] "POST /?mailpoet_router&endpoint=cron_daemon&action=run&data=eyJ0b2tlbiI6Ing5dnZ0In0 HTTP/1.0" 200 - "-" "MailPoet Cron"
199.250.205.212 - - [23/Feb/2025:15:51:32 -0500] "POST /wp-cron.php?doing_wp_cron=1740343892.1723721027374267578125 HTTP/1.0" 200 - "-" "WordPress/6.7.2; https://detroit.golf"
18.224.165.238 - - [23/Feb/2025:15:51:30 -0500] "GET /category/events/page/2 HTTP/1.0" 301 - "-" "Mozilla/5.0 AppleWebKit/537.36 (KHTML, like Gecko; compatible; ClaudeBot/1.0; +claudebot@anthropic.com)"
18.224.165.238 - - [23/Feb/2025:15:51:32 -0500] "GET /category/events/page/2/ HTTP/1.0" 200 113475 "https://detroit.golf/category/events/page/2" "Mozilla/5.0 AppleWebKit/537.36 (KHTML, like Gecko; compatible; ClaudeBot/1.0; +claudebot@anthropic.com)"
199.250.205.212 - - [23/Feb/2025:15:51:09 -0500] "POST /?mailpoet_router&endpoint=cron_daemon&action=run&data=eyJ0b2tlbiI6IjM1cnY4In0 HTTP/1.0" 200 - "-" "MailPoet Cron"
199.250.205.212 - - [23/Feb/2025:15:51:30 -0500] "POST /?mailpoet_router&endpoint=cron_daemon&action=run&data=eyJ0b2tlbiI6IjExNmtsIn0 HTTP/1.0" 200 - "-" "MailPoet Cron"
199.250.205.212 - - [23/Feb/2025:15:51:50 -0500] "POST /?mailpoet_router&endpoint=cron_daemon&action=run&data=eyJ0b2tlbiI6Ijk0M3E0In0 HTTP/1.0" 200 - "-" "MailPoet Cron"
199.250.205.212 - - [23/Feb/2025:15:52:31 -0500] "POST /wp-cron.php?doing_wp_cron=1740343951.3977429866790771484375 HTTP/1.0" 200 - "-" "WordPress/6.7.2; https://detroit.golf"
3.135.194.70 - - [23/Feb/2025:15:52:29 -0500] "GET /wp-json/wp/v2/posts/1664 HTTP/1.0" 200 2117 "-" "Mozilla/5.0 AppleWebKit/537.36 (KHTML, like Gecko; compatible; ClaudeBot/1.0; +claudebot@anthropic.com)"
199.250.205.212 - - [23/Feb/2025:15:52:11 -0500] "POST /?mailpoet_router&endpoint=cron_daemon&action=run&data=eyJ0b2tlbiI6ImR3cndsIn0 HTTP/1.0" 200 - "-" "MailPoet Cron"
199.250.205.212 - - [23/Feb/2025:15:52:33 -0500] "POST /?mailpoet_router&endpoint=cron_daemon&action=run&data=eyJ0b2tlbiI6IjFjdTlhIn0 HTTP/1.0" 200 - "-" "MailPoet Cron"
199.250.205.212 - - [23/Feb/2025:15:52:53 -0500] "POST /?mailpoet_router&endpoint=cron_daemon&action=run&data=eyJ0b2tlbiI6InFydnVyIn0 HTTP/1.0" 200 - "-" "MailPoet Cron"
199.250.205.212 - - [23/Feb/2025:15:53:14 -0500] "POST /?mailpoet_router&endpoint=cron_daemon&action=run&data=eyJ0b2tlbiI6IjF5YWoxIn0 HTTP/1.0" 200 - "-" "MailPoet Cron"
199.250.205.212 - - [23/Feb/2025:15:53:35 -0500] "POST /?mailpoet_router&endpoint=cron_daemon&action=run&data=eyJ0b2tlbiI6IjFvbDFjIn0 HTTP/1.0" 200 - "-" "MailPoet Cron"
199.250.205.212 - - [23/Feb/2025:15:53:56 -0500] "POST /?mailpoet_router&endpoint=cron_daemon&action=run&data=eyJ0b2tlbiI6IjFqeXljIn0 HTTP/1.0" 200 - "-" "MailPoet Cron"
199.250.205.212 - - [23/Feb/2025:15:54:17 -0500] "POST /?mailpoet_router&endpoint=cron_daemon&action=run&data=eyJ0b2tlbiI6InYwdGJ1In0 HTTP/1.0" 200 - "-" "MailPoet Cron"
199.250.205.212 - - [23/Feb/2025:15:54:37 -0500] "POST /?mailpoet_router&endpoint=cron_daemon&action=run&data=eyJ0b2tlbiI6IjF3eTNsIn0 HTTP/1.0" 200 - "-" "MailPoet Cron"
199.250.205.212 - - [23/Feb/2025:15:54:58 -0500] "POST /?mailpoet_router&endpoint=cron_daemon&action=run&data=eyJ0b2tlbiI6Im0zZHZlIn0 HTTP/1.0" 200 - "-" "MailPoet Cron"
199.250.205.212 - - [23/Feb/2025:15:55:18 -0500] "POST /?mailpoet_router&endpoint=cron_daemon&action=run&data=eyJ0b2tlbiI6IjFwOWpvIn0 HTTP/1.0" 200 - "-" "MailPoet Cron"
199.250.205.212 - - [23/Feb/2025:15:55:39 -0500] "POST /?mailpoet_router&endpoint=cron_daemon&action=run&data=eyJ0b2tlbiI6IjEzZW9pIn0 HTTP/1.0" 200 - "-" "MailPoet Cron"
199.250.205.212 - - [23/Feb/2025:15:55:59 -0500] "POST /?mailpoet_router&endpoint=cron_daemon&action=run&data=eyJ0b2tlbiI6IjFwdnFuIn0 HTTP/1.0" 200 - "-" "MailPoet Cron"
199.250.205.212 - - [23/Feb/2025:15:56:28 -0500] "POST /wp-cron.php?doing_wp_cron=1740344188.5048329830169677734375 HTTP/1.0" 200 - "-" "WordPress/6.7.2; https://detroit.golf"
18.118.186.225 - - [23/Feb/2025:15:56:27 -0500] "GET /2023/best-ball-3l1t3-challenge-series-kickoff/feed HTTP/1.0" 301 - "-" "Mozilla/5.0 AppleWebKit/537.36 (KHTML, like Gecko; compatible; ClaudeBot/1.0; +claudebot@anthropic.com)"
18.118.186.225 - - [23/Feb/2025:15:56:28 -0500] "GET /2023/best-ball-3l1t3-challenge-series-kickoff/feed/ HTTP/1.0" 200 1006 "https://detroit.golf/2023/best-ball-3l1t3-challenge-series-kickoff/feed" "Mozilla/5.0 AppleWebKit/537.36 (KHTML, like Gecko; compatible; ClaudeBot/1.0; +claudebot@anthropic.com)"
199.250.205.212 - - [23/Feb/2025:15:56:20 -0500] "POST /?mailpoet_router&endpoint=cron_daemon&action=run&data=eyJ0b2tlbiI6IjFreHQ5In0 HTTP/1.0" 200 - "-" "MailPoet Cron"
199.250.205.212 - - [23/Feb/2025:15:57:02 -0500] "POST /wp-cron.php?doing_wp_cron=1740344222.2870008945465087890625 HTTP/1.0" 200 - "-" "WordPress/6.7.2; https://detroit.golf"
3.141.30.222 - - [23/Feb/2025:15:57:00 -0500] "GET /category/events/feed HTTP/1.0" 301 - "-" "Mozilla/5.0 AppleWebKit/537.36 (KHTML, like Gecko; compatible; ClaudeBot/1.0; +claudebot@anthropic.com)"
3.141.30.222 - - [23/Feb/2025:15:57:02 -0500] "GET /category/events/feed/ HTTP/1.0" 200 9495 "https://detroit.golf/category/events/feed" "Mozilla/5.0 AppleWebKit/537.36 (KHTML, like Gecko; compatible; ClaudeBot/1.0; +claudebot@anthropic.com)"
199.250.205.212 - - [23/Feb/2025:15:56:40 -0500] "POST /?mailpoet_router&endpoint=cron_daemon&action=run&data=eyJ0b2tlbiI6InJuaWJwIn0 HTTP/1.0" 200 - "-" "MailPoet Cron"
199.250.205.212 - - [23/Feb/2025:15:57:00 -0500] "POST /?mailpoet_router&endpoint=cron_daemon&action=run&data=eyJ0b2tlbiI6IjF5MG1rIn0 HTTP/1.0" 200 - "-" "MailPoet Cron"
199.250.205.212 - - [23/Feb/2025:15:57:33 -0500] "POST /wp-cron.php?doing_wp_cron=1740344253.8042299747467041015625 HTTP/1.0" 200 - "-" "WordPress/6.7.2; https://detroit.golf"
52.167.144.174 - - [23/Feb/2025:15:57:32 -0500] "GET /wp-sitemap.xml HTTP/1.0" 200 1115 "-" "Mozilla/5.0 AppleWebKit/537.36 (KHTML, like Gecko; compatible; bingbot/2.0; +http://www.bing.com/bingbot.htm) Chrome/116.0.1938.76 Safari/537.36"
18.191.174.5 - - [23/Feb/2025:15:57:41 -0500] "GET /wp-json/wp/v2/posts/1009 HTTP/1.0" 200 2359 "-" "Mozilla/5.0 AppleWebKit/537.36 (KHTML, like Gecko; compatible; ClaudeBot/1.0; +claudebot@anthropic.com)"
52.14.223.221 - - [23/Feb/2025:15:57:43 -0500] "GET /2023/3-club-challenge-all-star-weekend/feed HTTP/1.0" 301 - "-" "Mozilla/5.0 AppleWebKit/537.36 (KHTML, like Gecko; compatible; ClaudeBot/1.0; +claudebot@anthropic.com)"
18.117.170.115 - - [23/Feb/2025:15:57:42 -0500] "GET /wp-json/wp/v2/categories/33 HTTP/1.0" 200 611 "-" "Mozilla/5.0 AppleWebKit/537.36 (KHTML, like Gecko; compatible; ClaudeBot/1.0; +claudebot@anthropic.com)"
52.14.223.221 - - [23/Feb/2025:15:57:44 -0500] "GET /2023/3-club-challenge-all-star-weekend/feed/ HTTP/1.0" 200 941 "https://detroit.golf/2023/3-club-challenge-all-star-weekend/feed" "Mozilla/5.0 AppleWebKit/537.36 (KHTML, like Gecko; compatible; ClaudeBot/1.0; +claudebot@anthropic.com)"
199.250.205.212 - - [23/Feb/2025:15:57:21 -0500] "POST /?mailpoet_router&endpoint=cron_daemon&action=run&data=eyJ0b2tlbiI6IjFmaTk2In0 HTTP/1.0" 200 - "-" "MailPoet Cron"
199.250.205.212 - - [23/Feb/2025:15:57:42 -0500] "POST /?mailpoet_router&endpoint=cron_daemon&action=run&data=eyJ0b2tlbiI6ImNpODB4In0 HTTP/1.0" 200 - "-" "MailPoet Cron"
199.250.205.212 - - [23/Feb/2025:15:58:02 -0500] "POST /?mailpoet_router&endpoint=cron_daemon&action=run&data=eyJ0b2tlbiI6Ing4bWRzIn0 HTTP/1.0" 200 - "-" "MailPoet Cron"
199.250.205.212 - - [23/Feb/2025:15:58:23 -0500] "POST /?mailpoet_router&endpoint=cron_daemon&action=run&data=eyJ0b2tlbiI6IjFpaWlnIn0 HTTP/1.0" 200 - "-" "MailPoet Cron"
199.250.205.212 - - [23/Feb/2025:15:58:44 -0500] "POST /?mailpoet_router&endpoint=cron_daemon&action=run&data=eyJ0b2tlbiI6IjFwY3Q0In0 HTTP/1.0" 200 - "-" "MailPoet Cron"
199.250.205.212 - - [23/Feb/2025:15:59:04 -0500] "POST /?mailpoet_router&endpoint=cron_daemon&action=run&data=eyJ0b2tlbiI6IjFjeGczIn0 HTTP/1.0" 200 - "-" "MailPoet Cron"
199.250.205.212 - - [23/Feb/2025:15:59:31 -0500] "POST /wp-cron.php?doing_wp_cron=1740344371.3694550991058349609375 HTTP/1.0" 200 - "-" "WordPress/6.7.2; https://detroit.golf"
185.245.105.171 - - [23/Feb/2025:15:59:29 -0500] "GET /2023/ega-tour-szn-iii/ HTTP/1.0" 200 89914 "https://detroit.golf/2023/ega-tour-szn-iii/" "Mozilla/5.0 (Windows NT 10.0; Win64; x64) AppleWebKit/537.36 (KHTML, like Gecko) Chrome/131.0.0.0 Safari/537.36"
77.238.235.209 - - [23/Feb/2025:15:59:29 -0500] "GET /2023/ega-tour-szn-iii/ HTTP/1.0" 200 89914 "https://detroit.golf/2023/ega-tour-szn-iii/" "Mozilla/5.0 (Windows NT 10.0; Win64; x64) AppleWebKit/537.36 (KHTML, like Gecko) Chrome/130.0.0.0 Safari/537.36"
212.34.147.142 - - [23/Feb/2025:15:59:30 -0500] "GET /2023/ega-tour-szn-iii/ HTTP/1.0" 200 89914 "https://detroit.golf/2023/ega-tour-szn-iii/" "Mozilla/5.0 (Windows NT 10.0; Win64; x64) AppleWebKit/537.36 (KHTML, like Gecko) Chrome/130.0.0.0 Safari/537.36 CCleaner/130.0.0.0"
77.238.235.209 - - [23/Feb/2025:15:59:32 -0500] "POST /wp-comments-post.php HTTP/1.0" 302 - "https://detroit.golf/2023/ega-tour-szn-iii/" "Mozilla/5.0 (Windows NT 10.0; Win64; x64) AppleWebKit/537.36 (KHTML, like Gecko) Chrome/130.0.0.0 Safari/537.36"
212.34.147.142 - - [23/Feb/2025:15:59:32 -0500] "POST /wp-comments-post.php HTTP/1.0" 302 - "https://detroit.golf/2023/ega-tour-szn-iii/" "Mozilla/5.0 (Windows NT 10.0; Win64; x64) AppleWebKit/537.36 (KHTML, like Gecko) Chrome/130.0.0.0 Safari/537.36 CCleaner/130.0.0.0"
185.245.105.171 - - [23/Feb/2025:15:59:32 -0500] "POST /wp-comments-post.php HTTP/1.0" 302 - "https://detroit.golf/2023/ega-tour-szn-iii/" "Mozilla/5.0 (Windows NT 10.0; Win64; x64) AppleWebKit/537.36 (KHTML, like Gecko) Chrome/131.0.0.0 Safari/537.36"
199.250.205.212 - - [23/Feb/2025:15:59:36 -0500] "GET /wp-json/jetpack/v4/sync/spawn-sync?time=1740344376&request_lock_id=1740344376.1782 HTTP/1.0" 200 17 "-" "WordPress/6.7.2; https://detroit.golf"
77.238.235.209 - - [23/Feb/2025:15:59:36 -0500] "GET /2023/ega-tour-szn-iii/ HTTP/1.0" 200 91706 "https://detroit.golf/2023/ega-tour-szn-iii/#comment-13082" "Mozilla/5.0 (Windows NT 10.0; Win64; x64) AppleWebKit/537.36 (KHTML, like Gecko) Chrome/130.0.0.0 Safari/537.36"
212.34.147.142 - - [23/Feb/2025:15:59:36 -0500] "GET /2023/ega-tour-szn-iii/ HTTP/1.0" 200 91714 "https://detroit.golf/2023/ega-tour-szn-iii/#comment-13084" "Mozilla/5.0 (Windows NT 10.0; Win64; x64) AppleWebKit/537.36 (KHTML, like Gecko) Chrome/130.0.0.0 Safari/537.36 CCleaner/130.0.0.0"
185.245.105.171 - - [23/Feb/2025:15:59:37 -0500] "GET /2023/ega-tour-szn-iii/ HTTP/1.0" 200 91707 "https://detroit.golf/2023/ega-tour-szn-iii/#comment-13083" "Mozilla/5.0 (Windows NT 10.0; Win64; x64) AppleWebKit/537.36 (KHTML, like Gecko) Chrome/131.0.0.0 Safari/537.36"
199.250.205.212 - - [23/Feb/2025:15:59:25 -0500] "POST /?mailpoet_router&endpoint=cron_daemon&action=run&data=eyJ0b2tlbiI6ImI3Y2N2In0 HTTP/1.0" 200 - "-" "MailPoet Cron"
199.250.205.212 - - [23/Feb/2025:15:59:46 -0500] "POST /?mailpoet_router&endpoint=cron_daemon&action=run&data=eyJ0b2tlbiI6ImM0bnppIn0 HTTP/1.0" 200 - "-" "MailPoet Cron"
199.250.205.212 - - [23/Feb/2025:16:00:06 -0500] "POST /?mailpoet_router&endpoint=cron_daemon&action=run&data=eyJ0b2tlbiI6IjEzYzRtIn0 HTTP/1.0" 200 - "-" "MailPoet Cron"
199.250.205.212 - - [23/Feb/2025:16:00:46 -0500] "POST /wp-cron.php?doing_wp_cron=1740344446.2899849414825439453125 HTTP/1.0" 200 - "-" "WordPress/6.7.2; https://detroit.golf"
5.3.217.205 - - [23/Feb/2025:16:00:44 -0500] "GET / HTTP/1.0" 301 - "http://detroit.golf/" "Mozilla/5.0 (Windows NT 10.0; Win64; x64) AppleWebKit/537.36 (KHTML, like Gecko) Chrome/131.0.0.0 Safari/537.36"
192.0.91.91 - - [23/Feb/2025:16:00:44 -0500] "GET /feed/ HTTP/1.0" 200 9448 "-" "wp.com feedbot/1.0 (+https://wp.com;subscribers=2;feed-id=131213254)"
3.144.8.172 - - [23/Feb/2025:16:00:45 -0500] "GET /2021/champions-league-round-1/feed HTTP/1.0" 301 - "-" "Mozilla/5.0 AppleWebKit/537.36 (KHTML, like Gecko; compatible; ClaudeBot/1.0; +claudebot@anthropic.com)"
5.3.217.205 - - [23/Feb/2025:16:00:47 -0500] "GET / HTTP/1.0" 200 86523 "https://detroit.golf/" "Mozilla/5.0 (Windows NT 10.0; Win64; x64) AppleWebKit/537.36 (KHTML, like Gecko) Chrome/131.0.0.0 Safari/537.36"
3.144.8.172 - - [23/Feb/2025:16:00:47 -0500] "GET /2021/champions-league-round-1/feed/ HTTP/1.0" 200 915 "https://detroit.golf/2021/champions-league-round-1/feed" "Mozilla/5.0 AppleWebKit/537.36 (KHTML, like Gecko; compatible; ClaudeBot/1.0; +claudebot@anthropic.com)"
5.3.217.205 - - [23/Feb/2025:16:00:49 -0500] "GET /executive-board/ HTTP/1.0" 200 86027 "https://detroit.golf/executive-board/" "Mozilla/5.0 (Windows NT 10.0; Win64; x64) AppleWebKit/537.36 (KHTML, like Gecko) Chrome/131.0.0.0 Safari/537.36"
199.250.205.212 - - [23/Feb/2025:16:00:27 -0500] "POST /?mailpoet_router&endpoint=cron_daemon&action=run&data=eyJ0b2tlbiI6InYzbnljIn0 HTTP/1.0" 200 - "-" "MailPoet Cron"
189.126.111.130 - - [23/Feb/2025:16:00:57 -0500] "GET /wp-login.php HTTP/1.0" 200 11763 "-" "GRequests/0.10"
189.126.111.130 - - [23/Feb/2025:16:00:59 -0500] "POST /wp-login.php HTTP/1.0" 200 11763 "-" "GRequests/0.10"
189.126.111.130 - - [23/Feb/2025:16:00:59 -0500] "GET /wp-admin/ HTTP/1.0" 302 - "-" "GRequests/0.10"
189.126.111.130 - - [23/Feb/2025:16:01:02 -0500] "GET /wp-admin/ HTTP/1.0" 302 - "http://detroit.golf/wp-admin/" "GRequests/0.10"
189.126.111.130 - - [23/Feb/2025:16:01:04 -0500] "GET /wp-login.php?redirect_to=https%3A%2F%2Fdetroit.golf%2Fwp-admin%2F&reauth=1 HTTP/1.0" 200 11830 "https://detroit.golf/wp-admin/" "GRequests/0.10"
199.250.205.212 - - [23/Feb/2025:16:00:47 -0500] "POST /?mailpoet_router&endpoint=cron_daemon&action=run&data=eyJ0b2tlbiI6ImprYmNmIn0 HTTP/1.0" 200 - "-" "MailPoet Cron"
199.250.205.212 - - [23/Feb/2025:16:01:08 -0500] "POST /?mailpoet_router&endpoint=cron_daemon&action=run&data=eyJ0b2tlbiI6InpxOGtjIn0 HTTP/1.0" 200 - "-" "MailPoet Cron"
199.250.205.212 - - [23/Feb/2025:16:01:29 -0500] "POST /?mailpoet_router&endpoint=cron_daemon&action=run&data=eyJ0b2tlbiI6InJrb2ZuIn0 HTTP/1.0" 200 - "-" "MailPoet Cron"
199.250.205.212 - - [23/Feb/2025:16:01:50 -0500] "POST /?mailpoet_router&endpoint=cron_daemon&action=run&data=eyJ0b2tlbiI6IjE2ZDBmIn0 HTTP/1.0" 200 - "-" "MailPoet Cron"
199.250.205.212 - - [23/Feb/2025:16:02:26 -0500] "POST /wp-cron.php?doing_wp_cron=1740344546.1836988925933837890625 HTTP/1.0" 200 - "-" "WordPress/6.7.2; https://detroit.golf"
3.144.26.77 - - [23/Feb/2025:16:02:24 -0500] "GET /wp-json/wp/v2/product/1771 HTTP/1.0" 200 2314 "-" "Mozilla/5.0 AppleWebKit/537.36 (KHTML, like Gecko; compatible; ClaudeBot/1.0; +claudebot@anthropic.com)"
199.250.205.212 - - [23/Feb/2025:16:02:37 -0500] "POST /?mailpoet_router&endpoint=cron_daemon&action=run&data=eyJ0b2tlbiI6IjE0ZnpnIn0 HTTP/1.0" 508 288 "-" "MailPoet Cron"
199.250.205.212 - - [23/Feb/2025:16:02:16 -0500] "POST /?mailpoet_router&endpoint=cron_daemon&action=run&data=eyJ0b2tlbiI6ImJ1c25tIn0 HTTP/1.0" 200 - "-" "MailPoet Cron"
3.147.36.146 - - [23/Feb/2025:16:02:54 -0500] "GET /2023/3l1t3-open-championship/feed HTTP/1.0" 508 288 "-" "Mozilla/5.0 AppleWebKit/537.36 (KHTML, like Gecko; compatible; ClaudeBot/1.0; +claudebot@anthropic.com)"
199.250.205.212 - - [23/Feb/2025:16:07:24 -0500] "POST /wp-cron.php?doing_wp_cron=1740344844.3738820552825927734375 HTTP/1.0" 200 - "-" "WordPress/6.7.2; https://detroit.golf"
3.134.86.250 - - [23/Feb/2025:16:07:16 -0500] "GET /2023/3rd-annual-detroit-youth-classic HTTP/1.0" 301 - "-" "Mozilla/5.0 AppleWebKit/537.36 (KHTML, like Gecko; compatible; ClaudeBot/1.0; +claudebot@anthropic.com)"
3.134.86.250 - - [23/Feb/2025:16:07:24 -0500] "GET /2023/3rd-annual-detroit-youth-classic/ HTTP/1.0" 200 15312 "https://detroit.golf/2023/3rd-annual-detroit-youth-classic" "Mozilla/5.0 AppleWebKit/537.36 (KHTML, like Gecko; compatible; ClaudeBot/1.0; +claudebot@anthropic.com)"
199.250.205.212 - - [23/Feb/2025:16:07:19 -0500] "POST /?mailpoet_router&endpoint=cron_daemon&action=run&data=eyJ0b2tlbiI6IjFpYzJmIn0 HTTP/1.0" 200 - "-" "MailPoet Cron"
199.250.205.212 - - [23/Feb/2025:16:07:39 -0500] "POST /?mailpoet_router&endpoint=cron_daemon&action=run&data=eyJ0b2tlbiI6IjExNnB6In0 HTTP/1.0" 200 - "-" "MailPoet Cron"
199.250.205.212 - - [23/Feb/2025:16:08:09 -0500] "POST /wp-cron.php?doing_wp_cron=1740344889.4890890121459960937500 HTTP/1.0" 200 - "-" "WordPress/6.7.2; https://detroit.golf"
3.139.99.32 - - [23/Feb/2025:16:08:08 -0500] "GET /wp-json/wp/v2/posts/1001 HTTP/1.0" 200 2409 "-" "Mozilla/5.0 AppleWebKit/537.36 (KHTML, like Gecko; compatible; ClaudeBot/1.0; +claudebot@anthropic.com)"
199.250.205.212 - - [23/Feb/2025:16:07:59 -0500] "POST /?mailpoet_router&endpoint=cron_daemon&action=run&data=eyJ0b2tlbiI6Im41Mm84In0 HTTP/1.0" 200 - "-" "MailPoet Cron"
173.252.83.10 - - [23/Feb/2025:16:08:25 -0500] "GET /robots.txt HTTP/1.0" 200 113 "-" "facebookexternalhit/1.1 (+http://www.facebook.com/externalhit_uatext.php)"
57.141.0.8 - - [23/Feb/2025:16:08:27 -0500] "GET /2021/week-5-ega-rankings/ HTTP/1.0" 200 84488 "-" "meta-externalagent/1.1 (+https://developers.facebook.com/docs/sharing/webmasters/crawler)"
199.250.205.212 - - [23/Feb/2025:16:08:20 -0500] "POST /?mailpoet_router&endpoint=cron_daemon&action=run&data=eyJ0b2tlbiI6IjEycTA1In0 HTTP/1.0" 200 - "-" "MailPoet Cron"
88.117.147.115 - - [23/Feb/2025:16:08:58 -0500] "GET /wp-login.php HTTP/1.0" 200 11762 "-" "GRequests/0.10"
88.117.147.115 - - [23/Feb/2025:16:08:59 -0500] "POST /wp-login.php HTTP/1.0" 200 11762 "-" "GRequests/0.10"
199.250.205.212 - - [23/Feb/2025:16:09:01 -0500] "POST /wp-cron.php?doing_wp_cron=1740344940.9973249435424804687500 HTTP/1.0" 200 - "-" "WordPress/6.7.2; https://detroit.golf"
88.117.147.115 - - [23/Feb/2025:16:08:59 -0500] "GET /wp-admin/ HTTP/1.0" 302 - "-" "GRequests/0.10"
88.117.147.115 - - [23/Feb/2025:16:09:02 -0500] "GET /wp-login.php?redirect_to=https%3A%2F%2Fdetroit.3mp1r3.org%2Fwp-admin%2F&reauth=1 HTTP/1.0" 200 11835 "https://detroit.3mp1r3.org/wp-admin/" "GRequests/0.10"
199.250.205.212 - - [23/Feb/2025:16:08:40 -0500] "POST /?mailpoet_router&endpoint=cron_daemon&action=run&data=eyJ0b2tlbiI6InNzM2FnIn0 HTTP/1.0" 200 - "-" "MailPoet Cron"
199.250.205.212 - - [23/Feb/2025:16:09:01 -0500] "POST /?mailpoet_router&endpoint=cron_daemon&action=run&data=eyJ0b2tlbiI6InNxYTEyIn0 HTTP/1.0" 200 - "-" "MailPoet Cron"
199.250.205.212 - - [23/Feb/2025:16:09:22 -0500] "POST /?mailpoet_router&endpoint=cron_daemon&action=run&data=eyJ0b2tlbiI6IjE3MXFsIn0 HTTP/1.0" 200 - "-" "MailPoet Cron"
199.250.205.212 - - [23/Feb/2025:16:09:54 -0500] "POST /wp-cron.php?doing_wp_cron=1740344993.9754209518432617187500 HTTP/1.0" 200 - "-" "WordPress/6.7.2; https://detroit.golf"
3.144.252.170 - - [23/Feb/2025:16:09:52 -0500] "GET /wp-json/wp/v2/posts/1005 HTTP/1.0" 200 2514 "-" "Mozilla/5.0 AppleWebKit/537.36 (KHTML, like Gecko; compatible; ClaudeBot/1.0; +claudebot@anthropic.com)"
199.250.205.212 - - [23/Feb/2025:16:10:05 -0500] "POST /wp-cron.php?doing_wp_cron=1740345005.3852910995483398437500 HTTP/1.0" 200 - "-" "WordPress/6.7.2; https://detroit.golf"
18.224.251.175 - - [23/Feb/2025:16:10:03 -0500] "GET /category/events/scramble/feed HTTP/1.0" 301 - "-" "Mozilla/5.0 AppleWebKit/537.36 (KHTML, like Gecko; compatible; ClaudeBot/1.0; +claudebot@anthropic.com)"
18.224.251.175 - - [23/Feb/2025:16:10:05 -0500] "GET /category/events/scramble/feed/ HTTP/1.0" 200 3786 "https://detroit.golf/category/events/scramble/feed" "Mozilla/5.0 AppleWebKit/537.36 (KHTML, like Gecko; compatible; ClaudeBot/1.0; +claudebot@anthropic.com)"
199.250.205.212 - - [23/Feb/2025:16:09:43 -0500] "POST /?mailpoet_router&endpoint=cron_daemon&action=run&data=eyJ0b2tlbiI6Inc2MXZsIn0 HTTP/1.0" 200 - "-" "MailPoet Cron"
199.250.205.212 - - [23/Feb/2025:16:10:05 -0500] "POST /?mailpoet_router&endpoint=cron_daemon&action=run&data=eyJ0b2tlbiI6IjF4dnkyIn0 HTTP/1.0" 200 - "-" "MailPoet Cron"
199.250.205.212 - - [23/Feb/2025:16:10:26 -0500] "POST /?mailpoet_router&endpoint=cron_daemon&action=run&data=eyJ0b2tlbiI6IjEyandtIn0 HTTP/1.0" 200 - "-" "MailPoet Cron"
199.250.205.212 - - [23/Feb/2025:16:10:59 -0500] "POST /wp-cron.php?doing_wp_cron=1740345059.4803659915924072265625 HTTP/1.0" 200 - "-" "WordPress/6.7.2; https://detroit.golf"
51.222.253.13 - - [23/Feb/2025:16:10:58 -0500] "GET /2024/4th-annual-detroit-youth-classic/feed/ HTTP/1.0" 200 931 "-" "Mozilla/5.0 (compatible; AhrefsBot/7.0; +http://ahrefs.com/robot/)"
199.250.205.212 - - [23/Feb/2025:16:10:47 -0500] "POST /?mailpoet_router&endpoint=cron_daemon&action=run&data=eyJ0b2tlbiI6Imo2bml6In0 HTTP/1.0" 200 - "-" "MailPoet Cron"
199.250.205.212 - - [23/Feb/2025:16:11:07 -0500] "POST /?mailpoet_router&endpoint=cron_daemon&action=run&data=eyJ0b2tlbiI6IjF0bWI4In0 HTTP/1.0" 200 - "-" "MailPoet Cron"
199.250.205.212 - - [23/Feb/2025:16:11:28 -0500] "POST /?mailpoet_router&endpoint=cron_daemon&action=run&data=eyJ0b2tlbiI6IjFnbjE5In0 HTTP/1.0" 200 - "-" "MailPoet Cron"
199.250.205.212 - - [23/Feb/2025:16:11:49 -0500] "POST /?mailpoet_router&endpoint=cron_daemon&action=run&data=eyJ0b2tlbiI6IjF5a2dvIn0 HTTP/1.0" 200 - "-" "MailPoet Cron"
199.250.205.212 - - [23/Feb/2025:16:12:10 -0500] "POST /?mailpoet_router&endpoint=cron_daemon&action=run&data=eyJ0b2tlbiI6IjFwcTdzIn0 HTTP/1.0" 200 - "-" "MailPoet Cron"
199.250.205.212 - - [23/Feb/2025:16:12:31 -0500] "POST /?mailpoet_router&endpoint=cron_daemon&action=run&data=eyJ0b2tlbiI6IjFscmF0In0 HTTP/1.0" 200 - "-" "MailPoet Cron"
199.250.205.212 - - [23/Feb/2025:16:12:52 -0500] "POST /?mailpoet_router&endpoint=cron_daemon&action=run&data=eyJ0b2tlbiI6InI0eGVxIn0 HTTP/1.0" 200 - "-" "MailPoet Cron"
199.250.205.212 - - [23/Feb/2025:16:13:13 -0500] "POST /?mailpoet_router&endpoint=cron_daemon&action=run&data=eyJ0b2tlbiI6IjFrN2U0In0 HTTP/1.0" 200 - "-" "MailPoet Cron"
199.250.205.212 - - [23/Feb/2025:16:13:34 -0500] "POST /?mailpoet_router&endpoint=cron_daemon&action=run&data=eyJ0b2tlbiI6IjE2cmxsIn0 HTTP/1.0" 200 - "-" "MailPoet Cron"
199.250.205.212 - - [23/Feb/2025:16:13:55 -0500] "POST /?mailpoet_router&endpoint=cron_daemon&action=run&data=eyJ0b2tlbiI6ImVuaGF0In0 HTTP/1.0" 200 - "-" "MailPoet Cron"
199.250.205.212 - - [23/Feb/2025:16:14:15 -0500] "POST /?mailpoet_router&endpoint=cron_daemon&action=run&data=eyJ0b2tlbiI6IjExODV3In0 HTTP/1.0" 200 - "-" "MailPoet Cron"
199.250.205.212 - - [23/Feb/2025:16:14:34 -0500] "POST /?mailpoet_router&endpoint=cron_daemon&action=run&data=eyJ0b2tlbiI6IjF2NTE2In0 HTTP/1.0" 200 - "-" "MailPoet Cron"
199.250.205.212 - - [23/Feb/2025:16:15:03 -0500] "POST /wp-cron.php?doing_wp_cron=1740345303.7873799800872802734375 HTTP/1.0" 200 - "-" "WordPress/6.7.2; https://detroit.golf"
3.137.222.204 - - [23/Feb/2025:16:15:02 -0500] "GET /2022/__-and-__-win-the-alternate-shot/feed HTTP/1.0" 301 - "-" "Mozilla/5.0 AppleWebKit/537.36 (KHTML, like Gecko; compatible; ClaudeBot/1.0; +claudebot@anthropic.com)"
3.137.222.204 - - [23/Feb/2025:16:15:04 -0500] "GET /2022/__-and-__-win-the-alternate-shot/feed/ HTTP/1.0" 200 931 "https://detroit.golf/2022/__-and-__-win-the-alternate-shot/feed" "Mozilla/5.0 AppleWebKit/537.36 (KHTML, like Gecko; compatible; ClaudeBot/1.0; +claudebot@anthropic.com)"
199.250.205.212 - - [23/Feb/2025:16:14:54 -0500] "POST /?mailpoet_router&endpoint=cron_daemon&action=run&data=eyJ0b2tlbiI6Im1lanloIn0 HTTP/1.0" 200 - "-" "MailPoet Cron"
199.250.205.212 - - [23/Feb/2025:16:15:15 -0500] "POST /?mailpoet_router&endpoint=cron_daemon&action=run&data=eyJ0b2tlbiI6IjF5YWF3In0 HTTP/1.0" 200 - "-" "MailPoet Cron"
199.250.205.212 - - [23/Feb/2025:16:15:35 -0500] "POST /?mailpoet_router&endpoint=cron_daemon&action=run&data=eyJ0b2tlbiI6Imt3NWN1In0 HTTP/1.0" 200 - "-" "MailPoet Cron"
199.250.205.212 - - [23/Feb/2025:16:15:56 -0500] "POST /?mailpoet_router&endpoint=cron_daemon&action=run&data=eyJ0b2tlbiI6IjFud3BsIn0 HTTP/1.0" 200 - "-" "MailPoet Cron"
199.250.205.212 - - [23/Feb/2025:16:16:16 -0500] "POST /?mailpoet_router&endpoint=cron_daemon&action=run&data=eyJ0b2tlbiI6InF0Y3YxIn0 HTTP/1.0" 200 - "-" "MailPoet Cron"
199.250.205.212 - - [23/Feb/2025:16:16:36 -0500] "POST /?mailpoet_router&endpoint=cron_daemon&action=run&data=eyJ0b2tlbiI6IjFnczh2In0 HTTP/1.0" 200 - "-" "MailPoet Cron"
199.250.205.212 - - [23/Feb/2025:16:16:57 -0500] "POST /?mailpoet_router&endpoint=cron_daemon&action=run&data=eyJ0b2tlbiI6Ijl6NXdlIn0 HTTP/1.0" 200 - "-" "MailPoet Cron"
199.250.205.212 - - [23/Feb/2025:16:17:18 -0500] "POST /?mailpoet_router&endpoint=cron_daemon&action=run&data=eyJ0b2tlbiI6Im40Nzk0In0 HTTP/1.0" 200 - "-" "MailPoet Cron"
199.250.205.212 - - [23/Feb/2025:16:17:38 -0500] "POST /?mailpoet_router&endpoint=cron_daemon&action=run&data=eyJ0b2tlbiI6IjFlM2RzIn0 HTTP/1.0" 200 - "-" "MailPoet Cron"
199.250.205.212 - - [23/Feb/2025:16:18:16 -0500] "POST /wp-cron.php?doing_wp_cron=1740345496.3990240097045898437500 HTTP/1.0" 200 - "-" "WordPress/6.7.2; https://detroit.golf"
3.129.250.15 - - [23/Feb/2025:16:18:14 -0500] "GET /2023/4th-annual-coastal-cup-greywalls/feed HTTP/1.0" 301 - "-" "Mozilla/5.0 AppleWebKit/537.36 (KHTML, like Gecko; compatible; ClaudeBot/1.0; +claudebot@anthropic.com)"
3.129.250.15 - - [23/Feb/2025:16:18:16 -0500] "GET /2023/4th-annual-coastal-cup-greywalls/feed/ HTTP/1.0" 200 938 "https://detroit.golf/2023/4th-annual-coastal-cup-greywalls/feed" "Mozilla/5.0 AppleWebKit/537.36 (KHTML, like Gecko; compatible; ClaudeBot/1.0; +claudebot@anthropic.com)"
199.250.205.212 - - [23/Feb/2025:16:17:58 -0500] "POST /?mailpoet_router&endpoint=cron_daemon&action=run&data=eyJ0b2tlbiI6IndjYnR2In0 HTTP/1.0" 200 - "-" "MailPoet Cron"
87.250.224.118 - - [23/Feb/2025:16:18:23 -0500] "GET /robots.txt HTTP/1.0" 200 113 "-" "Mozilla/5.0 (compatible; YandexBot/3.0; +http://yandex.com/bots)"
95.108.213.235 - - [23/Feb/2025:16:18:26 -0500] "GET /2021/02/02/downing-farms/ HTTP/1.0" 301 - "-" "Mozilla/5.0 (compatible; YandexBot/3.0; +http://yandex.com/bots)"
87.250.224.53 - - [23/Feb/2025:16:18:28 -0500] "GET /2021/downing-farms/ HTTP/1.0" 200 85860 "-" "Mozilla/5.0 (compatible; YandexBot/3.0; +http://yandex.com/bots)"
199.250.205.212 - - [23/Feb/2025:16:18:18 -0500] "POST /?mailpoet_router&endpoint=cron_daemon&action=run&data=eyJ0b2tlbiI6InhyeWdzIn0 HTTP/1.0" 200 - "-" "MailPoet Cron"
199.250.205.212 - - [23/Feb/2025:16:18:38 -0500] "POST /?mailpoet_router&endpoint=cron_daemon&action=run&data=eyJ0b2tlbiI6IjI0b3duIn0 HTTP/1.0" 200 - "-" "MailPoet Cron"
199.250.205.212 - - [23/Feb/2025:16:18:59 -0500] "POST /?mailpoet_router&endpoint=cron_daemon&action=run&data=eyJ0b2tlbiI6Ijc1bnAwIn0 HTTP/1.0" 200 - "-" "MailPoet Cron"
199.250.205.212 - - [23/Feb/2025:16:19:20 -0500] "POST /?mailpoet_router&endpoint=cron_daemon&action=run&data=eyJ0b2tlbiI6InQ2OXpiIn0 HTTP/1.0" 200 - "-" "MailPoet Cron"
199.250.205.212 - - [23/Feb/2025:16:19:40 -0500] "POST /?mailpoet_router&endpoint=cron_daemon&action=run&data=eyJ0b2tlbiI6IjFzeDEwIn0 HTTP/1.0" 200 - "-" "MailPoet Cron"
103.173.66.99 - - [23/Feb/2025:16:20:19 -0500] "GET /wp-login.php HTTP/1.0" 200 11761 "-" "GRequests/0.10"
103.173.66.99 - - [23/Feb/2025:16:20:21 -0500] "POST /wp-login.php HTTP/1.0" 200 11761 "-" "GRequests/0.10"
199.250.205.212 - - [23/Feb/2025:16:20:23 -0500] "POST /wp-cron.php?doing_wp_cron=1740345623.4751389026641845703125 HTTP/1.0" 200 - "-" "WordPress/6.7.2; https://detroit.golf"
103.173.66.99 - - [23/Feb/2025:16:20:22 -0500] "GET /wp-admin/ HTTP/1.0" 302 - "-" "GRequests/0.10"
103.173.66.99 - - [23/Feb/2025:16:20:25 -0500] "GET /wp-login.php?redirect_to=https%3A%2F%2Fdetroit.3mp1r3.org%2Fwp-admin%2F&reauth=1 HTTP/1.0" 200 11834 "https://detroit.3mp1r3.org/wp-admin/" "GRequests/0.10"
199.250.205.212 - - [23/Feb/2025:16:20:02 -0500] "POST /?mailpoet_router&endpoint=cron_daemon&action=run&data=eyJ0b2tlbiI6ImJ6MDI5In0 HTTP/1.0" 200 - "-" "MailPoet Cron"
199.250.205.212 - - [23/Feb/2025:16:20:23 -0500] "POST /?mailpoet_router&endpoint=cron_daemon&action=run&data=eyJ0b2tlbiI6Inp5cGRnIn0 HTTP/1.0" 200 - "-" "MailPoet Cron"
199.250.205.212 - - [23/Feb/2025:16:20:43 -0500] "POST /?mailpoet_router&endpoint=cron_daemon&action=run&data=eyJ0b2tlbiI6IjEwaHBtIn0 HTTP/1.0" 200 - "-" "MailPoet Cron"
199.250.205.212 - - [23/Feb/2025:16:21:04 -0500] "POST /?mailpoet_router&endpoint=cron_daemon&action=run&data=eyJ0b2tlbiI6IjE5YTQ1In0 HTTP/1.0" 200 - "-" "MailPoet Cron"
199.250.205.212 - - [23/Feb/2025:16:21:24 -0500] "POST /?mailpoet_router&endpoint=cron_daemon&action=run&data=eyJ0b2tlbiI6InUxYXVoIn0 HTTP/1.0" 200 - "-" "MailPoet Cron"
199.250.205.212 - - [23/Feb/2025:16:21:45 -0500] "POST /?mailpoet_router&endpoint=cron_daemon&action=run&data=eyJ0b2tlbiI6IjE2dnZwIn0 HTTP/1.0" 200 - "-" "MailPoet Cron"
199.250.205.212 - - [23/Feb/2025:16:22:30 -0500] "POST /wp-cron.php?doing_wp_cron=1740345750.4724979400634765625000 HTTP/1.0" 200 - "-" "WordPress/6.7.2; https://detroit.golf"
18.226.133.136 - - [23/Feb/2025:16:22:29 -0500] "GET /robots.txt HTTP/1.0" 200 113 "-" "Mozilla/5.0 AppleWebKit/537.36 (KHTML, like Gecko; compatible; ClaudeBot/1.0; +claudebot@anthropic.com)"
18.226.133.136 - - [23/Feb/2025:16:22:30 -0500] "GET /2024/detroit-golf-invitational-2/feed HTTP/1.0" 301 - "-" "Mozilla/5.0 AppleWebKit/537.36 (KHTML, like Gecko; compatible; ClaudeBot/1.0; +claudebot@anthropic.com)"
18.226.133.136 - - [23/Feb/2025:16:22:31 -0500] "GET /2024/detroit-golf-invitational-2/feed/ HTTP/1.0" 200 914 "https://detroit.golf/2024/detroit-golf-invitational-2/feed" "Mozilla/5.0 AppleWebKit/537.36 (KHTML, like Gecko; compatible; ClaudeBot/1.0; +claudebot@anthropic.com)"
199.250.205.212 - - [23/Feb/2025:16:22:06 -0500] "POST /?mailpoet_router&endpoint=cron_daemon&action=run&data=eyJ0b2tlbiI6IjFmZG04In0 HTTP/1.0" 200 - "-" "MailPoet Cron"
199.250.205.212 - - [23/Feb/2025:16:22:28 -0500] "POST /?mailpoet_router&endpoint=cron_daemon&action=run&data=eyJ0b2tlbiI6IjE1amxrIn0 HTTP/1.0" 200 - "-" "MailPoet Cron"
199.250.205.212 - - [23/Feb/2025:16:22:49 -0500] "POST /?mailpoet_router&endpoint=cron_daemon&action=run&data=eyJ0b2tlbiI6IjFwb2hlIn0 HTTP/1.0" 200 - "-" "MailPoet Cron"
199.250.205.212 - - [23/Feb/2025:16:23:28 -0500] "POST /wp-cron.php?doing_wp_cron=1740345807.9978179931640625000000 HTTP/1.0" 200 - "-" "WordPress/6.7.2; https://detroit.golf"
66.249.66.204 - - [23/Feb/2025:16:23:27 -0500] "GET /robots.txt HTTP/1.0" 200 113 "-" "Mozilla/5.0 (compatible; Googlebot/2.1; +http://www.google.com/bot.html)"
66.249.66.202 - - [23/Feb/2025:16:23:29 -0500] "GET /ads.txt HTTP/1.0" 200 58 "-" "Google-adstxt"
66.249.66.198 - - [23/Feb/2025:16:23:29 -0500] "GET /robots.txt HTTP/1.0" 200 113 "-" "Mozilla/5.0 (compatible; Googlebot/2.1; +http://www.google.com/bot.html)"
66.249.66.198 - - [23/Feb/2025:16:23:30 -0500] "GET /ads.txt HTTP/1.0" 304 - "-" "Google-adstxt"
199.250.205.212 - - [23/Feb/2025:16:23:09 -0500] "POST /?mailpoet_router&endpoint=cron_daemon&action=run&data=eyJ0b2tlbiI6InI1eTN3In0 HTTP/1.0" 200 - "-" "MailPoet Cron"
199.250.205.212 - - [23/Feb/2025:16:23:37 -0500] "POST /wp-cron.php?doing_wp_cron=1740345817.3785068988800048828125 HTTP/1.0" 200 - "-" "WordPress/6.7.2; https://detroit.golf"
43.153.19.83 - - [23/Feb/2025:16:23:36 -0500] "GET / HTTP/1.0" 301 - "-" "Mozilla/5.0 (iPhone; CPU iPhone OS 13_2_3 like Mac OS X) AppleWebKit/605.1.15 (KHTML, like Gecko) Version/13.0.3 Mobile/15E148 Safari/604.1"
43.153.19.83 - - [23/Feb/2025:16:23:39 -0500] "GET / HTTP/1.0" 200 86523 "http://detroit.golf" "Mozilla/5.0 (iPhone; CPU iPhone OS 13_2_3 like Mac OS X) AppleWebKit/605.1.15 (KHTML, like Gecko) Version/13.0.3 Mobile/15E148 Safari/604.1"
199.250.205.212 - - [23/Feb/2025:16:23:30 -0500] "POST /?mailpoet_router&endpoint=cron_daemon&action=run&data=eyJ0b2tlbiI6Im11b2UyIn0 HTTP/1.0" 200 - "-" "MailPoet Cron"
13.58.2.42 - - [23/Feb/2025:16:24:07 -0500] "GET /author/billgeorge/page/2 HTTP/1.0" 301 - "-" "Mozilla/5.0 AppleWebKit/537.36 (KHTML, like Gecko; compatible; ClaudeBot/1.0; +claudebot@anthropic.com)"
13.58.2.42 - - [23/Feb/2025:16:24:08 -0500] "GET /author/billgeorge/page/2/ HTTP/1.0" 200 106527 "https://detroit.golf/author/billgeorge/page/2" "Mozilla/5.0 AppleWebKit/537.36 (KHTML, like Gecko; compatible; ClaudeBot/1.0; +claudebot@anthropic.com)"
199.250.205.212 - - [23/Feb/2025:16:23:49 -0500] "POST /?mailpoet_router&endpoint=cron_daemon&action=run&data=eyJ0b2tlbiI6InluYWJiIn0 HTTP/1.0" 200 - "-" "MailPoet Cron"
3.129.63.108 - - [23/Feb/2025:16:24:23 -0500] "GET /2023/stableford-all-star-weekend/feed HTTP/1.0" 301 - "-" "Mozilla/5.0 AppleWebKit/537.36 (KHTML, like Gecko; compatible; ClaudeBot/1.0; +claudebot@anthropic.com)"
3.129.63.108 - - [23/Feb/2025:16:24:25 -0500] "GET /2023/stableford-all-star-weekend/feed/ HTTP/1.0" 200 923 "https://detroit.golf/2023/stableford-all-star-weekend/feed" "Mozilla/5.0 AppleWebKit/537.36 (KHTML, like Gecko; compatible; ClaudeBot/1.0; +claudebot@anthropic.com)"
3.15.177.45 - - [23/Feb/2025:16:24:29 -0500] "GET /2021/ega-tour-2021-schedule-announced/feed HTTP/1.0" 301 - "-" "Mozilla/5.0 AppleWebKit/537.36 (KHTML, like Gecko; compatible; ClaudeBot/1.0; +claudebot@anthropic.com)"
199.250.205.212 - - [23/Feb/2025:16:24:32 -0500] "POST /wp-cron.php?doing_wp_cron=1740345872.1953849792480468750000 HTTP/1.0" 200 - "-" "WordPress/6.7.2; https://detroit.golf"
3.15.177.45 - - [23/Feb/2025:16:24:30 -0500] "GET /2021/ega-tour-2021-schedule-announced/feed/ HTTP/1.0" 200 931 "https://detroit.golf/2021/ega-tour-2021-schedule-announced/feed" "Mozilla/5.0 AppleWebKit/537.36 (KHTML, like Gecko; compatible; ClaudeBot/1.0; +claudebot@anthropic.com)"
199.250.205.212 - - [23/Feb/2025:16:24:10 -0500] "POST /?mailpoet_router&endpoint=cron_daemon&action=run&data=eyJ0b2tlbiI6IjF4OTd5In0 HTTP/1.0" 200 - "-" "MailPoet Cron"
199.250.205.212 - - [23/Feb/2025:16:24:30 -0500] "POST /?mailpoet_router&endpoint=cron_daemon&action=run&data=eyJ0b2tlbiI6ImlmeTdtIn0 HTTP/1.0" 200 - "-" "MailPoet Cron"
199.250.205.212 - - [23/Feb/2025:16:24:51 -0500] "POST /?mailpoet_router&endpoint=cron_daemon&action=run&data=eyJ0b2tlbiI6Imlzb2E5In0 HTTP/1.0" 200 - "-" "MailPoet Cron"
199.250.205.212 - - [23/Feb/2025:16:25:11 -0500] "POST /?mailpoet_router&endpoint=cron_daemon&action=run&data=eyJ0b2tlbiI6IjV6ZmF0In0 HTTP/1.0" 200 - "-" "MailPoet Cron"
199.250.205.212 - - [23/Feb/2025:16:25:32 -0500] "POST /?mailpoet_router&endpoint=cron_daemon&action=run&data=eyJ0b2tlbiI6ImdrZG03In0 HTTP/1.0" 200 - "-" "MailPoet Cron"
199.250.205.212 - - [23/Feb/2025:16:25:52 -0500] "POST /?mailpoet_router&endpoint=cron_daemon&action=run&data=eyJ0b2tlbiI6IjhzaWQzIn0 HTTP/1.0" 200 - "-" "MailPoet Cron"
199.250.205.212 - - [23/Feb/2025:16:26:13 -0500] "POST /?mailpoet_router&endpoint=cron_daemon&action=run&data=eyJ0b2tlbiI6Ijl5czUwIn0 HTTP/1.0" 200 - "-" "MailPoet Cron"
199.250.205.212 - - [23/Feb/2025:16:26:34 -0500] "POST /?mailpoet_router&endpoint=cron_daemon&action=run&data=eyJ0b2tlbiI6InQwbnd5In0 HTTP/1.0" 200 - "-" "MailPoet Cron"
199.250.205.212 - - [23/Feb/2025:16:26:54 -0500] "POST /?mailpoet_router&endpoint=cron_daemon&action=run&data=eyJ0b2tlbiI6InhxaWh4In0 HTTP/1.0" 200 - "-" "MailPoet Cron"
199.250.205.212 - - [23/Feb/2025:16:27:15 -0500] "POST /?mailpoet_router&endpoint=cron_daemon&action=run&data=eyJ0b2tlbiI6ImF3cjMxIn0 HTTP/1.0" 200 - "-" "MailPoet Cron"
199.250.205.212 - - [23/Feb/2025:16:27:36 -0500] "POST /?mailpoet_router&endpoint=cron_daemon&action=run&data=eyJ0b2tlbiI6IjEwcHpxIn0 HTTP/1.0" 200 - "-" "MailPoet Cron"
199.250.205.212 - - [23/Feb/2025:16:27:56 -0500] "POST /?mailpoet_router&endpoint=cron_daemon&action=run&data=eyJ0b2tlbiI6IjFrNHRtIn0 HTTP/1.0" 200 - "-" "MailPoet Cron"
199.250.205.212 - - [23/Feb/2025:16:28:17 -0500] "POST /?mailpoet_router&endpoint=cron_daemon&action=run&data=eyJ0b2tlbiI6IjhudjAzIn0 HTTP/1.0" 200 - "-" "MailPoet Cron"
199.250.205.212 - - [23/Feb/2025:16:28:38 -0500] "POST /?mailpoet_router&endpoint=cron_daemon&action=run&data=eyJ0b2tlbiI6IjFhM3NrIn0 HTTP/1.0" 200 - "-" "MailPoet Cron"
199.250.205.212 - - [23/Feb/2025:16:29:09 -0500] "POST /wp-cron.php?doing_wp_cron=1740346149.4878220558166503906250 HTTP/1.0" 200 - "-" "WordPress/6.7.2; https://detroit.golf"
43.163.93.60 - - [23/Feb/2025:16:29:08 -0500] "GET / HTTP/1.0" 200 86523 "-" "Mozilla/5.0 (Macintosh; Intel Mac OS X 10_15_7) AppleWebKit/537.36 (KHTML, like Gecko) Chrome/129.0.0.0 Safari/537.36 Edg/129.0.0.0"
199.250.205.212 - - [23/Feb/2025:16:28:59 -0500] "POST /?mailpoet_router&endpoint=cron_daemon&action=run&data=eyJ0b2tlbiI6IjEwazUyIn0 HTTP/1.0" 200 - "-" "MailPoet Cron"
54.238.102.131 - - [23/Feb/2025:16:29:23 -0500] "GET /wp-login.php HTTP/1.0" 200 11762 "-" "GRequests/0.10"
54.238.102.131 - - [23/Feb/2025:16:29:25 -0500] "POST /wp-login.php HTTP/1.0" 200 11762 "-" "GRequests/0.10"
54.238.102.131 - - [23/Feb/2025:16:29:26 -0500] "GET /wp-admin/ HTTP/1.0" 302 - "-" "GRequests/0.10"
54.238.102.131 - - [23/Feb/2025:16:29:29 -0500] "GET /wp-login.php?redirect_to=https%3A%2F%2Fdetroit.3mp1r3.org%2Fwp-admin%2F&reauth=1 HTTP/1.0" 200 11835 "https://detroit.3mp1r3.org/wp-admin/" "GRequests/0.10"
199.250.205.212 - - [23/Feb/2025:16:29:19 -0500] "POST /?mailpoet_router&endpoint=cron_daemon&action=run&data=eyJ0b2tlbiI6Imo0OHVzIn0 HTTP/1.0" 200 - "-" "MailPoet Cron"
199.250.205.212 - - [23/Feb/2025:16:29:39 -0500] "POST /?mailpoet_router&endpoint=cron_daemon&action=run&data=eyJ0b2tlbiI6IjU5Z2gyIn0 HTTP/1.0" 200 - "-" "MailPoet Cron"
199.250.205.212 - - [23/Feb/2025:16:30:00 -0500] "POST /?mailpoet_router&endpoint=cron_daemon&action=run&data=eyJ0b2tlbiI6InAxbzdoIn0 HTTP/1.0" 200 - "-" "MailPoet Cron"
54.238.102.131 - - [23/Feb/2025:16:30:28 -0500] "GET /wp-login.php HTTP/1.0" 200 11762 "-" "GRequests/0.10"
54.238.102.131 - - [23/Feb/2025:16:30:30 -0500] "POST /wp-login.php HTTP/1.0" 200 11762 "-" "GRequests/0.10"
199.250.205.212 - - [23/Feb/2025:16:30:32 -0500] "POST /wp-cron.php?doing_wp_cron=1740346232.8760030269622802734375 HTTP/1.0" 200 - "-" "WordPress/6.7.2; https://detroit.golf"
54.238.102.131 - - [23/Feb/2025:16:30:31 -0500] "GET /wp-admin/ HTTP/1.0" 302 - "-" "GRequests/0.10"
54.238.102.131 - - [23/Feb/2025:16:30:34 -0500] "GET /wp-login.php?redirect_to=https%3A%2F%2Fdetroit.golf%2Fwp-admin%2F&reauth=1 HTTP/1.0" 200 11829 "https://detroit.golf/wp-admin/" "GRequests/0.10"
199.250.205.212 - - [23/Feb/2025:16:30:21 -0500] "POST /?mailpoet_router&endpoint=cron_daemon&action=run&data=eyJ0b2tlbiI6IjFndnQwIn0 HTTP/1.0" 200 - "-" "MailPoet Cron"
199.250.205.212 - - [23/Feb/2025:16:30:41 -0500] "POST /?mailpoet_router&endpoint=cron_daemon&action=run&data=eyJ0b2tlbiI6Ink4YmNjIn0 HTTP/1.0" 200 - "-" "MailPoet Cron"
199.250.205.212 - - [23/Feb/2025:16:31:02 -0500] "POST /?mailpoet_router&endpoint=cron_daemon&action=run&data=eyJ0b2tlbiI6IjE2ZTlzIn0 HTTP/1.0" 200 - "-" "MailPoet Cron"
199.250.205.212 - - [23/Feb/2025:16:31:24 -0500] "POST /?mailpoet_router&endpoint=cron_daemon&action=run&data=eyJ0b2tlbiI6IjFsMm1wIn0 HTTP/1.0" 200 - "-" "MailPoet Cron"
199.250.205.212 - - [23/Feb/2025:16:31:45 -0500] "POST /?mailpoet_router&endpoint=cron_daemon&action=run&data=eyJ0b2tlbiI6Ims1NHllIn0 HTTP/1.0" 200 - "-" "MailPoet Cron"
199.250.205.212 - - [23/Feb/2025:16:32:06 -0500] "POST /?mailpoet_router&endpoint=cron_daemon&action=run&data=eyJ0b2tlbiI6ImxmbmFuIn0 HTTP/1.0" 200 - "-" "MailPoet Cron"
199.250.205.212 - - [23/Feb/2025:16:32:26 -0500] "POST /?mailpoet_router&endpoint=cron_daemon&action=run&data=eyJ0b2tlbiI6IjFrMzZtIn0 HTTP/1.0" 200 - "-" "MailPoet Cron"
199.250.205.212 - - [23/Feb/2025:16:32:47 -0500] "POST /?mailpoet_router&endpoint=cron_daemon&action=run&data=eyJ0b2tlbiI6ImlxMmFnIn0 HTTP/1.0" 200 - "-" "MailPoet Cron"
199.250.205.212 - - [23/Feb/2025:16:33:07 -0500] "POST /?mailpoet_router&endpoint=cron_daemon&action=run&data=eyJ0b2tlbiI6IjExd21jIn0 HTTP/1.0" 200 - "-" "MailPoet Cron"
199.250.205.212 - - [23/Feb/2025:16:33:52 -0500] "POST /wp-cron.php?doing_wp_cron=1740346432.5994720458984375000000 HTTP/1.0" 200 - "-" "WordPress/6.7.2; https://detroit.golf"
85.203.21.43 - - [23/Feb/2025:16:33:51 -0500] "GET / HTTP/1.0" 301 - "-" "Go-http-client/1.1"
199.250.205.212 - - [23/Feb/2025:16:33:28 -0500] "POST /?mailpoet_router&endpoint=cron_daemon&action=run&data=eyJ0b2tlbiI6IjN1aTIwIn0 HTTP/1.0" 200 - "-" "MailPoet Cron"
