77.75.78.170 - - [23/Feb/2025:13:18:49 -0500] "GET /detroit-golf/ HTTP/1.0" 200 91954 "-" "Mozilla/5.0 (compatible; SeznamBot/4.0; +https://o-seznam.cz/napoveda/vyhledavani/en/seznambot-crawler/)"
199.250.205.212 - - [23/Feb/2025:13:18:39 -0500] "POST /?mailpoet_router&endpoint=cron_daemon&action=run&data=eyJ0b2tlbiI6IjFxdTk4In0 HTTP/1.0" 200 - "-" "MailPoet Cron"
199.250.205.212 - - [23/Feb/2025:13:19:00 -0500] "POST /?mailpoet_router&endpoint=cron_daemon&action=run&data=eyJ0b2tlbiI6IjEyY3R6In0 HTTP/1.0" 200 - "-" "MailPoet Cron"
199.250.205.212 - - [23/Feb/2025:13:19:20 -0500] "POST /?mailpoet_router&endpoint=cron_daemon&action=run&data=eyJ0b2tlbiI6IjE1N2VtIn0 HTTP/1.0" 200 - "-" "MailPoet Cron"
199.250.205.212 - - [23/Feb/2025:13:19:41 -0500] "POST /?mailpoet_router&endpoint=cron_daemon&action=run&data=eyJ0b2tlbiI6IjFjZW14In0 HTTP/1.0" 200 - "-" "MailPoet Cron"
199.250.205.212 - - [23/Feb/2025:13:20:06 -0500] "POST /?mailpoet_router&endpoint=cron_daemon&action=run&data=eyJ0b2tlbiI6IjM2dGo0In0 HTTP/1.0" 200 - "-" "MailPoet Cron"
199.250.205.212 - - [23/Feb/2025:13:20:27 -0500] "POST /?mailpoet_router&endpoint=cron_daemon&action=run&data=eyJ0b2tlbiI6IjFmODhmIn0 HTTP/1.0" 200 - "-" "MailPoet Cron"
52.167.144.145 - - [23/Feb/2025:13:20:56 -0500] "GET /wp-content/plugins/woocommerce-payments/dist/ HTTP/1.0" 200 1062211 "-" "Mozilla/5.0 AppleWebKit/537.36 (KHTML, like Gecko; compatible; bingbot/2.0; +http://www.bing.com/bingbot.htm) Chrome/116.0.1938.76 Safari/537.36"
199.250.205.212 - - [23/Feb/2025:13:20:47 -0500] "POST /?mailpoet_router&endpoint=cron_daemon&action=run&data=eyJ0b2tlbiI6IjFvMjFnIn0 HTTP/1.0" 200 - "-" "MailPoet Cron"
199.250.205.212 - - [23/Feb/2025:13:21:08 -0500] "POST /?mailpoet_router&endpoint=cron_daemon&action=run&data=eyJ0b2tlbiI6IjFzenl3In0 HTTP/1.0" 200 - "-" "MailPoet Cron"
199.250.205.212 - - [23/Feb/2025:13:21:40 -0500] "POST /wp-cron.php?doing_wp_cron=1740334900.5851221084594726562500 HTTP/1.0" 200 - "-" "WordPress/6.7.2; https://detroit.golf"
51.222.253.3 - - [23/Feb/2025:13:21:39 -0500] "GET /category/courses/coastal-cup/feed/ HTTP/1.0" 200 2486 "-" "Mozilla/5.0 (compatible; AhrefsBot/7.0; +http://ahrefs.com/robot/)"
199.250.205.212 - - [23/Feb/2025:13:21:28 -0500] "POST /?mailpoet_router&endpoint=cron_daemon&action=run&data=eyJ0b2tlbiI6IjFqcXQ0In0 HTTP/1.0" 200 - "-" "MailPoet Cron"
104.152.52.72 - - [23/Feb/2025:13:21:58 -0500] "GET / HTTP/1.0" 301 - "-" "curl/7.61.1"
199.250.205.212 - - [23/Feb/2025:13:21:48 -0500] "POST /?mailpoet_router&endpoint=cron_daemon&action=run&data=eyJ0b2tlbiI6ImdycTN1In0 HTTP/1.0" 200 - "-" "MailPoet Cron"
199.250.205.212 - - [23/Feb/2025:13:22:08 -0500] "POST /?mailpoet_router&endpoint=cron_daemon&action=run&data=eyJ0b2tlbiI6InJodmNjIn0 HTTP/1.0" 200 - "-" "MailPoet Cron"
199.250.205.212 - - [23/Feb/2025:13:22:45 -0500] "POST /wp-cron.php?doing_wp_cron=1740334965.9034240245819091796875 HTTP/1.0" 200 - "-" "WordPress/6.7.2; https://detroit.golf"
202.92.5.49 - - [23/Feb/2025:13:22:44 -0500] "GET /wp-login.php HTTP/1.0" 302 - "-" "GRequests/0.10"
202.92.5.49 - - [23/Feb/2025:13:22:47 -0500] "GET /wp-login.php HTTP/1.0" 200 7911 "http://detroit.golf/wp-login.php" "GRequests/0.10"
202.92.5.49 - - [23/Feb/2025:13:22:48 -0500] "POST /wp-login.php HTTP/1.0" 302 - "-" "GRequests/0.10"
202.92.5.49 - - [23/Feb/2025:13:22:50 -0500] "GET /wp-login.php HTTP/1.0" 200 7911 "http://detroit.golf/wp-login.php" "GRequests/0.10"
202.92.5.49 - - [23/Feb/2025:13:22:52 -0500] "GET /wp-admin/ HTTP/1.0" 302 - "-" "GRequests/0.10"
202.92.5.49 - - [23/Feb/2025:13:22:53 -0500] "GET /wp-admin/ HTTP/1.0" 302 - "http://detroit.golf/wp-admin/" "GRequests/0.10"
199.250.205.212 - - [23/Feb/2025:13:22:29 -0500] "POST /?mailpoet_router&endpoint=cron_daemon&action=run&data=eyJ0b2tlbiI6IjE3bnduIn0 HTTP/1.0" 200 - "-" "MailPoet Cron"
202.92.5.49 - - [23/Feb/2025:13:22:55 -0500] "GET /wp-login.php?redirect_to=https%3A%2F%2Fdetroit.golf%2Fwp-admin%2F&reauth=1 HTTP/1.0" 200 7921 "https://detroit.golf/wp-admin/" "GRequests/0.10"
199.250.205.212 - - [23/Feb/2025:13:22:50 -0500] "POST /?mailpoet_router&endpoint=cron_daemon&action=run&data=eyJ0b2tlbiI6ImZtMmd4In0 HTTP/1.0" 200 - "-" "MailPoet Cron"
199.250.205.212 - - [23/Feb/2025:13:23:10 -0500] "POST /?mailpoet_router&endpoint=cron_daemon&action=run&data=eyJ0b2tlbiI6IjFqeDlvIn0 HTTP/1.0" 200 - "-" "MailPoet Cron"
199.250.205.212 - - [23/Feb/2025:13:23:31 -0500] "POST /?mailpoet_router&endpoint=cron_daemon&action=run&data=eyJ0b2tlbiI6IjFwdm5tIn0 HTTP/1.0" 200 - "-" "MailPoet Cron"
199.250.205.212 - - [23/Feb/2025:13:23:51 -0500] "POST /?mailpoet_router&endpoint=cron_daemon&action=run&data=eyJ0b2tlbiI6Inh1cmxrIn0 HTTP/1.0" 200 - "-" "MailPoet Cron"
199.250.205.212 - - [23/Feb/2025:13:24:12 -0500] "POST /?mailpoet_router&endpoint=cron_daemon&action=run&data=eyJ0b2tlbiI6Im5jcmVlIn0 HTTP/1.0" 200 - "-" "MailPoet Cron"
199.250.205.212 - - [23/Feb/2025:13:24:33 -0500] "POST /?mailpoet_router&endpoint=cron_daemon&action=run&data=eyJ0b2tlbiI6IjEyZnlnIn0 HTTP/1.0" 200 - "-" "MailPoet Cron"
199.250.205.212 - - [23/Feb/2025:13:24:53 -0500] "POST /?mailpoet_router&endpoint=cron_daemon&action=run&data=eyJ0b2tlbiI6IjFsbWxtIn0 HTTP/1.0" 200 - "-" "MailPoet Cron"
199.250.205.212 - - [23/Feb/2025:13:25:14 -0500] "POST /?mailpoet_router&endpoint=cron_daemon&action=run&data=eyJ0b2tlbiI6IjFheW9uIn0 HTTP/1.0" 200 - "-" "MailPoet Cron"
199.250.205.212 - - [23/Feb/2025:13:25:37 -0500] "POST /?mailpoet_router&endpoint=cron_daemon&action=run&data=eyJ0b2tlbiI6IjV4MmZiIn0 HTTP/1.0" 200 - "-" "MailPoet Cron"
2.56.164.116 - - [23/Feb/2025:13:26:07 -0500] "GET /wp-admin/css/ HTTP/1.0" 200 19369 "binance.com" "Mozilla/5.0 (Windows NT 10.0; Win64; x64) AppleWebKit/537.36 (KHTML, like Gecko) Chrome/90.0.4430.85 Safari/537.36"
2.56.164.116 - - [23/Feb/2025:13:26:20 -0500] "GET /wp-content/uploads/2025/02/ HTTP/1.0" 200 5069 "binance.com" "Mozilla/5.0 (Windows NT 10.0; Win64; x64) AppleWebKit/537.36 (KHTML, like Gecko) Chrome/90.0.4430.85 Safari/537.36"
199.250.205.212 - - [23/Feb/2025:13:25:57 -0500] "POST /?mailpoet_router&endpoint=cron_daemon&action=run&data=eyJ0b2tlbiI6Ind2MXNsIn0 HTTP/1.0" 200 - "-" "MailPoet Cron"
2.56.164.116 - - [23/Feb/2025:13:26:38 -0500] "GET /wp-content/uploads/2025/01/ HTTP/1.0" 200 2332 "binance.com" "Mozilla/5.0 (Windows NT 10.0; Win64; x64) AppleWebKit/537.36 (KHTML, like Gecko) Chrome/90.0.4430.85 Safari/537.36"
199.250.205.212 - - [23/Feb/2025:13:26:18 -0500] "POST /?mailpoet_router&endpoint=cron_daemon&action=run&data=eyJ0b2tlbiI6IjExYnU3In0 HTTP/1.0" 200 - "-" "MailPoet Cron"
2.56.164.116 - - [23/Feb/2025:13:26:49 -0500] "GET /wp-content/uploads/ HTTP/1.0" 200 3299 "binance.com" "Mozilla/5.0 (Windows NT 10.0; Win64; x64) AppleWebKit/537.36 (KHTML, like Gecko) Chrome/90.0.4430.85 Safari/537.36"
2.56.164.116 - - [23/Feb/2025:13:26:57 -0500] "GET /wp-content/upgrade/ HTTP/1.0" 200 637 "binance.com" "Mozilla/5.0 (Windows NT 10.0; Win64; x64) AppleWebKit/537.36 (KHTML, like Gecko) Chrome/90.0.4430.85 Safari/537.36"
199.250.205.212 - - [23/Feb/2025:13:27:06 -0500] "POST /wp-cron.php?doing_wp_cron=1740335226.3764228820800781250000 HTTP/1.0" 200 - "-" "WordPress/6.7.2; https://detroit.golf"
199.250.205.212 - - [23/Feb/2025:13:26:40 -0500] "POST /?mailpoet_router&endpoint=cron_daemon&action=run&data=eyJ0b2tlbiI6IjEzbzFpIn0 HTTP/1.0" 200 - "-" "MailPoet Cron"
2.56.164.116 - - [23/Feb/2025:13:27:05 -0500] "GET /wp-content/languages/ HTTP/1.0" 404 76121 "binance.com" "Mozilla/5.0 (Windows NT 10.0; Win64; x64) AppleWebKit/537.36 (KHTML, like Gecko) Chrome/90.0.4430.85 Safari/537.36"
2.56.164.116 - - [23/Feb/2025:13:27:20 -0500] "GET /wp-admin/includes/ HTTP/1.0" 200 20996 "binance.com" "Mozilla/5.0 (Windows NT 10.0; Win64; x64) AppleWebKit/537.36 (KHTML, like Gecko) Chrome/90.0.4430.85 Safari/537.36"
199.250.205.212 - - [23/Feb/2025:13:27:01 -0500] "POST /?mailpoet_router&endpoint=cron_daemon&action=run&data=eyJ0b2tlbiI6Im0wN3A1In0 HTTP/1.0" 200 - "-" "MailPoet Cron"
2.56.164.116 - - [23/Feb/2025:13:27:32 -0500] "GET /wp-admin/includes/ HTTP/1.0" 200 20996 "binance.com" "Mozilla/5.0 (Windows NT 10.0; Win64; x64) AppleWebKit/537.36 (KHTML, like Gecko) Chrome/90.0.4430.85 Safari/537.36"
2.56.164.116 - - [23/Feb/2025:13:27:42 -0500] "GET /wp-admin/maint/ HTTP/1.0" 200 805 "binance.com" "Mozilla/5.0 (Windows NT 10.0; Win64; x64) AppleWebKit/537.36 (KHTML, like Gecko) Chrome/90.0.4430.85 Safari/537.36"
199.250.205.212 - - [23/Feb/2025:13:27:22 -0500] "POST /?mailpoet_router&endpoint=cron_daemon&action=run&data=eyJ0b2tlbiI6ImVtd3VvIn0 HTTP/1.0" 200 - "-" "MailPoet Cron"
2.56.164.116 - - [23/Feb/2025:13:27:55 -0500] "GET /wp-admin/maint/ HTTP/1.0" 200 805 "binance.com" "Mozilla/5.0 (Windows NT 10.0; Win64; x64) AppleWebKit/537.36 (KHTML, like Gecko) Chrome/90.0.4430.85 Safari/537.36"
4.227.36.88 - - [23/Feb/2025:13:27:58 -0500] "GET /robots.txt HTTP/1.0" 403 228 "-" "Mozilla/5.0 AppleWebKit/537.36 (KHTML, like Gecko; compatible; GPTBot/1.2; +https://openai.com/gptbot)"
199.250.205.212 - - [23/Feb/2025:13:27:42 -0500] "POST /?mailpoet_router&endpoint=cron_daemon&action=run&data=eyJ0b2tlbiI6IjE5amsyIn0 HTTP/1.0" 200 - "-" "MailPoet Cron"
199.250.205.212 - - [23/Feb/2025:13:28:09 -0500] "POST /wp-cron.php?doing_wp_cron=1740335289.2907869815826416015625 HTTP/1.0" 200 - "-" "WordPress/6.7.2; https://detroit.golf"
2.56.164.116 - - [23/Feb/2025:13:28:07 -0500] "GET /wp-admin/network/ HTTP/1.0" 302 - "binance.com" "Mozilla/5.0 (Windows NT 10.0; Win64; x64) AppleWebKit/537.36 (KHTML, like Gecko) Chrome/90.0.4430.85 Safari/537.36"
199.250.205.212 - - [23/Feb/2025:13:28:27 -0500] "POST /wp-cron.php?doing_wp_cron=1740335307.2913529872894287109375 HTTP/1.0" 200 - "-" "WordPress/6.7.2; https://detroit.golf"
2.56.164.116 - - [23/Feb/2025:13:28:26 -0500] "GET /wp-admin/network/ HTTP/1.0" 302 - "binance.com" "Mozilla/5.0 (Windows NT 10.0; Win64; x64) AppleWebKit/537.36 (KHTML, like Gecko) Chrome/90.0.4430.85 Safari/537.36"
199.250.205.212 - - [23/Feb/2025:13:28:02 -0500] "POST /?mailpoet_router&endpoint=cron_daemon&action=run&data=eyJ0b2tlbiI6IjRmNW53In0 HTTP/1.0" 200 - "-" "MailPoet Cron"
2.56.164.116 - - [23/Feb/2025:13:28:27 -0500] "GET /wp-login.php?redirect_to=https%3A%2F%2Fdetroit.golf%2Fwp-admin%2Fnetwork%2F&reauth=1 HTTP/1.0" 200 7388 "binance.com" "Mozilla/5.0 (Windows NT 10.0; Win64; x64) AppleWebKit/537.36 (KHTML, like Gecko) Chrome/90.0.4430.85 Safari/537.36"
199.250.205.212 - - [23/Feb/2025:13:28:46 -0500] "POST /wp-cron.php?doing_wp_cron=1740335326.3697390556335449218750 HTTP/1.0" 200 - "-" "WordPress/6.7.2; https://detroit.golf"
2.56.164.116 - - [23/Feb/2025:13:28:44 -0500] "GET /wp-admin/user/ HTTP/1.0" 302 - "binance.com" "Mozilla/5.0 (Windows NT 10.0; Win64; x64) AppleWebKit/537.36 (KHTML, like Gecko) Chrome/90.0.4430.85 Safari/537.36"
199.250.205.212 - - [23/Feb/2025:13:28:23 -0500] "POST /?mailpoet_router&endpoint=cron_daemon&action=run&data=eyJ0b2tlbiI6ImV0aHZ5In0 HTTP/1.0" 200 - "-" "MailPoet Cron"
199.250.205.212 - - [23/Feb/2025:13:28:43 -0500] "POST /?mailpoet_router&endpoint=cron_daemon&action=run&data=eyJ0b2tlbiI6InozdXR0In0 HTTP/1.0" 200 - "-" "MailPoet Cron"
2.56.164.116 - - [23/Feb/2025:13:29:12 -0500] "GET /wp-admin/user/ HTTP/1.0" 302 - "binance.com" "Mozilla/5.0 (Windows NT 10.0; Win64; x64) AppleWebKit/537.36 (KHTML, like Gecko) Chrome/90.0.4430.85 Safari/537.36"
2.56.164.116 - - [23/Feb/2025:13:29:16 -0500] "GET /wp-login.php?redirect_to=https%3A%2F%2Fdetroit.golf%2Fwp-admin%2Fuser%2F&reauth=1 HTTP/1.0" 200 7385 "binance.com" "Mozilla/5.0 (Windows NT 10.0; Win64; x64) AppleWebKit/537.36 (KHTML, like Gecko) Chrome/90.0.4430.85 Safari/537.36"
199.250.205.212 - - [23/Feb/2025:13:29:04 -0500] "POST /?mailpoet_router&endpoint=cron_daemon&action=run&data=eyJ0b2tlbiI6IjEyd2J2In0 HTTP/1.0" 200 - "-" "MailPoet Cron"
2.56.164.116 - - [23/Feb/2025:13:29:32 -0500] "GET /wp-admin/css/ HTTP/1.0" 200 19369 "binance.com" "Mozilla/5.0 (Windows NT 10.0; Win64; x64) AppleWebKit/537.36 (KHTML, like Gecko) Chrome/90.0.4430.85 Safari/537.36"
2.56.164.116 - - [23/Feb/2025:13:29:44 -0500] "GET /wp-admin/css/colors/ HTTP/1.0" 200 2585 "binance.com" "Mozilla/5.0 (Windows NT 10.0; Win64; x64) AppleWebKit/537.36 (KHTML, like Gecko) Chrome/90.0.4430.85 Safari/537.36"
199.250.205.212 - - [23/Feb/2025:13:29:25 -0500] "POST /?mailpoet_router&endpoint=cron_daemon&action=run&data=eyJ0b2tlbiI6ImlkcGV2In0 HTTP/1.0" 200 - "-" "MailPoet Cron"
2.56.164.116 - - [23/Feb/2025:13:29:54 -0500] "GET /wp-admin/css/colors/blue/ HTTP/1.0" 200 1565 "binance.com" "Mozilla/5.0 (Windows NT 10.0; Win64; x64) AppleWebKit/537.36 (KHTML, like Gecko) Chrome/90.0.4430.85 Safari/537.36"
199.250.205.212 - - [23/Feb/2025:13:29:46 -0500] "POST /?mailpoet_router&endpoint=cron_daemon&action=run&data=eyJ0b2tlbiI6ImM4MXptIn0 HTTP/1.0" 200 - "-" "MailPoet Cron"
2.56.164.116 - - [23/Feb/2025:13:30:12 -0500] "GET /wp-admin/css/colors/coffee/ HTTP/1.0" 200 1569 "binance.com" "Mozilla/5.0 (Windows NT 10.0; Win64; x64) AppleWebKit/537.36 (KHTML, like Gecko) Chrome/90.0.4430.85 Safari/537.36"
2.56.164.116 - - [23/Feb/2025:13:30:24 -0500] "GET /wp-admin/css/colors/ectoplasm/ HTTP/1.0" 200 1575 "binance.com" "Mozilla/5.0 (Windows NT 10.0; Win64; x64) AppleWebKit/537.36 (KHTML, like Gecko) Chrome/90.0.4430.85 Safari/537.36"
199.250.205.212 - - [23/Feb/2025:13:30:06 -0500] "POST /?mailpoet_router&endpoint=cron_daemon&action=run&data=eyJ0b2tlbiI6IjFpMjJ5In0 HTTP/1.0" 200 - "-" "MailPoet Cron"
2.56.164.116 - - [23/Feb/2025:13:30:44 -0500] "GET /wp-admin/css/colors/light/ HTTP/1.0" 200 1567 "binance.com" "Mozilla/5.0 (Windows NT 10.0; Win64; x64) AppleWebKit/537.36 (KHTML, like Gecko) Chrome/90.0.4430.85 Safari/537.36"
2.56.164.116 - - [23/Feb/2025:13:30:51 -0500] "GET /wp-admin/css/colors/midnight/ HTTP/1.0" 200 1573 "binance.com" "Mozilla/5.0 (Windows NT 10.0; Win64; x64) AppleWebKit/537.36 (KHTML, like Gecko) Chrome/90.0.4430.85 Safari/537.36"
199.250.205.212 - - [23/Feb/2025:13:30:27 -0500] "POST /?mailpoet_router&endpoint=cron_daemon&action=run&data=eyJ0b2tlbiI6IjFoenh2In0 HTTP/1.0" 200 - "-" "MailPoet Cron"
2.56.164.116 - - [23/Feb/2025:13:31:00 -0500] "GET /wp-admin/css/colors/modern/ HTTP/1.0" 200 1569 "binance.com" "Mozilla/5.0 (Windows NT 10.0; Win64; x64) AppleWebKit/537.36 (KHTML, like Gecko) Chrome/90.0.4430.85 Safari/537.36"
2.56.164.116 - - [23/Feb/2025:13:31:11 -0500] "GET /wp-admin/css/colors/ocean/ HTTP/1.0" 200 1567 "binance.com" "Mozilla/5.0 (Windows NT 10.0; Win64; x64) AppleWebKit/537.36 (KHTML, like Gecko) Chrome/90.0.4430.85 Safari/537.36"
199.250.205.212 - - [23/Feb/2025:13:30:48 -0500] "POST /?mailpoet_router&endpoint=cron_daemon&action=run&data=eyJ0b2tlbiI6Img1d2V0In0 HTTP/1.0" 200 - "-" "MailPoet Cron"
199.250.205.212 - - [23/Feb/2025:13:31:20 -0500] "POST /wp-cron.php?doing_wp_cron=1740335480.3952300548553466796875 HTTP/1.0" 200 - "-" "WordPress/6.7.2; https://detroit.golf"
2.56.164.116 - - [23/Feb/2025:13:31:18 -0500] "GET /wp-admin/css/colors/sunrise/%20 HTTP/1.0" 301 - "binance.com" "Mozilla/5.0 (Windows NT 10.0; Win64; x64) AppleWebKit/537.36 (KHTML, like Gecko) Chrome/90.0.4430.85 Safari/537.36"
2.56.164.116 - - [23/Feb/2025:13:31:20 -0500] "GET /wp-admin/css/colors/sunrise/ HTTP/1.0" 200 1571 "binance.com" "Mozilla/5.0 (Windows NT 10.0; Win64; x64) AppleWebKit/537.36 (KHTML, like Gecko) Chrome/90.0.4430.85 Safari/537.36"
2.56.164.116 - - [23/Feb/2025:13:31:29 -0500] "GET /wp-admin/images/ HTTP/1.0" 200 14902 "binance.com" "Mozilla/5.0 (Windows NT 10.0; Win64; x64) AppleWebKit/537.36 (KHTML, like Gecko) Chrome/90.0.4430.85 Safari/537.36"
199.250.205.212 - - [23/Feb/2025:13:31:09 -0500] "POST /?mailpoet_router&endpoint=cron_daemon&action=run&data=eyJ0b2tlbiI6Imd5Y21uIn0 HTTP/1.0" 200 - "-" "MailPoet Cron"
2.56.164.116 - - [23/Feb/2025:13:31:36 -0500] "GET /wp-admin/js/ HTTP/1.0" 200 18683 "binance.com" "Mozilla/5.0 (Windows NT 10.0; Win64; x64) AppleWebKit/537.36 (KHTML, like Gecko) Chrome/90.0.4430.85 Safari/537.36"
2.56.164.116 - - [23/Feb/2025:13:31:46 -0500] "GET /wp-admin/js/widgets/ HTTP/1.0" 200 3313 "binance.com" "Mozilla/5.0 (Windows NT 10.0; Win64; x64) AppleWebKit/537.36 (KHTML, like Gecko) Chrome/90.0.4430.85 Safari/537.36"
2.56.164.116 - - [23/Feb/2025:13:31:56 -0500] "GET /wp-includes/ HTTP/1.0" 200 51095 "binance.com" "Mozilla/5.0 (Windows NT 10.0; Win64; x64) AppleWebKit/537.36 (KHTML, like Gecko) Chrome/90.0.4430.85 Safari/537.36"
199.250.205.212 - - [23/Feb/2025:13:31:29 -0500] "POST /?mailpoet_router&endpoint=cron_daemon&action=run&data=eyJ0b2tlbiI6IjEzOGVqIn0 HTTP/1.0" 200 - "-" "MailPoet Cron"
2.56.164.116 - - [23/Feb/2025:13:32:07 -0500] "GET /wp-includes/ HTTP/1.0" 200 51095 "binance.com" "Mozilla/5.0 (Windows NT 10.0; Win64; x64) AppleWebKit/537.36 (KHTML, like Gecko) Chrome/90.0.4430.85 Safari/537.36"
199.250.205.212 - - [23/Feb/2025:13:31:52 -0500] "POST /?mailpoet_router&endpoint=cron_daemon&action=run&data=eyJ0b2tlbiI6IjEwdWJmIn0 HTTP/1.0" 200 - "-" "MailPoet Cron"
2.56.164.116 - - [23/Feb/2025:13:32:29 -0500] "GET /wp-includes/block-bindings.php HTTP/1.0" 200 - "binance.com" "Mozilla/5.0 (Windows NT 10.0; Win64; x64) AppleWebKit/537.36 (KHTML, like Gecko) Chrome/90.0.4430.85 Safari/537.36"
199.250.205.212 - - [23/Feb/2025:13:32:13 -0500] "POST /?mailpoet_router&endpoint=cron_daemon&action=run&data=eyJ0b2tlbiI6Ijl0d2Q1In0 HTTP/1.0" 200 - "-" "MailPoet Cron"
2.56.164.116 - - [23/Feb/2025:13:32:41 -0500] "GET /wp-includes/block-editor.php HTTP/1.0" 200 - "binance.com" "Mozilla/5.0 (Windows NT 10.0; Win64; x64) AppleWebKit/537.36 (KHTML, like Gecko) Chrome/90.0.4430.85 Safari/537.36"
199.250.205.212 - - [23/Feb/2025:13:32:52 -0500] "POST /wp-cron.php?doing_wp_cron=1740335572.5988509654998779296875 HTTP/1.0" 200 - "-" "WordPress/6.7.2; https://detroit.golf"
114.119.136.86 - - [23/Feb/2025:13:32:51 -0500] "GET /2021/02/20/ega-tour-2021-schedule-announced/ HTTP/1.0" 301 - "https://detroit.golf/author/BillGeorge/" "Mozilla/5.0 (Linux; Android 7.0;) AppleWebKit/537.36 (KHTML, like Gecko) Mobile Safari/537.36 (compatible; PetalBot;+https://webmaster.petalsearch.com/site/petalbot)"
2.56.164.116 - - [23/Feb/2025:13:32:53 -0500] "GET /wp-includes/block-template-utils.php HTTP/1.0" 200 - "binance.com" "Mozilla/5.0 (Windows NT 10.0; Win64; x64) AppleWebKit/537.36 (KHTML, like Gecko) Chrome/90.0.4430.85 Safari/537.36"
114.119.136.86 - - [23/Feb/2025:13:32:55 -0500] "GET /2021/ega-tour-2021-schedule-announced/ HTTP/1.0" 200 86763 "https://detroit.golf/author/BillGeorge/" "Mozilla/5.0 (Linux; Android 7.0;) AppleWebKit/537.36 (KHTML, like Gecko) Mobile Safari/537.36 (compatible; PetalBot;+https://webmaster.petalsearch.com/site/petalbot)"
199.250.205.212 - - [23/Feb/2025:13:32:33 -0500] "POST /?mailpoet_router&endpoint=cron_daemon&action=run&data=eyJ0b2tlbiI6Imo0NGhxIn0 HTTP/1.0" 200 - "-" "MailPoet Cron"
2.56.164.116 - - [23/Feb/2025:13:33:00 -0500] "GET /wp-includes/block-template.php HTTP/1.0" 200 - "binance.com" "Mozilla/5.0 (Windows NT 10.0; Win64; x64) AppleWebKit/537.36 (KHTML, like Gecko) Chrome/90.0.4430.85 Safari/537.36"
2.56.164.116 - - [23/Feb/2025:13:33:07 -0500] "GET /wp-includes/class-avif-info.php HTTP/1.0" 200 - "binance.com" "Mozilla/5.0 (Windows NT 10.0; Win64; x64) AppleWebKit/537.36 (KHTML, like Gecko) Chrome/90.0.4430.85 Safari/537.36"
2.56.164.116 - - [23/Feb/2025:13:33:13 -0500] "GET /wp-includes/class-wp-block-bindings-registry.php HTTP/1.0" 200 - "binance.com" "Mozilla/5.0 (Windows NT 10.0; Win64; x64) AppleWebKit/537.36 (KHTML, like Gecko) Chrome/90.0.4430.85 Safari/537.36"
199.250.205.212 - - [23/Feb/2025:13:32:53 -0500] "POST /?mailpoet_router&endpoint=cron_daemon&action=run&data=eyJ0b2tlbiI6Ino0dWRxIn0 HTTP/1.0" 200 - "-" "MailPoet Cron"
2.56.164.116 - - [23/Feb/2025:13:33:24 -0500] "GET /wp-includes/class-wp-block-bindings-source.php HTTP/1.0" 200 - "binance.com" "Mozilla/5.0 (Windows NT 10.0; Win64; x64) AppleWebKit/537.36 (KHTML, like Gecko) Chrome/90.0.4430.85 Safari/537.36"
2.56.164.116 - - [23/Feb/2025:13:33:38 -0500] "GET /wp-includes/class-wp-block-editor-context.php HTTP/1.0" 200 - "binance.com" "Mozilla/5.0 (Windows NT 10.0; Win64; x64) AppleWebKit/537.36 (KHTML, like Gecko) Chrome/90.0.4430.85 Safari/537.36"
199.250.205.212 - - [23/Feb/2025:13:33:13 -0500] "POST /?mailpoet_router&endpoint=cron_daemon&action=run&data=eyJ0b2tlbiI6IjFxbnowIn0 HTTP/1.0" 200 - "-" "MailPoet Cron"
2.56.164.116 - - [23/Feb/2025:13:33:47 -0500] "GET /wp-includes/class-wp-block-metadata-registry.php HTTP/1.0" 200 - "binance.com" "Mozilla/5.0 (Windows NT 10.0; Win64; x64) AppleWebKit/537.36 (KHTML, like Gecko) Chrome/90.0.4430.85 Safari/537.36"
2.56.164.116 - - [23/Feb/2025:13:33:59 -0500] "GET /wp-includes/class-wp-block-parser-block.php HTTP/1.0" 200 - "binance.com" "Mozilla/5.0 (Windows NT 10.0; Win64; x64) AppleWebKit/537.36 (KHTML, like Gecko) Chrome/90.0.4430.85 Safari/537.36"
199.250.205.212 - - [23/Feb/2025:13:33:34 -0500] "POST /?mailpoet_router&endpoint=cron_daemon&action=run&data=eyJ0b2tlbiI6Ind3M2ZtIn0 HTTP/1.0" 200 - "-" "MailPoet Cron"
2.56.164.116 - - [23/Feb/2025:13:34:12 -0500] "GET /wp-includes/class-wp-block-parser-frame.php HTTP/1.0" 200 - "binance.com" "Mozilla/5.0 (Windows NT 10.0; Win64; x64) AppleWebKit/537.36 (KHTML, like Gecko) Chrome/90.0.4430.85 Safari/537.36"
199.250.205.212 - - [23/Feb/2025:13:33:55 -0500] "POST /?mailpoet_router&endpoint=cron_daemon&action=run&data=eyJ0b2tlbiI6IjFwZzFqIn0 HTTP/1.0" 200 - "-" "MailPoet Cron"
2.56.164.116 - - [23/Feb/2025:13:34:33 -0500] "GET /wp-includes/class-wp-block-template.php HTTP/1.0" 200 - "binance.com" "Mozilla/5.0 (Windows NT 10.0; Win64; x64) AppleWebKit/537.36 (KHTML, like Gecko) Chrome/90.0.4430.85 Safari/537.36"
2.56.164.116 - - [23/Feb/2025:13:34:44 -0500] "GET /wp-includes/class-wp-block-templates-registry.php HTTP/1.0" 200 - "binance.com" "Mozilla/5.0 (Windows NT 10.0; Win64; x64) AppleWebKit/537.36 (KHTML, like Gecko) Chrome/90.0.4430.85 Safari/537.36"
199.250.205.212 - - [23/Feb/2025:13:34:19 -0500] "POST /?mailpoet_router&endpoint=cron_daemon&action=run&data=eyJ0b2tlbiI6InE1MmdyIn0 HTTP/1.0" 200 - "-" "MailPoet Cron"
2.56.164.116 - - [23/Feb/2025:13:34:55 -0500] "GET /wp-includes/class-wp-classic-to-block-menu-converter.php HTTP/1.0" 200 - "binance.com" "Mozilla/5.0 (Windows NT 10.0; Win64; x64) AppleWebKit/537.36 (KHTML, like Gecko) Chrome/90.0.4430.85 Safari/537.36"
199.250.205.212 - - [23/Feb/2025:13:34:39 -0500] "POST /?mailpoet_router&endpoint=cron_daemon&action=run&data=eyJ0b2tlbiI6IjF0M2xvIn0 HTTP/1.0" 200 - "-" "MailPoet Cron"
2.56.164.116 - - [23/Feb/2025:13:35:05 -0500] "GET /wp-includes/class-wp-dependencies.php HTTP/1.0" 200 - "binance.com" "Mozilla/5.0 (Windows NT 10.0; Win64; x64) AppleWebKit/537.36 (KHTML, like Gecko) Chrome/90.0.4430.85 Safari/537.36"
2.56.164.116 - - [23/Feb/2025:13:35:17 -0500] "GET /wp-includes/class-wp-duotone.php HTTP/1.0" 200 - "binance.com" "Mozilla/5.0 (Windows NT 10.0; Win64; x64) AppleWebKit/537.36 (KHTML, like Gecko) Chrome/90.0.4430.85 Safari/537.36"
199.250.205.212 - - [23/Feb/2025:13:35:00 -0500] "POST /?mailpoet_router&endpoint=cron_daemon&action=run&data=eyJ0b2tlbiI6IjF0ZGZ0In0 HTTP/1.0" 200 - "-" "MailPoet Cron"
2.56.164.116 - - [23/Feb/2025:13:35:27 -0500] "GET /wp-includes/class-wp-exception.php HTTP/1.0" 200 - "binance.com" "Mozilla/5.0 (Windows NT 10.0; Win64; x64) AppleWebKit/537.36 (KHTML, like Gecko) Chrome/90.0.4430.85 Safari/537.36"
2.56.164.116 - - [23/Feb/2025:13:35:41 -0500] "GET /wp-includes/class-wp-http.php HTTP/1.0" 500 - "binance.com" "Mozilla/5.0 (Windows NT 10.0; Win64; x64) AppleWebKit/537.36 (KHTML, like Gecko) Chrome/90.0.4430.85 Safari/537.36"
199.250.205.212 - - [23/Feb/2025:13:35:20 -0500] "POST /?mailpoet_router&endpoint=cron_daemon&action=run&data=eyJ0b2tlbiI6IjE4aTM1In0 HTTP/1.0" 200 - "-" "MailPoet Cron"
2.56.164.116 - - [23/Feb/2025:13:35:49 -0500] "GET /wp-includes/class-wp-navigation-fallback.php HTTP/1.0" 200 - "binance.com" "Mozilla/5.0 (Windows NT 10.0; Win64; x64) AppleWebKit/537.36 (KHTML, like Gecko) Chrome/90.0.4430.85 Safari/537.36"
2.56.164.116 - - [23/Feb/2025:13:36:01 -0500] "GET /wp-includes/class-wp-plugin-dependencies.php HTTP/1.0" 200 - "binance.com" "Mozilla/5.0 (Windows NT 10.0; Win64; x64) AppleWebKit/537.36 (KHTML, like Gecko) Chrome/90.0.4430.85 Safari/537.36"
199.250.205.212 - - [23/Feb/2025:13:35:39 -0500] "POST /?mailpoet_router&endpoint=cron_daemon&action=run&data=eyJ0b2tlbiI6ImdpYWVjIn0 HTTP/1.0" 200 - "-" "MailPoet Cron"
2.56.164.116 - - [23/Feb/2025:13:36:09 -0500] "GET /wp-includes/class-wp-script-modules.php HTTP/1.0" 200 - "binance.com" "Mozilla/5.0 (Windows NT 10.0; Win64; x64) AppleWebKit/537.36 (KHTML, like Gecko) Chrome/90.0.4430.85 Safari/537.36"
2.56.164.116 - - [23/Feb/2025:13:36:19 -0500] "GET /wp-includes/class-wp-scripts.php HTTP/1.0" 500 - "binance.com" "Mozilla/5.0 (Windows NT 10.0; Win64; x64) AppleWebKit/537.36 (KHTML, like Gecko) Chrome/90.0.4430.85 Safari/537.36"
199.250.205.212 - - [23/Feb/2025:13:36:00 -0500] "POST /?mailpoet_router&endpoint=cron_daemon&action=run&data=eyJ0b2tlbiI6IjF4cDB5In0 HTTP/1.0" 200 - "-" "MailPoet Cron"
2.56.164.116 - - [23/Feb/2025:13:36:26 -0500] "GET /wp-includes/class-wp-styles.php HTTP/1.0" 500 - "binance.com" "Mozilla/5.0 (Windows NT 10.0; Win64; x64) AppleWebKit/537.36 (KHTML, like Gecko) Chrome/90.0.4430.85 Safari/537.36"
2.56.164.116 - - [23/Feb/2025:13:36:40 -0500] "GET /wp-includes/class-wp-textdomain-registry.php HTTP/1.0" 200 - "binance.com" "Mozilla/5.0 (Windows NT 10.0; Win64; x64) AppleWebKit/537.36 (KHTML, like Gecko) Chrome/90.0.4430.85 Safari/537.36"
199.250.205.212 - - [23/Feb/2025:13:36:20 -0500] "POST /?mailpoet_router&endpoint=cron_daemon&action=run&data=eyJ0b2tlbiI6InJhMHJ3In0 HTTP/1.0" 200 - "-" "MailPoet Cron"
2.56.164.116 - - [23/Feb/2025:13:36:54 -0500] "GET /wp-includes/class-wp-theme-json-data.php HTTP/1.0" 200 - "binance.com" "Mozilla/5.0 (Windows NT 10.0; Win64; x64) AppleWebKit/537.36 (KHTML, like Gecko) Chrome/90.0.4430.85 Safari/537.36"
199.250.205.212 - - [23/Feb/2025:13:36:40 -0500] "POST /?mailpoet_router&endpoint=cron_daemon&action=run&data=eyJ0b2tlbiI6IjFnOG5sIn0 HTTP/1.0" 200 - "-" "MailPoet Cron"
2.56.164.116 - - [23/Feb/2025:13:37:15 -0500] "GET /wp-includes/class-wp-theme-json-resolver.php HTTP/1.0" 200 - "binance.com" "Mozilla/5.0 (Windows NT 10.0; Win64; x64) AppleWebKit/537.36 (KHTML, like Gecko) Chrome/90.0.4430.85 Safari/537.36"
199.250.205.212 - - [23/Feb/2025:13:37:02 -0500] "POST /?mailpoet_router&endpoint=cron_daemon&action=run&data=eyJ0b2tlbiI6IjZsdzZiIn0 HTTP/1.0" 200 - "-" "MailPoet Cron"
2.56.164.116 - - [23/Feb/2025:13:37:33 -0500] "GET /wp-includes/class-wp-theme-json-schema.php HTTP/1.0" 200 - "binance.com" "Mozilla/5.0 (Windows NT 10.0; Win64; x64) AppleWebKit/537.36 (KHTML, like Gecko) Chrome/90.0.4430.85 Safari/537.36"
2.56.164.116 - - [23/Feb/2025:13:37:44 -0500] "GET /wp-includes/class-wp-theme-json.php HTTP/1.0" 200 - "binance.com" "Mozilla/5.0 (Windows NT 10.0; Win64; x64) AppleWebKit/537.36 (KHTML, like Gecko) Chrome/90.0.4430.85 Safari/537.36"
199.250.205.212 - - [23/Feb/2025:13:37:22 -0500] "POST /?mailpoet_router&endpoint=cron_daemon&action=run&data=eyJ0b2tlbiI6Im1ocHF0In0 HTTP/1.0" 200 - "-" "MailPoet Cron"
2.56.164.116 - - [23/Feb/2025:13:37:53 -0500] "GET /wp-includes/class-wp-token-map.php HTTP/1.0" 200 - "binance.com" "Mozilla/5.0 (Windows NT 10.0; Win64; x64) AppleWebKit/537.36 (KHTML, like Gecko) Chrome/90.0.4430.85 Safari/537.36"
2.56.164.116 - - [23/Feb/2025:13:38:02 -0500] "GET /wp-includes/class-wpdb.php HTTP/1.0" 200 - "binance.com" "Mozilla/5.0 (Windows NT 10.0; Win64; x64) AppleWebKit/537.36 (KHTML, like Gecko) Chrome/90.0.4430.85 Safari/537.36"
2.56.164.116 - - [23/Feb/2025:13:38:08 -0500] "GET /wp-includes/fonts.php HTTP/1.0" 200 - "binance.com" "Mozilla/5.0 (Windows NT 10.0; Win64; x64) AppleWebKit/537.36 (KHTML, like Gecko) Chrome/90.0.4430.85 Safari/537.36"
199.250.205.212 - - [23/Feb/2025:13:37:46 -0500] "POST /?mailpoet_router&endpoint=cron_daemon&action=run&data=eyJ0b2tlbiI6IjJzeDJ1In0 HTTP/1.0" 200 - "-" "MailPoet Cron"
2.56.164.116 - - [23/Feb/2025:13:38:19 -0500] "GET /wp-includes/global-styles-and-settings.php HTTP/1.0" 200 - "binance.com" "Mozilla/5.0 (Windows NT 10.0; Win64; x64) AppleWebKit/537.36 (KHTML, like Gecko) Chrome/90.0.4430.85 Safari/537.36"
199.250.205.212 - - [23/Feb/2025:13:38:07 -0500] "POST /?mailpoet_router&endpoint=cron_daemon&action=run&data=eyJ0b2tlbiI6ImM2eDN6In0 HTTP/1.0" 200 - "-" "MailPoet Cron"
2.56.164.116 - - [23/Feb/2025:13:38:37 -0500] "GET /wp-includes/https-detection.php HTTP/1.0" 200 - "binance.com" "Mozilla/5.0 (Windows NT 10.0; Win64; x64) AppleWebKit/537.36 (KHTML, like Gecko) Chrome/90.0.4430.85 Safari/537.36"
199.250.205.212 - - [23/Feb/2025:13:38:29 -0500] "POST /?mailpoet_router&endpoint=cron_daemon&action=run&data=eyJ0b2tlbiI6IjF3cm9vIn0 HTTP/1.0" 200 - "-" "MailPoet Cron"
2.56.164.116 - - [23/Feb/2025:13:38:58 -0500] "GET /wp-includes/https-migration.php HTTP/1.0" 200 - "binance.com" "Mozilla/5.0 (Windows NT 10.0; Win64; x64) AppleWebKit/537.36 (KHTML, like Gecko) Chrome/90.0.4430.85 Safari/537.36"
199.250.205.212 - - [23/Feb/2025:13:38:50 -0500] "POST /?mailpoet_router&endpoint=cron_daemon&action=run&data=eyJ0b2tlbiI6ImhxcHUwIn0 HTTP/1.0" 200 - "-" "MailPoet Cron"
2.56.164.116 - - [23/Feb/2025:13:39:16 -0500] "GET /wp-includes/robots-template.php HTTP/1.0" 200 - "binance.com" "Mozilla/5.0 (Windows NT 10.0; Win64; x64) AppleWebKit/537.36 (KHTML, like Gecko) Chrome/90.0.4430.85 Safari/537.36"
2.56.164.116 - - [23/Feb/2025:13:39:29 -0500] "GET /wp-includes/script-modules.php HTTP/1.0" 200 - "binance.com" "Mozilla/5.0 (Windows NT 10.0; Win64; x64) AppleWebKit/537.36 (KHTML, like Gecko) Chrome/90.0.4430.85 Safari/537.36"
2.56.164.116 - - [23/Feb/2025:13:39:38 -0500] "GET /wp-includes/style-engine.php HTTP/1.0" 200 - "binance.com" "Mozilla/5.0 (Windows NT 10.0; Win64; x64) AppleWebKit/537.36 (KHTML, like Gecko) Chrome/90.0.4430.85 Safari/537.36"
199.250.205.212 - - [23/Feb/2025:13:39:11 -0500] "POST /?mailpoet_router&endpoint=cron_daemon&action=run&data=eyJ0b2tlbiI6IjE4MXk5In0 HTTP/1.0" 200 - "-" "MailPoet Cron"
2.56.164.116 - - [23/Feb/2025:13:39:48 -0500] "GET /wp-includes/template-canvas.php HTTP/1.0" 500 - "binance.com" "Mozilla/5.0 (Windows NT 10.0; Win64; x64) AppleWebKit/537.36 (KHTML, like Gecko) Chrome/90.0.4430.85 Safari/537.36"
2.56.164.116 - - [23/Feb/2025:13:39:55 -0500] "GET /wp-includes/theme-previews.php HTTP/1.0" 200 - "binance.com" "Mozilla/5.0 (Windows NT 10.0; Win64; x64) AppleWebKit/537.36 (KHTML, like Gecko) Chrome/90.0.4430.85 Safari/537.36"
199.250.205.212 - - [23/Feb/2025:13:39:34 -0500] "POST /?mailpoet_router&endpoint=cron_daemon&action=run&data=eyJ0b2tlbiI6Imp4ZG1lIn0 HTTP/1.0" 200 - "-" "MailPoet Cron"
2.56.164.116 - - [23/Feb/2025:13:40:04 -0500] "GET /wp-includes/theme-templates.php HTTP/1.0" 200 - "binance.com" "Mozilla/5.0 (Windows NT 10.0; Win64; x64) AppleWebKit/537.36 (KHTML, like Gecko) Chrome/90.0.4430.85 Safari/537.36"
2.56.164.116 - - [23/Feb/2025:13:40:19 -0500] "GET /wp-includes/ID3/ HTTP/1.0" 200 4042 "binance.com" "Mozilla/5.0 (Windows NT 10.0; Win64; x64) AppleWebKit/537.36 (KHTML, like Gecko) Chrome/90.0.4430.85 Safari/537.36"
199.250.205.212 - - [23/Feb/2025:13:39:56 -0500] "POST /?mailpoet_router&endpoint=cron_daemon&action=run&data=eyJ0b2tlbiI6IjFlbjJvIn0 HTTP/1.0" 200 - "-" "MailPoet Cron"
2.56.164.116 - - [23/Feb/2025:13:40:32 -0500] "GET /wp-includes/ID3/ HTTP/1.0" 200 4042 "binance.com" "Mozilla/5.0 (Windows NT 10.0; Win64; x64) AppleWebKit/537.36 (KHTML, like Gecko) Chrome/90.0.4430.85 Safari/537.36"
2.56.164.116 - - [23/Feb/2025:13:40:41 -0500] "GET /wp-includes/IXR/ HTTP/1.0" 200 2538 "binance.com" "Mozilla/5.0 (Windows NT 10.0; Win64; x64) AppleWebKit/537.36 (KHTML, like Gecko) Chrome/90.0.4430.85 Safari/537.36"
199.250.205.212 - - [23/Feb/2025:13:40:17 -0500] "POST /?mailpoet_router&endpoint=cron_daemon&action=run&data=eyJ0b2tlbiI6IjExNzJuIn0 HTTP/1.0" 200 - "-" "MailPoet Cron"
2.56.164.116 - - [23/Feb/2025:13:40:54 -0500] "GET /wp-includes/IXR/ HTTP/1.0" 200 2538 "binance.com" "Mozilla/5.0 (Windows NT 10.0; Win64; x64) AppleWebKit/537.36 (KHTML, like Gecko) Chrome/90.0.4430.85 Safari/537.36"
199.250.205.212 - - [23/Feb/2025:13:40:37 -0500] "POST /?mailpoet_router&endpoint=cron_daemon&action=run&data=eyJ0b2tlbiI6Ind5NXdoIn0 HTTP/1.0" 200 - "-" "MailPoet Cron"
2.56.164.116 - - [23/Feb/2025:13:41:05 -0500] "GET /wp-includes/PHPMailer/ HTTP/1.0" 200 1182 "binance.com" "Mozilla/5.0 (Windows NT 10.0; Win64; x64) AppleWebKit/537.36 (KHTML, like Gecko) Chrome/90.0.4430.85 Safari/537.36"
2.56.164.116 - - [23/Feb/2025:13:41:16 -0500] "GET /wp-includes/PHPMailer/ HTTP/1.0" 200 1182 "binance.com" "Mozilla/5.0 (Windows NT 10.0; Win64; x64) AppleWebKit/537.36 (KHTML, like Gecko) Chrome/90.0.4430.85 Safari/537.36"
199.250.205.212 - - [23/Feb/2025:13:40:57 -0500] "POST /?mailpoet_router&endpoint=cron_daemon&action=run&data=eyJ0b2tlbiI6IjFscjhvIn0 HTTP/1.0" 200 - "-" "MailPoet Cron"
2.56.164.116 - - [23/Feb/2025:13:41:28 -0500] "GET /wp-includes/Text/ HTTP/1.0" 200 1164 "binance.com" "Mozilla/5.0 (Windows NT 10.0; Win64; x64) AppleWebKit/537.36 (KHTML, like Gecko) Chrome/90.0.4430.85 Safari/537.36"
2.56.164.116 - - [23/Feb/2025:13:41:45 -0500] "GET /wp-includes/Text/ HTTP/1.0" 200 1164 "binance.com" "Mozilla/5.0 (Windows NT 10.0; Win64; x64) AppleWebKit/537.36 (KHTML, like Gecko) Chrome/90.0.4430.85 Safari/537.36"
199.250.205.212 - - [23/Feb/2025:13:41:18 -0500] "POST /?mailpoet_router&endpoint=cron_daemon&action=run&data=eyJ0b2tlbiI6IjE3bW96In0 HTTP/1.0" 200 - "-" "MailPoet Cron"
2.56.164.116 - - [23/Feb/2025:13:42:01 -0500] "GET /wp-includes/Text/Diff/ HTTP/1.0" 200 1181 "binance.com" "Mozilla/5.0 (Windows NT 10.0; Win64; x64) AppleWebKit/537.36 (KHTML, like Gecko) Chrome/90.0.4430.85 Safari/537.36"
199.250.205.212 - - [23/Feb/2025:13:41:41 -0500] "POST /?mailpoet_router&endpoint=cron_daemon&action=run&data=eyJ0b2tlbiI6IjFoeW1kIn0 HTTP/1.0" 200 - "-" "MailPoet Cron"
2.56.164.116 - - [23/Feb/2025:13:42:08 -0500] "GET /wp-includes/Text/Diff/ HTTP/1.0" 200 1181 "binance.com" "Mozilla/5.0 (Windows NT 10.0; Win64; x64) AppleWebKit/537.36 (KHTML, like Gecko) Chrome/90.0.4430.85 Safari/537.36"
2.56.164.116 - - [23/Feb/2025:13:42:19 -0500] "GET /wp-includes/Text/Diff/Engine/ HTTP/1.0" 200 1378 "binance.com" "Mozilla/5.0 (Windows NT 10.0; Win64; x64) AppleWebKit/537.36 (KHTML, like Gecko) Chrome/90.0.4430.85 Safari/537.36"
199.250.205.212 - - [23/Feb/2025:13:42:01 -0500] "POST /?mailpoet_router&endpoint=cron_daemon&action=run&data=eyJ0b2tlbiI6IjExM3d1In0 HTTP/1.0" 200 - "-" "MailPoet Cron"
2.56.164.116 - - [23/Feb/2025:13:42:34 -0500] "GET /wp-includes/Text/Diff/Engine/ HTTP/1.0" 200 1378 "binance.com" "Mozilla/5.0 (Windows NT 10.0; Win64; x64) AppleWebKit/537.36 (KHTML, like Gecko) Chrome/90.0.4430.85 Safari/537.36"
2.56.164.116 - - [23/Feb/2025:13:42:44 -0500] "GET /wp-includes/Text/Diff/Renderer/ HTTP/1.0" 200 850 "binance.com" "Mozilla/5.0 (Windows NT 10.0; Win64; x64) AppleWebKit/537.36 (KHTML, like Gecko) Chrome/90.0.4430.85 Safari/537.36"
199.250.205.212 - - [23/Feb/2025:13:42:27 -0500] "POST /?mailpoet_router&endpoint=cron_daemon&action=run&data=eyJ0b2tlbiI6Ino2M3Y2In0 HTTP/1.0" 200 - "-" "MailPoet Cron"
2.56.164.116 - - [23/Feb/2025:13:43:00 -0500] "GET /wp-includes/Text/Diff/Renderer/ HTTP/1.0" 200 850 "binance.com" "Mozilla/5.0 (Windows NT 10.0; Win64; x64) AppleWebKit/537.36 (KHTML, like Gecko) Chrome/90.0.4430.85 Safari/537.36"
199.250.205.212 - - [23/Feb/2025:13:42:48 -0500] "POST /?mailpoet_router&endpoint=cron_daemon&action=run&data=eyJ0b2tlbiI6IjFxZDRwIn0 HTTP/1.0" 200 - "-" "MailPoet Cron"
2.56.164.116 - - [23/Feb/2025:13:43:18 -0500] "GET /wp-includes/blocks/ HTTP/1.0" 200 2 "binance.com" "Mozilla/5.0 (Windows NT 10.0; Win64; x64) AppleWebKit/537.36 (KHTML, like Gecko) Chrome/90.0.4430.85 Safari/537.36"
213.136.78.38 - - [23/Feb/2025:13:43:20 -0500] "GET /wp-admin/css/ HTTP/1.0" 200 19369 "binance.com" "Mozilla/5.0 (Windows NT 10.0; Win64; x64) AppleWebKit/537.36 (KHTML, like Gecko) Chrome/90.0.4430.85 Safari/537.36"
213.136.78.38 - - [23/Feb/2025:13:43:24 -0500] "GET /wp-content/uploads/2025/02/ HTTP/1.0" 200 5069 "binance.com" "Mozilla/5.0 (Windows NT 10.0; Win64; x64) AppleWebKit/537.36 (KHTML, like Gecko) Chrome/90.0.4430.85 Safari/537.36"
2.56.164.116 - - [23/Feb/2025:13:43:28 -0500] "GET /wp-includes/pomo/ HTTP/1.0" 200 1706 "binance.com" "Mozilla/5.0 (Windows NT 10.0; Win64; x64) AppleWebKit/537.36 (KHTML, like Gecko) Chrome/90.0.4430.85 Safari/537.36"
213.136.78.38 - - [23/Feb/2025:13:43:29 -0500] "GET /wp-content/uploads/2025/01/ HTTP/1.0" 200 2332 "binance.com" "Mozilla/5.0 (Windows NT 10.0; Win64; x64) AppleWebKit/537.36 (KHTML, like Gecko) Chrome/90.0.4430.85 Safari/537.36"
213.136.78.38 - - [23/Feb/2025:13:43:34 -0500] "GET /wp-content/uploads/ HTTP/1.0" 200 3299 "binance.com" "Mozilla/5.0 (Windows NT 10.0; Win64; x64) AppleWebKit/537.36 (KHTML, like Gecko) Chrome/90.0.4430.85 Safari/537.36"
199.250.205.212 - - [23/Feb/2025:13:43:09 -0500] "POST /?mailpoet_router&endpoint=cron_daemon&action=run&data=eyJ0b2tlbiI6IjFybmV6In0 HTTP/1.0" 200 - "-" "MailPoet Cron"
213.136.78.38 - - [23/Feb/2025:13:43:38 -0500] "GET /wp-content/upgrade/ HTTP/1.0" 200 637 "binance.com" "Mozilla/5.0 (Windows NT 10.0; Win64; x64) AppleWebKit/537.36 (KHTML, like Gecko) Chrome/90.0.4430.85 Safari/537.36"
199.250.205.212 - - [23/Feb/2025:13:43:43 -0500] "POST /wp-cron.php?doing_wp_cron=1740336223.4152019023895263671875 HTTP/1.0" 200 - "-" "WordPress/6.7.2; https://detroit.golf"
213.136.78.38 - - [23/Feb/2025:13:43:42 -0500] "GET /wp-content/languages/ HTTP/1.0" 404 76121 "binance.com" "Mozilla/5.0 (Windows NT 10.0; Win64; x64) AppleWebKit/537.36 (KHTML, like Gecko) Chrome/90.0.4430.85 Safari/537.36"
2.56.164.116 - - [23/Feb/2025:13:43:44 -0500] "GET /wp-includes/pomo/ HTTP/1.0" 200 1706 "binance.com" "Mozilla/5.0 (Windows NT 10.0; Win64; x64) AppleWebKit/537.36 (KHTML, like Gecko) Chrome/90.0.4430.85 Safari/537.36"
213.136.78.38 - - [23/Feb/2025:13:43:47 -0500] "GET /wp-admin/includes/ HTTP/1.0" 200 20996 "binance.com" "Mozilla/5.0 (Windows NT 10.0; Win64; x64) AppleWebKit/537.36 (KHTML, like Gecko) Chrome/90.0.4430.85 Safari/537.36"
2.56.164.116 - - [23/Feb/2025:13:43:52 -0500] "GET /wp-includes/sitemaps/ HTTP/1.0" 200 2013 "binance.com" "Mozilla/5.0 (Windows NT 10.0; Win64; x64) AppleWebKit/537.36 (KHTML, like Gecko) Chrome/90.0.4430.85 Safari/537.36"
213.136.78.38 - - [23/Feb/2025:13:43:52 -0500] "GET /wp-admin/includes/ HTTP/1.0" 200 20996 "binance.com" "Mozilla/5.0 (Windows NT 10.0; Win64; x64) AppleWebKit/537.36 (KHTML, like Gecko) Chrome/90.0.4430.85 Safari/537.36"
199.250.205.212 - - [23/Feb/2025:13:43:32 -0500] "POST /?mailpoet_router&endpoint=cron_daemon&action=run&data=eyJ0b2tlbiI6IjFxbmF6In0 HTTP/1.0" 200 - "-" "MailPoet Cron"
2.56.164.116 - - [23/Feb/2025:13:44:01 -0500] "GET /wp-includes/sitemaps/ HTTP/1.0" 200 2013 "binance.com" "Mozilla/5.0 (Windows NT 10.0; Win64; x64) AppleWebKit/537.36 (KHTML, like Gecko) Chrome/90.0.4430.85 Safari/537.36"
213.136.78.38 - - [23/Feb/2025:13:44:02 -0500] "GET /wp-admin/maint/ HTTP/1.0" 200 805 "binance.com" "Mozilla/5.0 (Windows NT 10.0; Win64; x64) AppleWebKit/537.36 (KHTML, like Gecko) Chrome/90.0.4430.85 Safari/537.36"
213.136.78.38 - - [23/Feb/2025:13:44:05 -0500] "GET /wp-admin/maint/ HTTP/1.0" 200 805 "binance.com" "Mozilla/5.0 (Windows NT 10.0; Win64; x64) AppleWebKit/537.36 (KHTML, like Gecko) Chrome/90.0.4430.85 Safari/537.36"
2.56.164.116 - - [23/Feb/2025:13:44:11 -0500] "GET /wp-includes/sitemaps/providers/ HTTP/1.0" 200 1270 "binance.com" "Mozilla/5.0 (Windows NT 10.0; Win64; x64) AppleWebKit/537.36 (KHTML, like Gecko) Chrome/90.0.4430.85 Safari/537.36"
213.136.78.38 - - [23/Feb/2025:13:44:10 -0500] "GET /wp-admin/network/ HTTP/1.0" 302 - "binance.com" "Mozilla/5.0 (Windows NT 10.0; Win64; x64) AppleWebKit/537.36 (KHTML, like Gecko) Chrome/90.0.4430.85 Safari/537.36"
213.136.78.38 - - [23/Feb/2025:13:44:15 -0500] "GET /wp-admin/network/ HTTP/1.0" 302 - "binance.com" "Mozilla/5.0 (Windows NT 10.0; Win64; x64) AppleWebKit/537.36 (KHTML, like Gecko) Chrome/90.0.4430.85 Safari/537.36"
199.250.205.212 - - [23/Feb/2025:13:43:54 -0500] "POST /?mailpoet_router&endpoint=cron_daemon&action=run&data=eyJ0b2tlbiI6IjF2eG14In0 HTTP/1.0" 200 - "-" "MailPoet Cron"
213.136.78.38 - - [23/Feb/2025:13:44:19 -0500] "GET /wp-login.php?redirect_to=https%3A%2F%2Fdetroit.golf%2Fwp-admin%2Fnetwork%2F&reauth=1 HTTP/1.0" 200 7929 "binance.com" "Mozilla/5.0 (Windows NT 10.0; Win64; x64) AppleWebKit/537.36 (KHTML, like Gecko) Chrome/90.0.4430.85 Safari/537.36"
2.56.164.116 - - [23/Feb/2025:13:44:25 -0500] "GET /wp-includes/sitemaps/providers/ HTTP/1.0" 200 1270 "binance.com" "Mozilla/5.0 (Windows NT 10.0; Win64; x64) AppleWebKit/537.36 (KHTML, like Gecko) Chrome/90.0.4430.85 Safari/537.36"
213.136.78.38 - - [23/Feb/2025:13:44:24 -0500] "GET /wp-admin/user/ HTTP/1.0" 302 - "binance.com" "Mozilla/5.0 (Windows NT 10.0; Win64; x64) AppleWebKit/537.36 (KHTML, like Gecko) Chrome/90.0.4430.85 Safari/537.36"
213.136.78.38 - - [23/Feb/2025:13:44:29 -0500] "GET /wp-admin/user/ HTTP/1.0" 302 - "binance.com" "Mozilla/5.0 (Windows NT 10.0; Win64; x64) AppleWebKit/537.36 (KHTML, like Gecko) Chrome/90.0.4430.85 Safari/537.36"
199.250.205.212 - - [23/Feb/2025:13:44:34 -0500] "POST /wp-cron.php?doing_wp_cron=1740336274.2890429496765136718750 HTTP/1.0" 200 - "-" "WordPress/6.7.2; https://detroit.golf"
213.136.78.38 - - [23/Feb/2025:13:44:33 -0500] "GET /wp-login.php?redirect_to=https%3A%2F%2Fdetroit.golf%2Fwp-admin%2Fuser%2F&reauth=1 HTTP/1.0" 200 7927 "binance.com" "Mozilla/5.0 (Windows NT 10.0; Win64; x64) AppleWebKit/537.36 (KHTML, like Gecko) Chrome/90.0.4430.85 Safari/537.36"
2.56.164.116 - - [23/Feb/2025:13:44:39 -0500] "GET /wp-includes/widgets/ HTTP/1.0" 200 4621 "binance.com" "Mozilla/5.0 (Windows NT 10.0; Win64; x64) AppleWebKit/537.36 (KHTML, like Gecko) Chrome/90.0.4430.85 Safari/537.36"
199.250.205.212 - - [23/Feb/2025:13:44:14 -0500] "POST /?mailpoet_router&endpoint=cron_daemon&action=run&data=eyJ0b2tlbiI6IjF3ZWJvIn0 HTTP/1.0" 200 - "-" "MailPoet Cron"
213.136.78.38 - - [23/Feb/2025:13:44:42 -0500] "GET /wp-admin/css/ HTTP/1.0" 200 19369 "binance.com" "Mozilla/5.0 (Windows NT 10.0; Win64; x64) AppleWebKit/537.36 (KHTML, like Gecko) Chrome/90.0.4430.85 Safari/537.36"
213.136.78.38 - - [23/Feb/2025:13:44:47 -0500] "GET /wp-admin/css/colors/ HTTP/1.0" 200 2585 "binance.com" "Mozilla/5.0 (Windows NT 10.0; Win64; x64) AppleWebKit/537.36 (KHTML, like Gecko) Chrome/90.0.4430.85 Safari/537.36"
213.136.78.38 - - [23/Feb/2025:13:44:51 -0500] "GET /wp-admin/css/colors/blue/ HTTP/1.0" 200 1565 "binance.com" "Mozilla/5.0 (Windows NT 10.0; Win64; x64) AppleWebKit/537.36 (KHTML, like Gecko) Chrome/90.0.4430.85 Safari/537.36"
213.136.78.38 - - [23/Feb/2025:13:44:55 -0500] "GET /wp-admin/css/colors/coffee/ HTTP/1.0" 200 1569 "binance.com" "Mozilla/5.0 (Windows NT 10.0; Win64; x64) AppleWebKit/537.36 (KHTML, like Gecko) Chrome/90.0.4430.85 Safari/537.36"
2.56.164.116 - - [23/Feb/2025:13:44:55 -0500] "GET /wp-includes/widgets/ HTTP/1.0" 200 4621 "binance.com" "Mozilla/5.0 (Windows NT 10.0; Win64; x64) AppleWebKit/537.36 (KHTML, like Gecko) Chrome/90.0.4430.85 Safari/537.36"
213.136.78.38 - - [23/Feb/2025:13:44:59 -0500] "GET /wp-admin/css/colors/ectoplasm/ HTTP/1.0" 200 1575 "binance.com" "Mozilla/5.0 (Windows NT 10.0; Win64; x64) AppleWebKit/537.36 (KHTML, like Gecko) Chrome/90.0.4430.85 Safari/537.36"
199.250.205.212 - - [23/Feb/2025:13:44:35 -0500] "POST /?mailpoet_router&endpoint=cron_daemon&action=run&data=eyJ0b2tlbiI6ImhlZnBuIn0 HTTP/1.0" 200 - "-" "MailPoet Cron"
213.136.78.38 - - [23/Feb/2025:13:45:04 -0500] "GET /wp-admin/css/colors/light/ HTTP/1.0" 200 1567 "binance.com" "Mozilla/5.0 (Windows NT 10.0; Win64; x64) AppleWebKit/537.36 (KHTML, like Gecko) Chrome/90.0.4430.85 Safari/537.36"
213.136.78.38 - - [23/Feb/2025:13:45:08 -0500] "GET /wp-admin/css/colors/midnight/ HTTP/1.0" 200 1573 "binance.com" "Mozilla/5.0 (Windows NT 10.0; Win64; x64) AppleWebKit/537.36 (KHTML, like Gecko) Chrome/90.0.4430.85 Safari/537.36"
2.56.164.116 - - [23/Feb/2025:13:45:09 -0500] "GET /wp-includes/widgets/class-wp-widget-block.php HTTP/1.0" 500 - "binance.com" "Mozilla/5.0 (Windows NT 10.0; Win64; x64) AppleWebKit/537.36 (KHTML, like Gecko) Chrome/90.0.4430.85 Safari/537.36"
213.136.78.38 - - [23/Feb/2025:13:45:12 -0500] "GET /wp-admin/css/colors/modern/ HTTP/1.0" 200 1569 "binance.com" "Mozilla/5.0 (Windows NT 10.0; Win64; x64) AppleWebKit/537.36 (KHTML, like Gecko) Chrome/90.0.4430.85 Safari/537.36"
213.136.78.38 - - [23/Feb/2025:13:45:16 -0500] "GET /wp-admin/css/colors/ocean/ HTTP/1.0" 200 1567 "binance.com" "Mozilla/5.0 (Windows NT 10.0; Win64; x64) AppleWebKit/537.36 (KHTML, like Gecko) Chrome/90.0.4430.85 Safari/537.36"
2.56.164.116 - - [23/Feb/2025:13:45:18 -0500] "GET /wp-includes/css/ HTTP/1.0" 200 8335 "binance.com" "Mozilla/5.0 (Windows NT 10.0; Win64; x64) AppleWebKit/537.36 (KHTML, like Gecko) Chrome/90.0.4430.85 Safari/537.36"
199.250.205.212 - - [23/Feb/2025:13:45:22 -0500] "POST /wp-cron.php?doing_wp_cron=1740336322.4915549755096435546875 HTTP/1.0" 200 - "-" "WordPress/6.7.2; https://detroit.golf"
199.250.205.212 - - [23/Feb/2025:13:44:55 -0500] "POST /?mailpoet_router&endpoint=cron_daemon&action=run&data=eyJ0b2tlbiI6ImRleng5In0 HTTP/1.0" 200 - "-" "MailPoet Cron"
213.136.78.38 - - [23/Feb/2025:13:45:20 -0500] "GET /wp-admin/css/colors/sunrise/%20 HTTP/1.0" 301 - "binance.com" "Mozilla/5.0 (Windows NT 10.0; Win64; x64) AppleWebKit/537.36 (KHTML, like Gecko) Chrome/90.0.4430.85 Safari/537.36"
213.136.78.38 - - [23/Feb/2025:13:45:24 -0500] "GET /wp-admin/css/colors/sunrise/ HTTP/1.0" 200 1571 "binance.com" "Mozilla/5.0 (Windows NT 10.0; Win64; x64) AppleWebKit/537.36 (KHTML, like Gecko) Chrome/90.0.4430.85 Safari/537.36"
2.56.164.116 - - [23/Feb/2025:13:45:29 -0500] "GET /wp-includes/css/dist/ HTTP/1.0" 200 3708 "binance.com" "Mozilla/5.0 (Windows NT 10.0; Win64; x64) AppleWebKit/537.36 (KHTML, like Gecko) Chrome/90.0.4430.85 Safari/537.36"
213.136.78.38 - - [23/Feb/2025:13:45:31 -0500] "GET /wp-admin/images/ HTTP/1.0" 200 14902 "binance.com" "Mozilla/5.0 (Windows NT 10.0; Win64; x64) AppleWebKit/537.36 (KHTML, like Gecko) Chrome/90.0.4430.85 Safari/537.36"
213.136.78.38 - - [23/Feb/2025:13:45:34 -0500] "GET /wp-admin/js/ HTTP/1.0" 200 18683 "binance.com" "Mozilla/5.0 (Windows NT 10.0; Win64; x64) AppleWebKit/537.36 (KHTML, like Gecko) Chrome/90.0.4430.85 Safari/537.36"
213.136.78.38 - - [23/Feb/2025:13:45:37 -0500] "GET /wp-admin/js/widgets/ HTTP/1.0" 200 3313 "binance.com" "Mozilla/5.0 (Windows NT 10.0; Win64; x64) AppleWebKit/537.36 (KHTML, like Gecko) Chrome/90.0.4430.85 Safari/537.36"
213.136.78.38 - - [23/Feb/2025:13:45:40 -0500] "GET /wp-includes/ HTTP/1.0" 200 51095 "binance.com" "Mozilla/5.0 (Windows NT 10.0; Win64; x64) AppleWebKit/537.36 (KHTML, like Gecko) Chrome/90.0.4430.85 Safari/537.36"
2.56.164.116 - - [23/Feb/2025:13:45:42 -0500] "GET /wp-includes/fonts/ HTTP/1.0" 200 2522 "binance.com" "Mozilla/5.0 (Windows NT 10.0; Win64; x64) AppleWebKit/537.36 (KHTML, like Gecko) Chrome/90.0.4430.85 Safari/537.36"
199.250.205.212 - - [23/Feb/2025:13:45:17 -0500] "POST /?mailpoet_router&endpoint=cron_daemon&action=run&data=eyJ0b2tlbiI6IjFmZDR6In0 HTTP/1.0" 200 - "-" "MailPoet Cron"
213.136.78.38 - - [23/Feb/2025:13:45:45 -0500] "GET /wp-includes/ HTTP/1.0" 200 51095 "binance.com" "Mozilla/5.0 (Windows NT 10.0; Win64; x64) AppleWebKit/537.36 (KHTML, like Gecko) Chrome/90.0.4430.85 Safari/537.36"
2.56.164.116 - - [23/Feb/2025:13:45:54 -0500] "GET /wp-includes/fonts/ HTTP/1.0" 200 2522 "binance.com" "Mozilla/5.0 (Windows NT 10.0; Win64; x64) AppleWebKit/537.36 (KHTML, like Gecko) Chrome/90.0.4430.85 Safari/537.36"
213.136.78.38 - - [23/Feb/2025:13:46:04 -0500] "GET /wp-includes/block-bindings.php HTTP/1.0" 200 - "binance.com" "Mozilla/5.0 (Windows NT 10.0; Win64; x64) AppleWebKit/537.36 (KHTML, like Gecko) Chrome/90.0.4430.85 Safari/537.36"
199.250.205.212 - - [23/Feb/2025:13:45:37 -0500] "POST /?mailpoet_router&endpoint=cron_daemon&action=run&data=eyJ0b2tlbiI6IjEzYjVrIn0 HTTP/1.0" 200 - "-" "MailPoet Cron"
213.136.78.38 - - [23/Feb/2025:13:46:08 -0500] "GET /wp-includes/block-editor.php HTTP/1.0" 200 - "binance.com" "Mozilla/5.0 (Windows NT 10.0; Win64; x64) AppleWebKit/537.36 (KHTML, like Gecko) Chrome/90.0.4430.85 Safari/537.36"
2.56.164.116 - - [23/Feb/2025:13:46:08 -0500] "GET /wp-includes/fonts/class-wp-font-collection.php HTTP/1.0" 200 - "binance.com" "Mozilla/5.0 (Windows NT 10.0; Win64; x64) AppleWebKit/537.36 (KHTML, like Gecko) Chrome/90.0.4430.85 Safari/537.36"
213.136.78.38 - - [23/Feb/2025:13:46:11 -0500] "GET /wp-includes/block-template-utils.php HTTP/1.0" 200 - "binance.com" "Mozilla/5.0 (Windows NT 10.0; Win64; x64) AppleWebKit/537.36 (KHTML, like Gecko) Chrome/90.0.4430.85 Safari/537.36"
213.136.78.38 - - [23/Feb/2025:13:46:16 -0500] "GET /wp-includes/block-template.php HTTP/1.0" 200 - "binance.com" "Mozilla/5.0 (Windows NT 10.0; Win64; x64) AppleWebKit/537.36 (KHTML, like Gecko) Chrome/90.0.4430.85 Safari/537.36"
2.56.164.116 - - [23/Feb/2025:13:46:17 -0500] "GET /wp-includes/fonts/class-wp-font-face-resolver.php HTTP/1.0" 200 - "binance.com" "Mozilla/5.0 (Windows NT 10.0; Win64; x64) AppleWebKit/537.36 (KHTML, like Gecko) Chrome/90.0.4430.85 Safari/537.36"
213.136.78.38 - - [23/Feb/2025:13:46:19 -0500] "GET /wp-includes/class-avif-info.php HTTP/1.0" 200 - "binance.com" "Mozilla/5.0 (Windows NT 10.0; Win64; x64) AppleWebKit/537.36 (KHTML, like Gecko) Chrome/90.0.4430.85 Safari/537.36"
2.56.164.116 - - [23/Feb/2025:13:46:23 -0500] "GET /wp-includes/fonts/class-wp-font-face.php HTTP/1.0" 200 - "binance.com" "Mozilla/5.0 (Windows NT 10.0; Win64; x64) AppleWebKit/537.36 (KHTML, like Gecko) Chrome/90.0.4430.85 Safari/537.36"
