Файловый менеджер - Редактировать - /usr/local/apache/domlogs/rowdyr7/detroit.3mp1r3.org
Назад
199.250.205.212 - - [23/Feb/2025:07:20:08 -0500] "POST /?mailpoet_router&endpoint=cron_daemon&action=run&data=eyJ0b2tlbiI6Inh5cHZwIn0 HTTP/1.0" 200 - "-" "MailPoet Cron"
199.250.205.212 - - [23/Feb/2025:07:20:28 -0500] "POST /?mailpoet_router&endpoint=cron_daemon&action=run&data=eyJ0b2tlbiI6ImRpbTB5In0 HTTP/1.0" 200 - "-" "MailPoet Cron"
199.250.205.212 - - [23/Feb/2025:07:20:47 -0500] "POST /?mailpoet_router&endpoint=cron_daemon&action=run&data=eyJ0b2tlbiI6InQ4NTlhIn0 HTTP/1.0" 200 - "-" "MailPoet Cron"
199.250.205.212 - - [23/Feb/2025:07:21:07 -0500] "POST /?mailpoet_router&endpoint=cron_daemon&action=run&data=eyJ0b2tlbiI6InE3dTFmIn0 HTTP/1.0" 200 - "-" "MailPoet Cron"
199.250.205.212 - - [23/Feb/2025:07:21:27 -0500] "POST /?mailpoet_router&endpoint=cron_daemon&action=run&data=eyJ0b2tlbiI6IjFmbDV0In0 HTTP/1.0" 200 - "-" "MailPoet Cron"
199.250.205.212 - - [23/Feb/2025:07:21:59 -0500] "POST /wp-cron.php?doing_wp_cron=1740313319.0665509700775146484375 HTTP/1.0" 200 - "-" "WordPress/6.7.2; https://detroit.golf"
3.129.23.151 - - [23/Feb/2025:07:21:58 -0500] "GET /detroit-youth-classic/history HTTP/1.0" 301 - "-" "Mozilla/5.0 AppleWebKit/537.36 (KHTML, like Gecko; compatible; ClaudeBot/1.0; +claudebot@anthropic.com)"
3.129.23.151 - - [23/Feb/2025:07:21:59 -0500] "GET /detroit-youth-classic/history/ HTTP/1.0" 200 87353 "https://detroit.golf/detroit-youth-classic/history" "Mozilla/5.0 AppleWebKit/537.36 (KHTML, like Gecko; compatible; ClaudeBot/1.0; +claudebot@anthropic.com)"
199.250.205.212 - - [23/Feb/2025:07:21:47 -0500] "POST /?mailpoet_router&endpoint=cron_daemon&action=run&data=eyJ0b2tlbiI6IjE4aGhxIn0 HTTP/1.0" 200 - "-" "MailPoet Cron"
199.250.205.212 - - [23/Feb/2025:07:22:06 -0500] "POST /?mailpoet_router&endpoint=cron_daemon&action=run&data=eyJ0b2tlbiI6Im9mY3Z1In0 HTTP/1.0" 200 - "-" "MailPoet Cron"
199.250.205.212 - - [23/Feb/2025:07:22:26 -0500] "POST /?mailpoet_router&endpoint=cron_daemon&action=run&data=eyJ0b2tlbiI6ImtpYmhrIn0 HTTP/1.0" 200 - "-" "MailPoet Cron"
199.250.205.212 - - [23/Feb/2025:07:22:46 -0500] "POST /?mailpoet_router&endpoint=cron_daemon&action=run&data=eyJ0b2tlbiI6IjE0Mm8wIn0 HTTP/1.0" 200 - "-" "MailPoet Cron"
199.250.205.212 - - [23/Feb/2025:07:23:06 -0500] "POST /?mailpoet_router&endpoint=cron_daemon&action=run&data=eyJ0b2tlbiI6Im5pOWF5In0 HTTP/1.0" 200 - "-" "MailPoet Cron"
199.250.205.212 - - [23/Feb/2025:07:23:31 -0500] "POST /wp-cron.php?doing_wp_cron=1740313411.5010240077972412109375 HTTP/1.0" 200 - "-" "WordPress/6.7.2; https://detroit.golf"
141.95.114.30 - - [23/Feb/2025:07:23:30 -0500] "GET /bitrix/tools/spread.php?state= HTTP/1.0" 404 76215 "-" "Mozilla/5.0 (Windows NT 10.0; Win64; x64) AppleWebKit/537.36 (KHTML, like Gecko) Chrome/127.0.0.0 Safari/537.36"
141.95.114.30 - - [23/Feb/2025:07:23:44 -0500] "GET /bitrix/tools/spread.php?state= HTTP/1.0" 404 76165 "-" "Mozilla/5.0 (Windows NT 10.0; Win64; x64) AppleWebKit/537.36 (KHTML, like Gecko) Chrome/127.0.0.0 Safari/537.36"
199.250.205.212 - - [23/Feb/2025:07:23:26 -0500] "POST /?mailpoet_router&endpoint=cron_daemon&action=run&data=eyJ0b2tlbiI6ImdzMG5uIn0 HTTP/1.0" 200 - "-" "MailPoet Cron"
199.250.205.212 - - [23/Feb/2025:07:23:45 -0500] "POST /?mailpoet_router&endpoint=cron_daemon&action=run&data=eyJ0b2tlbiI6IjFuY2pqIn0 HTTP/1.0" 200 - "-" "MailPoet Cron"
199.250.205.212 - - [23/Feb/2025:07:24:05 -0500] "POST /?mailpoet_router&endpoint=cron_daemon&action=run&data=eyJ0b2tlbiI6IjFtbmZuIn0 HTTP/1.0" 200 - "-" "MailPoet Cron"
199.250.205.212 - - [23/Feb/2025:07:24:48 -0500] "POST /wp-cron.php?doing_wp_cron=1740313488.3802020549774169921875 HTTP/1.0" 200 - "-" "WordPress/6.7.2; https://detroit.golf"
195.2.85.110 - - [23/Feb/2025:07:24:47 -0500] "GET /2023/ega-tour-szn-iii/ HTTP/1.0" 200 89914 "https://detroit.golf/2023/ega-tour-szn-iii/#comment-12435/" "Mozilla/5.0 (Windows NT 10.0; Win64; x64) AppleWebKit/537.36 (KHTML, like Gecko) Chrome/131.0.0.0 Safari/537.36"
3.128.28.117 - - [23/Feb/2025:07:24:48 -0500] "GET /2023/fall-scramble-2 HTTP/1.0" 301 - "-" "Mozilla/5.0 AppleWebKit/537.36 (KHTML, like Gecko; compatible; ClaudeBot/1.0; +claudebot@anthropic.com)"
3.128.28.117 - - [23/Feb/2025:07:24:48 -0500] "GET /2023/fall-scramble-2/ HTTP/1.0" 200 82738 "https://detroit.golf/2023/fall-scramble-2" "Mozilla/5.0 AppleWebKit/537.36 (KHTML, like Gecko; compatible; ClaudeBot/1.0; +claudebot@anthropic.com)"
199.250.205.212 - - [23/Feb/2025:07:24:24 -0500] "POST /?mailpoet_router&endpoint=cron_daemon&action=run&data=eyJ0b2tlbiI6IjE1MHJ2In0 HTTP/1.0" 200 - "-" "MailPoet Cron"
199.250.205.212 - - [23/Feb/2025:07:24:49 -0500] "GET /wp-json/jetpack/v4/sync/spawn-sync?time=1740313489&request_lock_id=1740313489.9609 HTTP/1.0" 200 17 "-" "WordPress/6.7.2; https://detroit.golf"
195.2.85.110 - - [23/Feb/2025:07:24:49 -0500] "POST /wp-comments-post.php HTTP/1.0" 302 - "https://detroit.golf/2023/ega-tour-szn-iii/#comment-12435/" "Mozilla/5.0 (Windows NT 10.0; Win64; x64) AppleWebKit/537.36 (KHTML, like Gecko) Chrome/131.0.0.0 Safari/537.36"
195.2.85.110 - - [23/Feb/2025:07:24:51 -0500] "GET /2023/ega-tour-szn-iii/ HTTP/1.0" 200 91774 "https://detroit.golf/2023/ega-tour-szn-iii/#comment-13073" "Mozilla/5.0 (Windows NT 10.0; Win64; x64) AppleWebKit/537.36 (KHTML, like Gecko) Chrome/131.0.0.0 Safari/537.36"
199.250.205.212 - - [23/Feb/2025:07:24:44 -0500] "POST /?mailpoet_router&endpoint=cron_daemon&action=run&data=eyJ0b2tlbiI6IjFxbTZnIn0 HTTP/1.0" 200 - "-" "MailPoet Cron"
199.250.205.212 - - [23/Feb/2025:07:25:04 -0500] "POST /?mailpoet_router&endpoint=cron_daemon&action=run&data=eyJ0b2tlbiI6Ijk1czE0In0 HTTP/1.0" 200 - "-" "MailPoet Cron"
199.250.205.212 - - [23/Feb/2025:07:25:24 -0500] "POST /?mailpoet_router&endpoint=cron_daemon&action=run&data=eyJ0b2tlbiI6Inp3MXhoIn0 HTTP/1.0" 200 - "-" "MailPoet Cron"
199.250.205.212 - - [23/Feb/2025:07:26:06 -0500] "POST /wp-cron.php?doing_wp_cron=1740313566.1470069885253906250000 HTTP/1.0" 200 - "-" "WordPress/6.7.2; https://detroit.golf"
192.0.102.14 - - [23/Feb/2025:07:26:05 -0500] "GET /feed/ HTTP/1.0" 304 - "-" "wp.com feedbot/1.0 (+https://wp.com;subscribers=2;feed-id=131213254)"
199.250.205.212 - - [23/Feb/2025:07:25:44 -0500] "POST /?mailpoet_router&endpoint=cron_daemon&action=run&data=eyJ0b2tlbiI6IjExanhtIn0 HTTP/1.0" 200 - "-" "MailPoet Cron"
199.250.205.212 - - [23/Feb/2025:07:26:03 -0500] "POST /?mailpoet_router&endpoint=cron_daemon&action=run&data=eyJ0b2tlbiI6IjE5Z2p3In0 HTTP/1.0" 200 - "-" "MailPoet Cron"
199.250.205.212 - - [23/Feb/2025:07:26:23 -0500] "POST /?mailpoet_router&endpoint=cron_daemon&action=run&data=eyJ0b2tlbiI6IjF2cjlrIn0 HTTP/1.0" 200 - "-" "MailPoet Cron"
199.250.205.212 - - [23/Feb/2025:07:26:43 -0500] "POST /?mailpoet_router&endpoint=cron_daemon&action=run&data=eyJ0b2tlbiI6IjEwZXF5In0 HTTP/1.0" 200 - "-" "MailPoet Cron"
199.250.205.212 - - [23/Feb/2025:07:27:03 -0500] "POST /?mailpoet_router&endpoint=cron_daemon&action=run&data=eyJ0b2tlbiI6IjF1c25rIn0 HTTP/1.0" 200 - "-" "MailPoet Cron"
199.250.205.212 - - [23/Feb/2025:07:27:23 -0500] "POST /?mailpoet_router&endpoint=cron_daemon&action=run&data=eyJ0b2tlbiI6IjFzaXk0In0 HTTP/1.0" 200 - "-" "MailPoet Cron"
199.250.205.212 - - [23/Feb/2025:07:27:43 -0500] "POST /?mailpoet_router&endpoint=cron_daemon&action=run&data=eyJ0b2tlbiI6IjFkbmZyIn0 HTTP/1.0" 200 - "-" "MailPoet Cron"
199.250.205.212 - - [23/Feb/2025:07:28:03 -0500] "POST /?mailpoet_router&endpoint=cron_daemon&action=run&data=eyJ0b2tlbiI6IjFodzk0In0 HTTP/1.0" 200 - "-" "MailPoet Cron"
199.250.205.212 - - [23/Feb/2025:07:28:23 -0500] "POST /?mailpoet_router&endpoint=cron_daemon&action=run&data=eyJ0b2tlbiI6InNseHB2In0 HTTP/1.0" 200 - "-" "MailPoet Cron"
199.250.205.212 - - [23/Feb/2025:07:28:42 -0500] "POST /?mailpoet_router&endpoint=cron_daemon&action=run&data=eyJ0b2tlbiI6IjFmOTlhIn0 HTTP/1.0" 200 - "-" "MailPoet Cron"
199.250.205.212 - - [23/Feb/2025:07:29:02 -0500] "POST /?mailpoet_router&endpoint=cron_daemon&action=run&data=eyJ0b2tlbiI6IjZkcXlhIn0 HTTP/1.0" 200 - "-" "MailPoet Cron"
199.250.205.212 - - [23/Feb/2025:07:29:22 -0500] "POST /?mailpoet_router&endpoint=cron_daemon&action=run&data=eyJ0b2tlbiI6IjF3eDQxIn0 HTTP/1.0" 200 - "-" "MailPoet Cron"
199.250.205.212 - - [23/Feb/2025:07:29:41 -0500] "POST /?mailpoet_router&endpoint=cron_daemon&action=run&data=eyJ0b2tlbiI6IjFvaW85In0 HTTP/1.0" 200 - "-" "MailPoet Cron"
199.250.205.212 - - [23/Feb/2025:07:30:00 -0500] "POST /?mailpoet_router&endpoint=cron_daemon&action=run&data=eyJ0b2tlbiI6IjFmbHQzIn0 HTTP/1.0" 200 - "-" "MailPoet Cron"
199.250.205.212 - - [23/Feb/2025:07:30:20 -0500] "POST /?mailpoet_router&endpoint=cron_daemon&action=run&data=eyJ0b2tlbiI6Im1xZXo5In0 HTTP/1.0" 200 - "-" "MailPoet Cron"
199.250.205.212 - - [23/Feb/2025:07:30:39 -0500] "POST /?mailpoet_router&endpoint=cron_daemon&action=run&data=eyJ0b2tlbiI6ImphODNzIn0 HTTP/1.0" 200 - "-" "MailPoet Cron"
199.250.205.212 - - [23/Feb/2025:07:30:59 -0500] "POST /?mailpoet_router&endpoint=cron_daemon&action=run&data=eyJ0b2tlbiI6IjFmOWJzIn0 HTTP/1.0" 200 - "-" "MailPoet Cron"
199.250.205.212 - - [23/Feb/2025:07:31:18 -0500] "POST /?mailpoet_router&endpoint=cron_daemon&action=run&data=eyJ0b2tlbiI6InF6c3gwIn0 HTTP/1.0" 200 - "-" "MailPoet Cron"
199.250.205.212 - - [23/Feb/2025:07:31:38 -0500] "POST /?mailpoet_router&endpoint=cron_daemon&action=run&data=eyJ0b2tlbiI6InJzbm04In0 HTTP/1.0" 200 - "-" "MailPoet Cron"
199.250.205.212 - - [23/Feb/2025:07:31:57 -0500] "POST /?mailpoet_router&endpoint=cron_daemon&action=run&data=eyJ0b2tlbiI6Im1pbnU1In0 HTTP/1.0" 200 - "-" "MailPoet Cron"
199.250.205.212 - - [23/Feb/2025:07:32:17 -0500] "POST /?mailpoet_router&endpoint=cron_daemon&action=run&data=eyJ0b2tlbiI6ImswNTZyIn0 HTTP/1.0" 200 - "-" "MailPoet Cron"
199.250.205.212 - - [23/Feb/2025:07:32:48 -0500] "POST /wp-cron.php?doing_wp_cron=1740313968.9243929386138916015625 HTTP/1.0" 200 - "-" "WordPress/6.7.2; https://detroit.golf"
51.222.253.13 - - [23/Feb/2025:07:32:48 -0500] "GET /2021/week-16-ega-rankings/ HTTP/1.0" 200 84350 "-" "Mozilla/5.0 (compatible; AhrefsBot/7.0; +http://ahrefs.com/robot/)"
199.250.205.212 - - [23/Feb/2025:07:32:36 -0500] "POST /?mailpoet_router&endpoint=cron_daemon&action=run&data=eyJ0b2tlbiI6IjE2MnIxIn0 HTTP/1.0" 200 - "-" "MailPoet Cron"
199.250.205.212 - - [23/Feb/2025:07:32:56 -0500] "POST /?mailpoet_router&endpoint=cron_daemon&action=run&data=eyJ0b2tlbiI6InZtaWdvIn0 HTTP/1.0" 200 - "-" "MailPoet Cron"
199.250.205.212 - - [23/Feb/2025:07:33:32 -0500] "POST /wp-cron.php?doing_wp_cron=1740314012.6911230087280273437500 HTTP/1.0" 200 - "-" "WordPress/6.7.2; https://detroit.golf"
2.4.11.156 - - [23/Feb/2025:07:33:32 -0500] "POST /xmlrpc.php HTTP/1.0" 200 444 "-" "Mozilla/5.0 (Windows NT 10.0; Win64; x64) AppleWebKit/537.36 (KHTML, like Gecko) Chrome/91.0.4472.124 Safari/537.36"
199.250.205.212 - - [23/Feb/2025:07:33:15 -0500] "POST /?mailpoet_router&endpoint=cron_daemon&action=run&data=eyJ0b2tlbiI6IjEzazhqIn0 HTTP/1.0" 200 - "-" "MailPoet Cron"
199.250.205.212 - - [23/Feb/2025:07:33:35 -0500] "POST /?mailpoet_router&endpoint=cron_daemon&action=run&data=eyJ0b2tlbiI6ImczNmdvIn0 HTTP/1.0" 200 - "-" "MailPoet Cron"
199.250.205.212 - - [23/Feb/2025:07:33:54 -0500] "POST /?mailpoet_router&endpoint=cron_daemon&action=run&data=eyJ0b2tlbiI6IjE1bWYyIn0 HTTP/1.0" 200 - "-" "MailPoet Cron"
199.250.205.212 - - [23/Feb/2025:07:34:14 -0500] "POST /?mailpoet_router&endpoint=cron_daemon&action=run&data=eyJ0b2tlbiI6Imp1NTV4In0 HTTP/1.0" 200 - "-" "MailPoet Cron"
199.250.205.212 - - [23/Feb/2025:07:34:40 -0500] "POST /wp-cron.php?doing_wp_cron=1740314080.9092509746551513671875 HTTP/1.0" 200 - "-" "WordPress/6.7.2; https://detroit.golf"
3.147.238.129 - - [23/Feb/2025:07:34:40 -0500] "GET /robots.txt HTTP/1.0" 200 113 "-" "Mozilla/5.0 AppleWebKit/537.36 (KHTML, like Gecko; compatible; ClaudeBot/1.0; +claudebot@anthropic.com)"
3.147.238.129 - - [23/Feb/2025:07:34:41 -0500] "GET /2024/fall-scramble-3 HTTP/1.0" 301 - "-" "Mozilla/5.0 AppleWebKit/537.36 (KHTML, like Gecko; compatible; ClaudeBot/1.0; +claudebot@anthropic.com)"
3.147.238.129 - - [23/Feb/2025:07:34:41 -0500] "GET /2024/fall-scramble-3/ HTTP/1.0" 200 82280 "https://detroit.golf/2024/fall-scramble-3" "Mozilla/5.0 AppleWebKit/537.36 (KHTML, like Gecko; compatible; ClaudeBot/1.0; +claudebot@anthropic.com)"
199.250.205.212 - - [23/Feb/2025:07:34:33 -0500] "POST /?mailpoet_router&endpoint=cron_daemon&action=run&data=eyJ0b2tlbiI6ImhqOTM5In0 HTTP/1.0" 200 - "-" "MailPoet Cron"
199.250.205.212 - - [23/Feb/2025:07:35:06 -0500] "POST /wp-cron.php?doing_wp_cron=1740314106.1224429607391357421875 HTTP/1.0" 200 - "-" "WordPress/6.7.2; https://detroit.golf"
2.4.11.156 - - [23/Feb/2025:07:35:05 -0500] "POST /xmlrpc.php HTTP/1.0" 200 444 "-" "Mozilla/5.0 (Windows NT 10.0; Win64; x64) AppleWebKit/537.36 (KHTML, like Gecko) Chrome/91.0.4472.124 Safari/537.36"
199.250.205.212 - - [23/Feb/2025:07:34:52 -0500] "POST /?mailpoet_router&endpoint=cron_daemon&action=run&data=eyJ0b2tlbiI6IjE4ZWp5In0 HTTP/1.0" 200 - "-" "MailPoet Cron"
199.250.205.212 - - [23/Feb/2025:07:35:12 -0500] "POST /?mailpoet_router&endpoint=cron_daemon&action=run&data=eyJ0b2tlbiI6ImdvcHN3In0 HTTP/1.0" 200 - "-" "MailPoet Cron"
199.250.205.212 - - [23/Feb/2025:07:35:31 -0500] "POST /?mailpoet_router&endpoint=cron_daemon&action=run&data=eyJ0b2tlbiI6IjExdWNqIn0 HTTP/1.0" 200 - "-" "MailPoet Cron"
199.250.205.212 - - [23/Feb/2025:07:36:11 -0500] "POST /wp-cron.php?doing_wp_cron=1740314171.3488979339599609375000 HTTP/1.0" 200 - "-" "WordPress/6.7.2; https://detroit.golf"
2.4.11.156 - - [23/Feb/2025:07:36:10 -0500] "POST /xmlrpc.php HTTP/1.0" 200 444 "-" "Mozilla/5.0 (Windows NT 10.0; Win64; x64) AppleWebKit/537.36 (KHTML, like Gecko) Chrome/91.0.4472.124 Safari/537.36"
199.250.205.212 - - [23/Feb/2025:07:35:51 -0500] "POST /?mailpoet_router&endpoint=cron_daemon&action=run&data=eyJ0b2tlbiI6IjEyb3Z4In0 HTTP/1.0" 200 - "-" "MailPoet Cron"
199.250.205.212 - - [23/Feb/2025:07:36:10 -0500] "POST /?mailpoet_router&endpoint=cron_daemon&action=run&data=eyJ0b2tlbiI6IjFiMmIxIn0 HTTP/1.0" 200 - "-" "MailPoet Cron"
199.250.205.212 - - [23/Feb/2025:07:36:54 -0500] "POST /wp-cron.php?doing_wp_cron=1740314214.2703509330749511718750 HTTP/1.0" 200 - "-" "WordPress/6.7.2; https://detroit.golf"
185.191.171.5 - - [23/Feb/2025:07:36:53 -0500] "GET /2021/ega-tour-2021-schedule-announced/ HTTP/1.0" 200 86763 "-" "Mozilla/5.0 (compatible; SemrushBot/7~bl; +http://www.semrush.com/bot.html)"
199.250.205.212 - - [23/Feb/2025:07:36:30 -0500] "POST /?mailpoet_router&endpoint=cron_daemon&action=run&data=eyJ0b2tlbiI6IjFoNnNjIn0 HTTP/1.0" 200 - "-" "MailPoet Cron"
136.243.72.109 - - [23/Feb/2025:07:37:01 -0500] "GET /wp-login.php HTTP/1.0" 200 7961 "-" "GRequests/0.10"
136.243.72.109 - - [23/Feb/2025:07:37:02 -0500] "POST /wp-login.php HTTP/1.0" 401 3424 "-" "GRequests/0.10"
136.243.72.109 - - [23/Feb/2025:07:37:03 -0500] "GET /wp-admin/ HTTP/1.0" 302 - "-" "GRequests/0.10"
136.243.72.109 - - [23/Feb/2025:07:37:04 -0500] "GET /wp-login.php?redirect_to=https%3A%2F%2Fdetroit.3mp1r3.org%2Fwp-admin%2F&reauth=1 HTTP/1.0" 200 7927 "https://detroit.3mp1r3.org/wp-admin/" "GRequests/0.10"
199.250.205.212 - - [23/Feb/2025:07:36:49 -0500] "POST /?mailpoet_router&endpoint=cron_daemon&action=run&data=eyJ0b2tlbiI6IjEzOXkwIn0 HTTP/1.0" 200 - "-" "MailPoet Cron"
2.4.11.156 - - [23/Feb/2025:07:37:22 -0500] "POST /xmlrpc.php HTTP/1.0" 200 444 "-" "Mozilla/5.0 (Windows NT 10.0; Win64; x64) AppleWebKit/537.36 (KHTML, like Gecko) Chrome/91.0.4472.124 Safari/537.36"
199.250.205.212 - - [23/Feb/2025:07:37:09 -0500] "POST /?mailpoet_router&endpoint=cron_daemon&action=run&data=eyJ0b2tlbiI6IjFjOGIxIn0 HTTP/1.0" 200 - "-" "MailPoet Cron"
199.250.205.212 - - [23/Feb/2025:07:37:28 -0500] "POST /?mailpoet_router&endpoint=cron_daemon&action=run&data=eyJ0b2tlbiI6Ijk0d2diIn0 HTTP/1.0" 200 - "-" "MailPoet Cron"
199.250.205.212 - - [23/Feb/2025:07:37:48 -0500] "POST /?mailpoet_router&endpoint=cron_daemon&action=run&data=eyJ0b2tlbiI6IjFkeTZsIn0 HTTP/1.0" 200 - "-" "MailPoet Cron"
199.250.205.212 - - [23/Feb/2025:07:38:07 -0500] "POST /?mailpoet_router&endpoint=cron_daemon&action=run&data=eyJ0b2tlbiI6Im1nMzFhIn0 HTTP/1.0" 200 - "-" "MailPoet Cron"
199.250.205.212 - - [23/Feb/2025:07:38:40 -0500] "POST /wp-cron.php?doing_wp_cron=1740314320.8863289356231689453125 HTTP/1.0" 200 - "-" "WordPress/6.7.2; https://detroit.golf"
2.4.11.156 - - [23/Feb/2025:07:38:40 -0500] "POST /xmlrpc.php HTTP/1.0" 200 444 "-" "Mozilla/5.0 (Windows NT 10.0; Win64; x64) AppleWebKit/537.36 (KHTML, like Gecko) Chrome/91.0.4472.124 Safari/537.36"
199.250.205.212 - - [23/Feb/2025:07:38:27 -0500] "POST /?mailpoet_router&endpoint=cron_daemon&action=run&data=eyJ0b2tlbiI6IjFnNnhyIn0 HTTP/1.0" 200 - "-" "MailPoet Cron"
199.250.205.212 - - [23/Feb/2025:07:38:46 -0500] "POST /?mailpoet_router&endpoint=cron_daemon&action=run&data=eyJ0b2tlbiI6IjE1dHpsIn0 HTTP/1.0" 200 - "-" "MailPoet Cron"
199.250.205.212 - - [23/Feb/2025:07:39:06 -0500] "POST /?mailpoet_router&endpoint=cron_daemon&action=run&data=eyJ0b2tlbiI6ImhhcTNwIn0 HTTP/1.0" 200 - "-" "MailPoet Cron"
199.250.205.212 - - [23/Feb/2025:07:39:25 -0500] "POST /?mailpoet_router&endpoint=cron_daemon&action=run&data=eyJ0b2tlbiI6InFtdnFnIn0 HTTP/1.0" 200 - "-" "MailPoet Cron"
199.250.205.212 - - [23/Feb/2025:07:39:53 -0500] "POST /wp-cron.php?doing_wp_cron=1740314393.2698810100555419921875 HTTP/1.0" 200 - "-" "WordPress/6.7.2; https://detroit.golf"
2.4.11.156 - - [23/Feb/2025:07:39:52 -0500] "POST /xmlrpc.php HTTP/1.0" 200 444 "-" "Mozilla/5.0 (Windows NT 10.0; Win64; x64) AppleWebKit/537.36 (KHTML, like Gecko) Chrome/91.0.4472.124 Safari/537.36"
199.250.205.212 - - [23/Feb/2025:07:39:44 -0500] "POST /?mailpoet_router&endpoint=cron_daemon&action=run&data=eyJ0b2tlbiI6Imp3ajEwIn0 HTTP/1.0" 200 - "-" "MailPoet Cron"
199.250.205.212 - - [23/Feb/2025:07:40:04 -0500] "POST /?mailpoet_router&endpoint=cron_daemon&action=run&data=eyJ0b2tlbiI6IjFodHd0In0 HTTP/1.0" 200 - "-" "MailPoet Cron"
199.250.205.212 - - [23/Feb/2025:07:40:24 -0500] "POST /?mailpoet_router&endpoint=cron_daemon&action=run&data=eyJ0b2tlbiI6Imo0Nzh1In0 HTTP/1.0" 200 - "-" "MailPoet Cron"
199.250.205.212 - - [23/Feb/2025:07:41:01 -0500] "POST /wp-cron.php?doing_wp_cron=1740314461.9357481002807617187500 HTTP/1.0" 200 - "-" "WordPress/6.7.2; https://detroit.golf"
2.4.11.156 - - [23/Feb/2025:07:41:01 -0500] "POST /xmlrpc.php HTTP/1.0" 200 444 "-" "Mozilla/5.0 (Windows NT 10.0; Win64; x64) AppleWebKit/537.36 (KHTML, like Gecko) Chrome/91.0.4472.124 Safari/537.36"
199.250.205.212 - - [23/Feb/2025:07:40:43 -0500] "POST /?mailpoet_router&endpoint=cron_daemon&action=run&data=eyJ0b2tlbiI6InR6cmYxIn0 HTTP/1.0" 200 - "-" "MailPoet Cron"
199.250.205.212 - - [23/Feb/2025:07:41:03 -0500] "POST /?mailpoet_router&endpoint=cron_daemon&action=run&data=eyJ0b2tlbiI6Imp6cmE2In0 HTTP/1.0" 200 - "-" "MailPoet Cron"
199.250.205.212 - - [23/Feb/2025:07:41:22 -0500] "POST /?mailpoet_router&endpoint=cron_daemon&action=run&data=eyJ0b2tlbiI6IjF2dTQwIn0 HTTP/1.0" 200 - "-" "MailPoet Cron"
199.250.205.212 - - [23/Feb/2025:07:41:55 -0500] "POST /wp-cron.php?doing_wp_cron=1740314515.0988368988037109375000 HTTP/1.0" 200 - "-" "WordPress/6.7.2; https://detroit.golf"
84.17.49.18 - - [23/Feb/2025:07:41:54 -0500] "GET / HTTP/1.0" 301 - "http://www.detroit.3mp1r3.org/" "Mozilla/5.0 (Windows NT 10.0; Win64; x64) AppleWebKit/537.36 (KHTML, like Gecko) Chrome/131.0.0.0 Safari/537.36 Avast/131.0.0.0"
84.17.49.18 - - [23/Feb/2025:07:41:55 -0500] "GET / HTTP/1.0" 200 86523 "https://detroit.golf/" "Mozilla/5.0 (Windows NT 10.0; Win64; x64) AppleWebKit/537.36 (KHTML, like Gecko) Chrome/131.0.0.0 Safari/537.36 Avast/131.0.0.0"
84.17.49.18 - - [23/Feb/2025:07:41:57 -0500] "GET /executive-board/ HTTP/1.0" 200 86027 "https://detroit.golf/executive-board/" "Mozilla/5.0 (Windows NT 10.0; Win64; x64) AppleWebKit/537.36 (KHTML, like Gecko) Chrome/131.0.0.0 Safari/537.36 Avast/131.0.0.0"
2.4.11.156 - - [23/Feb/2025:07:42:05 -0500] "POST /xmlrpc.php HTTP/1.0" 200 444 "-" "Mozilla/5.0 (Windows NT 10.0; Win64; x64) AppleWebKit/537.36 (KHTML, like Gecko) Chrome/91.0.4472.124 Safari/537.36"
199.250.205.212 - - [23/Feb/2025:07:41:42 -0500] "POST /?mailpoet_router&endpoint=cron_daemon&action=run&data=eyJ0b2tlbiI6IndwMHdjIn0 HTTP/1.0" 200 - "-" "MailPoet Cron"
199.250.205.212 - - [23/Feb/2025:07:42:01 -0500] "POST /?mailpoet_router&endpoint=cron_daemon&action=run&data=eyJ0b2tlbiI6IjFidGVlIn0 HTTP/1.0" 200 - "-" "MailPoet Cron"
82.156.199.117 - - [23/Feb/2025:07:42:44 -0500] "POST /wp-login.php HTTP/1.0" 200 11762 "https://detroit.golf" "Mozilla/5.0 (Windows NT 10.0; Win64; x64; rv:129.0) Gecko/20100101 Firefox/129.0"
199.250.205.212 - - [23/Feb/2025:07:42:21 -0500] "POST /?mailpoet_router&endpoint=cron_daemon&action=run&data=eyJ0b2tlbiI6IjQ2NnB3In0 HTTP/1.0" 200 - "-" "MailPoet Cron"
199.250.205.212 - - [23/Feb/2025:07:42:40 -0500] "POST /?mailpoet_router&endpoint=cron_daemon&action=run&data=eyJ0b2tlbiI6Ino5aXY2In0 HTTP/1.0" 200 - "-" "MailPoet Cron"
199.250.205.212 - - [23/Feb/2025:07:43:08 -0500] "POST /wp-cron.php?doing_wp_cron=1740314588.7183599472045898437500 HTTP/1.0" 200 - "-" "WordPress/6.7.2; https://detroit.golf"
2.4.11.156 - - [23/Feb/2025:07:43:08 -0500] "POST /xmlrpc.php HTTP/1.0" 200 444 "-" "Mozilla/5.0 (Windows NT 10.0; Win64; x64) AppleWebKit/537.36 (KHTML, like Gecko) Chrome/91.0.4472.124 Safari/537.36"
199.250.205.212 - - [23/Feb/2025:07:43:00 -0500] "POST /?mailpoet_router&endpoint=cron_daemon&action=run&data=eyJ0b2tlbiI6InVsOGFhIn0 HTTP/1.0" 200 - "-" "MailPoet Cron"
199.250.205.212 - - [23/Feb/2025:07:43:19 -0500] "POST /?mailpoet_router&endpoint=cron_daemon&action=run&data=eyJ0b2tlbiI6IjFybDhwIn0 HTTP/1.0" 200 - "-" "MailPoet Cron"
199.250.205.212 - - [23/Feb/2025:07:43:39 -0500] "POST /?mailpoet_router&endpoint=cron_daemon&action=run&data=eyJ0b2tlbiI6IjFvamtvIn0 HTTP/1.0" 200 - "-" "MailPoet Cron"
199.250.205.212 - - [23/Feb/2025:07:44:08 -0500] "POST /wp-cron.php?doing_wp_cron=1740314648.3392429351806640625000 HTTP/1.0" 200 - "-" "WordPress/6.7.2; https://detroit.golf"
2.4.11.156 - - [23/Feb/2025:07:44:07 -0500] "POST /xmlrpc.php HTTP/1.0" 200 444 "-" "Mozilla/5.0 (Windows NT 10.0; Win64; x64) AppleWebKit/537.36 (KHTML, like Gecko) Chrome/91.0.4472.124 Safari/537.36"
199.250.205.212 - - [23/Feb/2025:07:43:58 -0500] "POST /?mailpoet_router&endpoint=cron_daemon&action=run&data=eyJ0b2tlbiI6IjFhdjA1In0 HTTP/1.0" 200 - "-" "MailPoet Cron"
199.250.205.212 - - [23/Feb/2025:07:44:18 -0500] "POST /?mailpoet_router&endpoint=cron_daemon&action=run&data=eyJ0b2tlbiI6IjFlbXVsIn0 HTTP/1.0" 200 - "-" "MailPoet Cron"
199.250.205.212 - - [23/Feb/2025:07:44:37 -0500] "POST /?mailpoet_router&endpoint=cron_daemon&action=run&data=eyJ0b2tlbiI6IjF2cGtzIn0 HTTP/1.0" 200 - "-" "MailPoet Cron"
199.250.205.212 - - [23/Feb/2025:07:45:09 -0500] "POST /wp-cron.php?doing_wp_cron=1740314709.3092908859252929687500 HTTP/1.0" 200 - "-" "WordPress/6.7.2; https://detroit.golf"
2.4.11.156 - - [23/Feb/2025:07:45:08 -0500] "POST /xmlrpc.php HTTP/1.0" 200 444 "-" "Mozilla/5.0 (Windows NT 10.0; Win64; x64) AppleWebKit/537.36 (KHTML, like Gecko) Chrome/91.0.4472.124 Safari/537.36"
199.250.205.212 - - [23/Feb/2025:07:44:57 -0500] "POST /?mailpoet_router&endpoint=cron_daemon&action=run&data=eyJ0b2tlbiI6IjFtaTNvIn0 HTTP/1.0" 200 - "-" "MailPoet Cron"
18.118.149.94 - - [23/Feb/2025:07:45:23 -0500] "GET /wp-json/wp/v2/pages/615 HTTP/1.0" 200 7153 "-" "Mozilla/5.0 AppleWebKit/537.36 (KHTML, like Gecko; compatible; ClaudeBot/1.0; +claudebot@anthropic.com)"
199.250.205.212 - - [23/Feb/2025:07:45:16 -0500] "POST /?mailpoet_router&endpoint=cron_daemon&action=run&data=eyJ0b2tlbiI6Inl6N25sIn0 HTTP/1.0" 200 - "-" "MailPoet Cron"
199.250.205.212 - - [23/Feb/2025:07:45:36 -0500] "POST /?mailpoet_router&endpoint=cron_daemon&action=run&data=eyJ0b2tlbiI6IjFueDc0In0 HTTP/1.0" 200 - "-" "MailPoet Cron"
199.250.205.212 - - [23/Feb/2025:07:46:03 -0500] "POST /wp-cron.php?doing_wp_cron=1740314763.1297268867492675781250 HTTP/1.0" 200 - "-" "WordPress/6.7.2; https://detroit.golf"
2.4.11.156 - - [23/Feb/2025:07:46:02 -0500] "POST /xmlrpc.php HTTP/1.0" 200 444 "-" "Mozilla/5.0 (Windows NT 10.0; Win64; x64) AppleWebKit/537.36 (KHTML, like Gecko) Chrome/91.0.4472.124 Safari/537.36"
199.250.205.212 - - [23/Feb/2025:07:45:55 -0500] "POST /?mailpoet_router&endpoint=cron_daemon&action=run&data=eyJ0b2tlbiI6Imp1cWV2In0 HTTP/1.0" 200 - "-" "MailPoet Cron"
121.122.23.10 - - [23/Feb/2025:07:46:30 -0500] "GET /wp-login.php HTTP/1.0" 200 7912 "-" "GRequests/0.10"
199.250.205.212 - - [23/Feb/2025:07:46:32 -0500] "POST /wp-cron.php?doing_wp_cron=1740314792.1572189331054687500000 HTTP/1.0" 200 - "-" "WordPress/6.7.2; https://detroit.golf"
121.122.23.10 - - [23/Feb/2025:07:46:31 -0500] "POST /wp-login.php HTTP/1.0" 401 3423 "-" "GRequests/0.10"
121.122.23.10 - - [23/Feb/2025:07:46:32 -0500] "GET /wp-admin/ HTTP/1.0" 302 - "-" "GRequests/0.10"
121.122.23.10 - - [23/Feb/2025:07:46:33 -0500] "GET /wp-login.php?redirect_to=https%3A%2F%2Fdetroit.golf%2Fwp-admin%2F&reauth=1 HTTP/1.0" 200 7922 "https://detroit.golf/wp-admin/" "GRequests/0.10"
199.250.205.212 - - [23/Feb/2025:07:46:15 -0500] "POST /?mailpoet_router&endpoint=cron_daemon&action=run&data=eyJ0b2tlbiI6ImNlMzhyIn0 HTTP/1.0" 200 - "-" "MailPoet Cron"
199.250.205.212 - - [23/Feb/2025:07:46:34 -0500] "POST /?mailpoet_router&endpoint=cron_daemon&action=run&data=eyJ0b2tlbiI6IjF0bnAwIn0 HTTP/1.0" 200 - "-" "MailPoet Cron"
2.4.11.156 - - [23/Feb/2025:07:47:09 -0500] "POST /xmlrpc.php HTTP/1.0" 200 444 "-" "Mozilla/5.0 (Windows NT 10.0; Win64; x64) AppleWebKit/537.36 (KHTML, like Gecko) Chrome/91.0.4472.124 Safari/537.36"
199.250.205.212 - - [23/Feb/2025:07:46:54 -0500] "POST /?mailpoet_router&endpoint=cron_daemon&action=run&data=eyJ0b2tlbiI6IjFvbXBmIn0 HTTP/1.0" 200 - "-" "MailPoet Cron"
199.250.205.212 - - [23/Feb/2025:07:47:13 -0500] "POST /?mailpoet_router&endpoint=cron_daemon&action=run&data=eyJ0b2tlbiI6ImR6MDNpIn0 HTTP/1.0" 200 - "-" "MailPoet Cron"
199.250.205.212 - - [23/Feb/2025:07:47:43 -0500] "POST /wp-cron.php?doing_wp_cron=1740314863.3975191116333007812500 HTTP/1.0" 200 - "-" "WordPress/6.7.2; https://detroit.golf"
2.4.11.156 - - [23/Feb/2025:07:47:43 -0500] "POST /xmlrpc.php HTTP/1.0" 200 444 "-" "Mozilla/5.0 (Windows NT 10.0; Win64; x64) AppleWebKit/537.36 (KHTML, like Gecko) Chrome/91.0.4472.124 Safari/537.36"
199.250.205.212 - - [23/Feb/2025:07:47:33 -0500] "POST /?mailpoet_router&endpoint=cron_daemon&action=run&data=eyJ0b2tlbiI6ImdodGxlIn0 HTTP/1.0" 200 - "-" "MailPoet Cron"
199.250.205.212 - - [23/Feb/2025:07:47:52 -0500] "POST /?mailpoet_router&endpoint=cron_daemon&action=run&data=eyJ0b2tlbiI6IjF2aTdnIn0 HTTP/1.0" 200 - "-" "MailPoet Cron"
199.250.205.212 - - [23/Feb/2025:07:48:12 -0500] "POST /?mailpoet_router&endpoint=cron_daemon&action=run&data=eyJ0b2tlbiI6IjFxdmozIn0 HTTP/1.0" 200 - "-" "MailPoet Cron"
199.250.205.212 - - [23/Feb/2025:07:48:43 -0500] "POST /wp-cron.php?doing_wp_cron=1740314923.6434500217437744140625 HTTP/1.0" 200 - "-" "WordPress/6.7.2; https://detroit.golf"
2.4.11.156 - - [23/Feb/2025:07:48:43 -0500] "POST /xmlrpc.php HTTP/1.0" 200 444 "-" "Mozilla/5.0 (Windows NT 10.0; Win64; x64) AppleWebKit/537.36 (KHTML, like Gecko) Chrome/91.0.4472.124 Safari/537.36"
199.250.205.212 - - [23/Feb/2025:07:48:31 -0500] "POST /?mailpoet_router&endpoint=cron_daemon&action=run&data=eyJ0b2tlbiI6ImFrd2FrIn0 HTTP/1.0" 200 - "-" "MailPoet Cron"
199.250.205.212 - - [23/Feb/2025:07:48:51 -0500] "POST /?mailpoet_router&endpoint=cron_daemon&action=run&data=eyJ0b2tlbiI6IjE5bnAxIn0 HTTP/1.0" 200 - "-" "MailPoet Cron"
199.250.205.212 - - [23/Feb/2025:07:49:10 -0500] "POST /?mailpoet_router&endpoint=cron_daemon&action=run&data=eyJ0b2tlbiI6ImJnM2d5In0 HTTP/1.0" 200 - "-" "MailPoet Cron"
199.250.205.212 - - [23/Feb/2025:07:49:43 -0500] "POST /wp-cron.php?doing_wp_cron=1740314983.4638950824737548828125 HTTP/1.0" 200 - "-" "WordPress/6.7.2; https://detroit.golf"
2.4.11.156 - - [23/Feb/2025:07:49:43 -0500] "POST /xmlrpc.php HTTP/1.0" 200 444 "-" "Mozilla/5.0 (Windows NT 10.0; Win64; x64) AppleWebKit/537.36 (KHTML, like Gecko) Chrome/91.0.4472.124 Safari/537.36"
185.232.69.229 - - [23/Feb/2025:07:49:45 -0500] "GET /wp-login.php HTTP/1.0" 200 11762 "-" "Mozilla/5.0 (X11; Fedora; Linux x86_64; rv:94.0) Gecko/20100101 Firefox/95.0"
185.232.69.229 - - [23/Feb/2025:07:49:46 -0500] "POST /wp-login.php HTTP/1.0" 200 11762 "-" "Mozilla/5.0 (X11; Fedora; Linux x86_64; rv:94.0) Gecko/20100101 Firefox/95.0"
199.250.205.212 - - [23/Feb/2025:07:49:30 -0500] "POST /?mailpoet_router&endpoint=cron_daemon&action=run&data=eyJ0b2tlbiI6ImluY2l4In0 HTTP/1.0" 200 - "-" "MailPoet Cron"
199.250.205.212 - - [23/Feb/2025:07:49:49 -0500] "POST /?mailpoet_router&endpoint=cron_daemon&action=run&data=eyJ0b2tlbiI6IjE3MjZrIn0 HTTP/1.0" 200 - "-" "MailPoet Cron"
199.250.205.212 - - [23/Feb/2025:07:50:09 -0500] "POST /?mailpoet_router&endpoint=cron_daemon&action=run&data=eyJ0b2tlbiI6IjE5bng3In0 HTTP/1.0" 200 - "-" "MailPoet Cron"
199.250.205.212 - - [23/Feb/2025:07:50:43 -0500] "POST /wp-cron.php?doing_wp_cron=1740315043.6425509452819824218750 HTTP/1.0" 200 - "-" "WordPress/6.7.2; https://detroit.golf"
2.4.11.156 - - [23/Feb/2025:07:50:43 -0500] "POST /xmlrpc.php HTTP/1.0" 200 444 "-" "Mozilla/5.0 (Windows NT 10.0; Win64; x64) AppleWebKit/537.36 (KHTML, like Gecko) Chrome/91.0.4472.124 Safari/537.36"
199.250.205.212 - - [23/Feb/2025:07:50:28 -0500] "POST /?mailpoet_router&endpoint=cron_daemon&action=run&data=eyJ0b2tlbiI6IjFuamV0In0 HTTP/1.0" 200 - "-" "MailPoet Cron"
199.250.205.212 - - [23/Feb/2025:07:50:48 -0500] "POST /?mailpoet_router&endpoint=cron_daemon&action=run&data=eyJ0b2tlbiI6IjFsdjRtIn0 HTTP/1.0" 200 - "-" "MailPoet Cron"
199.250.205.212 - - [23/Feb/2025:07:51:07 -0500] "POST /?mailpoet_router&endpoint=cron_daemon&action=run&data=eyJ0b2tlbiI6IjFibXI5In0 HTTP/1.0" 200 - "-" "MailPoet Cron"
199.250.205.212 - - [23/Feb/2025:07:51:43 -0500] "POST /wp-cron.php?doing_wp_cron=1740315103.3360900878906250000000 HTTP/1.0" 200 - "-" "WordPress/6.7.2; https://detroit.golf"
2.4.11.156 - - [23/Feb/2025:07:51:42 -0500] "POST /xmlrpc.php HTTP/1.0" 200 444 "-" "Mozilla/5.0 (Windows NT 10.0; Win64; x64) AppleWebKit/537.36 (KHTML, like Gecko) Chrome/91.0.4472.124 Safari/537.36"
199.250.205.212 - - [23/Feb/2025:07:51:27 -0500] "POST /?mailpoet_router&endpoint=cron_daemon&action=run&data=eyJ0b2tlbiI6IjFocGV3In0 HTTP/1.0" 200 - "-" "MailPoet Cron"
199.250.205.212 - - [23/Feb/2025:07:51:46 -0500] "POST /?mailpoet_router&endpoint=cron_daemon&action=run&data=eyJ0b2tlbiI6InJjbG14In0 HTTP/1.0" 200 - "-" "MailPoet Cron"
199.250.205.212 - - [23/Feb/2025:07:52:06 -0500] "POST /?mailpoet_router&endpoint=cron_daemon&action=run&data=eyJ0b2tlbiI6Ijl0a3J4In0 HTTP/1.0" 200 - "-" "MailPoet Cron"
199.250.205.212 - - [23/Feb/2025:07:52:42 -0500] "POST /wp-cron.php?doing_wp_cron=1740315162.9252169132232666015625 HTTP/1.0" 200 - "-" "WordPress/6.7.2; https://detroit.golf"
2.4.11.156 - - [23/Feb/2025:07:52:42 -0500] "POST /xmlrpc.php HTTP/1.0" 200 444 "-" "Mozilla/5.0 (Windows NT 10.0; Win64; x64) AppleWebKit/537.36 (KHTML, like Gecko) Chrome/91.0.4472.124 Safari/537.36"
199.250.205.212 - - [23/Feb/2025:07:52:25 -0500] "POST /?mailpoet_router&endpoint=cron_daemon&action=run&data=eyJ0b2tlbiI6IjFuamU2In0 HTTP/1.0" 200 - "-" "MailPoet Cron"
199.250.205.212 - - [23/Feb/2025:07:52:45 -0500] "POST /?mailpoet_router&endpoint=cron_daemon&action=run&data=eyJ0b2tlbiI6IjQ0Mm8yIn0 HTTP/1.0" 200 - "-" "MailPoet Cron"
199.250.205.212 - - [23/Feb/2025:07:53:04 -0500] "POST /?mailpoet_router&endpoint=cron_daemon&action=run&data=eyJ0b2tlbiI6Inh1djB5In0 HTTP/1.0" 200 - "-" "MailPoet Cron"
199.250.205.212 - - [23/Feb/2025:07:53:43 -0500] "POST /wp-cron.php?doing_wp_cron=1740315223.6268808841705322265625 HTTP/1.0" 200 - "-" "WordPress/6.7.2; https://detroit.golf"
2.4.11.156 - - [23/Feb/2025:07:53:43 -0500] "POST /xmlrpc.php HTTP/1.0" 200 444 "-" "Mozilla/5.0 (Windows NT 10.0; Win64; x64) AppleWebKit/537.36 (KHTML, like Gecko) Chrome/91.0.4472.124 Safari/537.36"
199.250.205.212 - - [23/Feb/2025:07:53:24 -0500] "POST /?mailpoet_router&endpoint=cron_daemon&action=run&data=eyJ0b2tlbiI6IjFmb2lsIn0 HTTP/1.0" 200 - "-" "MailPoet Cron"
199.250.205.212 - - [23/Feb/2025:07:53:43 -0500] "POST /?mailpoet_router&endpoint=cron_daemon&action=run&data=eyJ0b2tlbiI6IjE5YjN4In0 HTTP/1.0" 200 - "-" "MailPoet Cron"
199.250.205.212 - - [23/Feb/2025:07:54:03 -0500] "POST /?mailpoet_router&endpoint=cron_daemon&action=run&data=eyJ0b2tlbiI6IjI2bTV1In0 HTTP/1.0" 200 - "-" "MailPoet Cron"
199.250.205.212 - - [23/Feb/2025:07:54:43 -0500] "POST /wp-cron.php?doing_wp_cron=1740315283.1559569835662841796875 HTTP/1.0" 200 - "-" "WordPress/6.7.2; https://detroit.golf"
2.4.11.156 - - [23/Feb/2025:07:54:42 -0500] "POST /xmlrpc.php HTTP/1.0" 200 444 "-" "Mozilla/5.0 (Windows NT 10.0; Win64; x64) AppleWebKit/537.36 (KHTML, like Gecko) Chrome/91.0.4472.124 Safari/537.36"
199.250.205.212 - - [23/Feb/2025:07:54:22 -0500] "POST /?mailpoet_router&endpoint=cron_daemon&action=run&data=eyJ0b2tlbiI6IjFpY2N3In0 HTTP/1.0" 200 - "-" "MailPoet Cron"
199.250.205.212 - - [23/Feb/2025:07:54:42 -0500] "POST /?mailpoet_router&endpoint=cron_daemon&action=run&data=eyJ0b2tlbiI6ImQyN2IxIn0 HTTP/1.0" 200 - "-" "MailPoet Cron"
199.250.205.212 - - [23/Feb/2025:07:55:01 -0500] "POST /?mailpoet_router&endpoint=cron_daemon&action=run&data=eyJ0b2tlbiI6InZ1cXZzIn0 HTTP/1.0" 200 - "-" "MailPoet Cron"
199.250.205.212 - - [23/Feb/2025:07:55:42 -0500] "POST /wp-cron.php?doing_wp_cron=1740315342.9013900756835937500000 HTTP/1.0" 200 - "-" "WordPress/6.7.2; https://detroit.golf"
2.4.11.156 - - [23/Feb/2025:07:55:42 -0500] "POST /xmlrpc.php HTTP/1.0" 200 444 "-" "Mozilla/5.0 (Windows NT 10.0; Win64; x64) AppleWebKit/537.36 (KHTML, like Gecko) Chrome/91.0.4472.124 Safari/537.36"
57.141.0.23 - - [23/Feb/2025:07:55:43 -0500] "GET /2024/pinehurst-5th-annual-coastal-cup/ HTTP/1.0" 200 83344 "-" "meta-externalagent/1.1 (+https://developers.facebook.com/docs/sharing/webmasters/crawler)"
199.250.205.212 - - [23/Feb/2025:07:55:21 -0500] "POST /?mailpoet_router&endpoint=cron_daemon&action=run&data=eyJ0b2tlbiI6ImV6aXQ3In0 HTTP/1.0" 200 - "-" "MailPoet Cron"
199.250.205.212 - - [23/Feb/2025:07:55:40 -0500] "POST /?mailpoet_router&endpoint=cron_daemon&action=run&data=eyJ0b2tlbiI6InlwOW42In0 HTTP/1.0" 200 - "-" "MailPoet Cron"
199.250.205.212 - - [23/Feb/2025:07:56:00 -0500] "POST /?mailpoet_router&endpoint=cron_daemon&action=run&data=eyJ0b2tlbiI6InVuOGRmIn0 HTTP/1.0" 200 - "-" "MailPoet Cron"
199.250.205.212 - - [23/Feb/2025:07:56:44 -0500] "POST /wp-cron.php?doing_wp_cron=1740315404.0151550769805908203125 HTTP/1.0" 200 - "-" "WordPress/6.7.2; https://detroit.golf"
2.4.11.156 - - [23/Feb/2025:07:56:43 -0500] "POST /xmlrpc.php HTTP/1.0" 200 444 "-" "Mozilla/5.0 (Windows NT 10.0; Win64; x64) AppleWebKit/537.36 (KHTML, like Gecko) Chrome/91.0.4472.124 Safari/537.36"
199.250.205.212 - - [23/Feb/2025:07:56:19 -0500] "POST /?mailpoet_router&endpoint=cron_daemon&action=run&data=eyJ0b2tlbiI6IjEwbzE0In0 HTTP/1.0" 200 - "-" "MailPoet Cron"
199.250.205.212 - - [23/Feb/2025:07:56:39 -0500] "POST /?mailpoet_router&endpoint=cron_daemon&action=run&data=eyJ0b2tlbiI6IjEzcWZhIn0 HTTP/1.0" 200 - "-" "MailPoet Cron"
199.250.205.212 - - [23/Feb/2025:07:56:59 -0500] "POST /?mailpoet_router&endpoint=cron_daemon&action=run&data=eyJ0b2tlbiI6InBucTI4In0 HTTP/1.0" 200 - "-" "MailPoet Cron"
199.250.205.212 - - [23/Feb/2025:07:57:18 -0500] "POST /?mailpoet_router&endpoint=cron_daemon&action=run&data=eyJ0b2tlbiI6Imd5bWYyIn0 HTTP/1.0" 200 - "-" "MailPoet Cron"
199.250.205.212 - - [23/Feb/2025:07:57:44 -0500] "POST /wp-cron.php?doing_wp_cron=1740315464.0009379386901855468750 HTTP/1.0" 200 - "-" "WordPress/6.7.2; https://detroit.golf"
2.4.11.156 - - [23/Feb/2025:07:57:43 -0500] "POST /xmlrpc.php HTTP/1.0" 200 444 "-" "Mozilla/5.0 (Windows NT 10.0; Win64; x64) AppleWebKit/537.36 (KHTML, like Gecko) Chrome/91.0.4472.124 Safari/537.36"
199.250.205.212 - - [23/Feb/2025:07:57:37 -0500] "POST /?mailpoet_router&endpoint=cron_daemon&action=run&data=eyJ0b2tlbiI6InY0cXRxIn0 HTTP/1.0" 200 - "-" "MailPoet Cron"
199.250.205.212 - - [23/Feb/2025:07:58:18 -0500] "POST /wp-cron.php?doing_wp_cron=1740315498.9851651191711425781250 HTTP/1.0" 200 - "-" "WordPress/6.7.2; https://detroit.golf"
43.159.149.216 - - [23/Feb/2025:07:58:18 -0500] "GET / HTTP/1.0" 301 - "-" "Mozilla/5.0 (iPhone; CPU iPhone OS 13_2_3 like Mac OS X) AppleWebKit/605.1.15 (KHTML, like Gecko) Version/13.0.3 Mobile/15E148 Safari/604.1"
43.159.149.216 - - [23/Feb/2025:07:58:21 -0500] "GET / HTTP/1.0" 200 86523 "http://detroit.golf" "Mozilla/5.0 (iPhone; CPU iPhone OS 13_2_3 like Mac OS X) AppleWebKit/605.1.15 (KHTML, like Gecko) Version/13.0.3 Mobile/15E148 Safari/604.1"
199.250.205.212 - - [23/Feb/2025:07:57:57 -0500] "POST /?mailpoet_router&endpoint=cron_daemon&action=run&data=eyJ0b2tlbiI6IjEzaGJ4In0 HTTP/1.0" 200 - "-" "MailPoet Cron"
199.250.205.212 - - [23/Feb/2025:07:58:16 -0500] "POST /?mailpoet_router&endpoint=cron_daemon&action=run&data=eyJ0b2tlbiI6IjZicnJkIn0 HTTP/1.0" 200 - "-" "MailPoet Cron"
199.250.205.212 - - [23/Feb/2025:07:58:44 -0500] "POST /wp-cron.php?doing_wp_cron=1740315524.2889449596405029296875 HTTP/1.0" 200 - "-" "WordPress/6.7.2; https://detroit.golf"
2.4.11.156 - - [23/Feb/2025:07:58:43 -0500] "POST /xmlrpc.php HTTP/1.0" 200 444 "-" "Mozilla/5.0 (Windows NT 10.0; Win64; x64) AppleWebKit/537.36 (KHTML, like Gecko) Chrome/91.0.4472.124 Safari/537.36"
13.200.4.147 - - [23/Feb/2025:07:58:48 -0500] "GET /wp-login.php HTTP/1.0" 200 11760 "-" "GRequests/0.10"
13.200.4.147 - - [23/Feb/2025:07:58:50 -0500] "POST /wp-login.php HTTP/1.0" 200 11760 "-" "GRequests/0.10"
13.200.4.147 - - [23/Feb/2025:07:58:50 -0500] "GET /wp-admin/ HTTP/1.0" 302 - "-" "GRequests/0.10"
13.200.4.147 - - [23/Feb/2025:07:58:53 -0500] "GET /wp-login.php?redirect_to=https%3A%2F%2Fdetroit.3mp1r3.org%2Fwp-admin%2F&reauth=1 HTTP/1.0" 200 11833 "https://detroit.3mp1r3.org/wp-admin/" "GRequests/0.10"
199.250.205.212 - - [23/Feb/2025:07:58:36 -0500] "POST /?mailpoet_router&endpoint=cron_daemon&action=run&data=eyJ0b2tlbiI6IjFicnByIn0 HTTP/1.0" 200 - "-" "MailPoet Cron"
199.250.205.212 - - [23/Feb/2025:07:58:55 -0500] "POST /?mailpoet_router&endpoint=cron_daemon&action=run&data=eyJ0b2tlbiI6Im9oNWo0In0 HTTP/1.0" 200 - "-" "MailPoet Cron"
199.250.205.212 - - [23/Feb/2025:07:59:15 -0500] "POST /?mailpoet_router&endpoint=cron_daemon&action=run&data=eyJ0b2tlbiI6IjEzMGNsIn0 HTTP/1.0" 200 - "-" "MailPoet Cron"
199.250.205.212 - - [23/Feb/2025:07:59:43 -0500] "POST /wp-cron.php?doing_wp_cron=1740315583.3935220241546630859375 HTTP/1.0" 200 - "-" "WordPress/6.7.2; https://detroit.golf"
2.4.11.156 - - [23/Feb/2025:07:59:42 -0500] "POST /xmlrpc.php HTTP/1.0" 200 444 "-" "Mozilla/5.0 (Windows NT 10.0; Win64; x64) AppleWebKit/537.36 (KHTML, like Gecko) Chrome/91.0.4472.124 Safari/537.36"
199.250.205.212 - - [23/Feb/2025:07:59:34 -0500] "POST /?mailpoet_router&endpoint=cron_daemon&action=run&data=eyJ0b2tlbiI6Im85amlpIn0 HTTP/1.0" 200 - "-" "MailPoet Cron"
199.250.205.212 - - [23/Feb/2025:08:00:15 -0500] "POST /wp-cron.php?doing_wp_cron=1740315615.3967189788818359375000 HTTP/1.0" 200 - "-" "WordPress/6.7.2; https://detroit.golf"
193.36.231.17 - - [23/Feb/2025:08:00:14 -0500] "GET /2023/ega-tour-szn-iii/ HTTP/1.0" 200 89914 "https://detroit.golf/2023/ega-tour-szn-iii/#comment-12258" "Mozilla/5.0 (Windows NT 10.0; Win64; x64) AppleWebKit/537.36 (KHTML, like Gecko) Chrome/130.0.0.0 Safari/537.36"
199.250.205.212 - - [23/Feb/2025:08:00:18 -0500] "GET /wp-json/jetpack/v4/sync/spawn-sync?time=1740315618&request_lock_id=1740315618.3903 HTTP/1.0" 200 17 "-" "WordPress/6.7.2; https://detroit.golf"
193.36.231.17 - - [23/Feb/2025:08:00:16 -0500] "POST /wp-comments-post.php HTTP/1.0" 302 - "https://detroit.golf/2023/ega-tour-szn-iii/#comment-12258" "Mozilla/5.0 (Windows NT 10.0; Win64; x64) AppleWebKit/537.36 (KHTML, like Gecko) Chrome/130.0.0.0 Safari/537.36"
199.250.205.212 - - [23/Feb/2025:08:00:18 -0500] "GET /wp-json/jetpack/v4/sync/spawn-sync?time=1740315618&request_lock_id=1740315618.8322 HTTP/1.0" 200 17 "-" "WordPress/6.7.2; https://detroit.golf"
199.250.205.212 - - [23/Feb/2025:07:59:54 -0500] "POST /?mailpoet_router&endpoint=cron_daemon&action=run&data=eyJ0b2tlbiI6IjE4NGRhIn0 HTTP/1.0" 200 - "-" "MailPoet Cron"
193.36.231.17 - - [23/Feb/2025:08:00:19 -0500] "GET /2023/ega-tour-szn-iii/ HTTP/1.0" 200 106638 "https://detroit.golf/2023/ega-tour-szn-iii/#comment-13074" "Mozilla/5.0 (Windows NT 10.0; Win64; x64) AppleWebKit/537.36 (KHTML, like Gecko) Chrome/130.0.0.0 Safari/537.36"
199.250.205.212 - - [23/Feb/2025:08:00:13 -0500] "POST /?mailpoet_router&endpoint=cron_daemon&action=run&data=eyJ0b2tlbiI6Im5ncXZ1In0 HTTP/1.0" 200 - "-" "MailPoet Cron"
199.250.205.212 - - [23/Feb/2025:08:00:44 -0500] "POST /wp-cron.php?doing_wp_cron=1740315644.0021390914916992187500 HTTP/1.0" 200 - "-" "WordPress/6.7.2; https://detroit.golf"
2.4.11.156 - - [23/Feb/2025:08:00:43 -0500] "POST /xmlrpc.php HTTP/1.0" 200 444 "-" "Mozilla/5.0 (Windows NT 10.0; Win64; x64) AppleWebKit/537.36 (KHTML, like Gecko) Chrome/91.0.4472.124 Safari/537.36"
199.250.205.212 - - [23/Feb/2025:08:00:33 -0500] "POST /?mailpoet_router&endpoint=cron_daemon&action=run&data=eyJ0b2tlbiI6Im5xbWMyIn0 HTTP/1.0" 200 - "-" "MailPoet Cron"
199.250.205.212 - - [23/Feb/2025:08:00:52 -0500] "POST /?mailpoet_router&endpoint=cron_daemon&action=run&data=eyJ0b2tlbiI6IjF3em93In0 HTTP/1.0" 200 - "-" "MailPoet Cron"
192.0.82.193 - - [23/Feb/2025:08:01:23 -0500] "GET /feed/ HTTP/1.0" 200 9448 "-" "wp.com feedbot/1.0 (+https://wp.com;subscribers=2;feed-id=131213254)"
51.222.253.14 - - [23/Feb/2025:08:01:27 -0500] "GET /2021/week-17-ega-rankings/ HTTP/1.0" 200 83410 "-" "Mozilla/5.0 (compatible; AhrefsBot/7.0; +http://ahrefs.com/robot/)"
199.250.205.212 - - [23/Feb/2025:08:01:12 -0500] "POST /?mailpoet_router&endpoint=cron_daemon&action=run&data=eyJ0b2tlbiI6InN1aXNvIn0 HTTP/1.0" 200 - "-" "MailPoet Cron"
199.250.205.212 - - [23/Feb/2025:08:01:44 -0500] "POST /wp-cron.php?doing_wp_cron=1740315703.9832170009613037109375 HTTP/1.0" 200 - "-" "WordPress/6.7.2; https://detroit.golf"
2.4.11.156 - - [23/Feb/2025:08:01:43 -0500] "POST /xmlrpc.php HTTP/1.0" 200 444 "-" "Mozilla/5.0 (Windows NT 10.0; Win64; x64) AppleWebKit/537.36 (KHTML, like Gecko) Chrome/91.0.4472.124 Safari/537.36"
199.250.205.212 - - [23/Feb/2025:08:01:31 -0500] "POST /?mailpoet_router&endpoint=cron_daemon&action=run&data=eyJ0b2tlbiI6ImRnMjc3In0 HTTP/1.0" 200 - "-" "MailPoet Cron"
192.0.82.193 - - [23/Feb/2025:08:01:58 -0500] "GET /feed HTTP/1.0" 301 - "-" "wp.com feedbot/1.0 (+https://wp.com;subscribers=2;feed-id=131213254)"
192.0.82.193 - - [23/Feb/2025:08:01:59 -0500] "GET /feed/ HTTP/1.0" 200 9448 "-" "wp.com feedbot/1.0 (+https://wp.com;subscribers=2;feed-id=131213254)"
199.250.205.212 - - [23/Feb/2025:08:01:51 -0500] "POST /?mailpoet_router&endpoint=cron_daemon&action=run&data=eyJ0b2tlbiI6IjF0M2FmIn0 HTTP/1.0" 200 - "-" "MailPoet Cron"
199.250.205.212 - - [23/Feb/2025:08:02:11 -0500] "POST /?mailpoet_router&endpoint=cron_daemon&action=run&data=eyJ0b2tlbiI6InBpZ2kwIn0 HTTP/1.0" 200 - "-" "MailPoet Cron"
199.250.205.212 - - [23/Feb/2025:08:02:42 -0500] "POST /wp-cron.php?doing_wp_cron=1740315762.9054241180419921875000 HTTP/1.0" 200 - "-" "WordPress/6.7.2; https://detroit.golf"
2.4.11.156 - - [23/Feb/2025:08:02:42 -0500] "POST /xmlrpc.php HTTP/1.0" 200 444 "-" "Mozilla/5.0 (Windows NT 10.0; Win64; x64) AppleWebKit/537.36 (KHTML, like Gecko) Chrome/91.0.4472.124 Safari/537.36"
199.250.205.212 - - [23/Feb/2025:08:02:30 -0500] "POST /?mailpoet_router&endpoint=cron_daemon&action=run&data=eyJ0b2tlbiI6IjEwdzV6In0 HTTP/1.0" 200 - "-" "MailPoet Cron"
199.250.205.212 - - [23/Feb/2025:08:02:50 -0500] "POST /?mailpoet_router&endpoint=cron_daemon&action=run&data=eyJ0b2tlbiI6IjFkeHRoIn0 HTTP/1.0" 200 - "-" "MailPoet Cron"
199.250.205.212 - - [23/Feb/2025:08:03:09 -0500] "POST /?mailpoet_router&endpoint=cron_daemon&action=run&data=eyJ0b2tlbiI6IjFrOGUzIn0 HTTP/1.0" 200 - "-" "MailPoet Cron"
199.250.205.212 - - [23/Feb/2025:08:03:43 -0500] "POST /wp-cron.php?doing_wp_cron=1740315823.0481619834899902343750 HTTP/1.0" 200 - "-" "WordPress/6.7.2; https://detroit.golf"
2.4.11.156 - - [23/Feb/2025:08:03:42 -0500] "POST /xmlrpc.php HTTP/1.0" 200 444 "-" "Mozilla/5.0 (Windows NT 10.0; Win64; x64) AppleWebKit/537.36 (KHTML, like Gecko) Chrome/91.0.4472.124 Safari/537.36"
199.250.205.212 - - [23/Feb/2025:08:03:29 -0500] "POST /?mailpoet_router&endpoint=cron_daemon&action=run&data=eyJ0b2tlbiI6IjFzbTEzIn0 HTTP/1.0" 200 - "-" "MailPoet Cron"
199.250.205.212 - - [23/Feb/2025:08:03:49 -0500] "POST /?mailpoet_router&endpoint=cron_daemon&action=run&data=eyJ0b2tlbiI6IjFrcG9yIn0 HTTP/1.0" 200 - "-" "MailPoet Cron"
199.250.205.212 - - [23/Feb/2025:08:04:08 -0500] "POST /?mailpoet_router&endpoint=cron_daemon&action=run&data=eyJ0b2tlbiI6InhhazFmIn0 HTTP/1.0" 200 - "-" "MailPoet Cron"
199.250.205.212 - - [23/Feb/2025:08:04:43 -0500] "POST /wp-cron.php?doing_wp_cron=1740315883.1945590972900390625000 HTTP/1.0" 200 - "-" "WordPress/6.7.2; https://detroit.golf"
2.4.11.156 - - [23/Feb/2025:08:04:42 -0500] "POST /xmlrpc.php HTTP/1.0" 200 444 "-" "Mozilla/5.0 (Windows NT 10.0; Win64; x64) AppleWebKit/537.36 (KHTML, like Gecko) Chrome/91.0.4472.124 Safari/537.36"
199.250.205.212 - - [23/Feb/2025:08:04:28 -0500] "POST /?mailpoet_router&endpoint=cron_daemon&action=run&data=eyJ0b2tlbiI6IjE5amdhIn0 HTTP/1.0" 200 - "-" "MailPoet Cron"
199.250.205.212 - - [23/Feb/2025:08:04:47 -0500] "POST /?mailpoet_router&endpoint=cron_daemon&action=run&data=eyJ0b2tlbiI6IjFkZ2M1In0 HTTP/1.0" 200 - "-" "MailPoet Cron"
199.250.205.212 - - [23/Feb/2025:08:05:07 -0500] "POST /?mailpoet_router&endpoint=cron_daemon&action=run&data=eyJ0b2tlbiI6IjF3cmJjIn0 HTTP/1.0" 200 - "-" "MailPoet Cron"
199.250.205.212 - - [23/Feb/2025:08:05:43 -0500] "POST /wp-cron.php?doing_wp_cron=1740315943.0007140636444091796875 HTTP/1.0" 200 - "-" "WordPress/6.7.2; https://detroit.golf"
2.4.11.156 - - [23/Feb/2025:08:05:42 -0500] "POST /xmlrpc.php HTTP/1.0" 200 444 "-" "Mozilla/5.0 (Windows NT 10.0; Win64; x64) AppleWebKit/537.36 (KHTML, like Gecko) Chrome/91.0.4472.124 Safari/537.36"
199.250.205.212 - - [23/Feb/2025:08:05:26 -0500] "POST /?mailpoet_router&endpoint=cron_daemon&action=run&data=eyJ0b2tlbiI6InJ0NzhwIn0 HTTP/1.0" 200 - "-" "MailPoet Cron"
199.250.205.212 - - [23/Feb/2025:08:05:46 -0500] "POST /?mailpoet_router&endpoint=cron_daemon&action=run&data=eyJ0b2tlbiI6IjE0Mm1kIn0 HTTP/1.0" 200 - "-" "MailPoet Cron"
199.250.205.212 - - [23/Feb/2025:08:06:06 -0500] "POST /?mailpoet_router&endpoint=cron_daemon&action=run&data=eyJ0b2tlbiI6ImMwNHBqIn0 HTTP/1.0" 200 - "-" "MailPoet Cron"
199.250.205.212 - - [23/Feb/2025:08:06:45 -0500] "POST /wp-cron.php?doing_wp_cron=1740316005.1579399108886718750000 HTTP/1.0" 200 - "-" "WordPress/6.7.2; https://detroit.golf"
2.4.11.156 - - [23/Feb/2025:08:06:44 -0500] "POST /xmlrpc.php HTTP/1.0" 200 444 "-" "Mozilla/5.0 (Windows NT 10.0; Win64; x64) AppleWebKit/537.36 (KHTML, like Gecko) Chrome/91.0.4472.124 Safari/537.36"
199.250.205.212 - - [23/Feb/2025:08:06:25 -0500] "POST /?mailpoet_router&endpoint=cron_daemon&action=run&data=eyJ0b2tlbiI6Imh1dWZvIn0 HTTP/1.0" 200 - "-" "MailPoet Cron"
199.250.205.212 - - [23/Feb/2025:08:06:45 -0500] "POST /?mailpoet_router&endpoint=cron_daemon&action=run&data=eyJ0b2tlbiI6IjE2dHFxIn0 HTTP/1.0" 200 - "-" "MailPoet Cron"
199.250.205.212 - - [23/Feb/2025:08:07:05 -0500] "POST /?mailpoet_router&endpoint=cron_daemon&action=run&data=eyJ0b2tlbiI6Img5b3VoIn0 HTTP/1.0" 200 - "-" "MailPoet Cron"
199.250.205.212 - - [23/Feb/2025:08:07:42 -0500] "POST /wp-cron.php?doing_wp_cron=1740316062.2050540447235107421875 HTTP/1.0" 200 - "-" "WordPress/6.7.2; https://detroit.golf"
2.4.11.156 - - [23/Feb/2025:08:07:41 -0500] "POST /xmlrpc.php HTTP/1.0" 200 444 "-" "Mozilla/5.0 (Windows NT 10.0; Win64; x64) AppleWebKit/537.36 (KHTML, like Gecko) Chrome/91.0.4472.124 Safari/537.36"
199.250.205.212 - - [23/Feb/2025:08:07:24 -0500] "POST /?mailpoet_router&endpoint=cron_daemon&action=run&data=eyJ0b2tlbiI6IjE1dGJqIn0 HTTP/1.0" 200 - "-" "MailPoet Cron"
199.250.205.212 - - [23/Feb/2025:08:07:44 -0500] "POST /?mailpoet_router&endpoint=cron_daemon&action=run&data=eyJ0b2tlbiI6IjNuanowIn0 HTTP/1.0" 200 - "-" "MailPoet Cron"
199.250.205.212 - - [23/Feb/2025:08:08:04 -0500] "POST /?mailpoet_router&endpoint=cron_daemon&action=run&data=eyJ0b2tlbiI6IjE3cDRsIn0 HTTP/1.0" 200 - "-" "MailPoet Cron"
199.250.205.212 - - [23/Feb/2025:08:08:42 -0500] "POST /wp-cron.php?doing_wp_cron=1740316122.1454739570617675781250 HTTP/1.0" 200 - "-" "WordPress/6.7.2; https://detroit.golf"
2.4.11.156 - - [23/Feb/2025:08:08:41 -0500] "POST /xmlrpc.php HTTP/1.0" 200 444 "-" "Mozilla/5.0 (Windows NT 10.0; Win64; x64) AppleWebKit/537.36 (KHTML, like Gecko) Chrome/91.0.4472.124 Safari/537.36"
199.250.205.212 - - [23/Feb/2025:08:08:24 -0500] "POST /?mailpoet_router&endpoint=cron_daemon&action=run&data=eyJ0b2tlbiI6IjFvdm85In0 HTTP/1.0" 200 - "-" "MailPoet Cron"
84.247.135.151 - - [23/Feb/2025:08:08:58 -0500] "POST /wp-login.php HTTP/1.0" 200 11762 "https://detroit.golf" "Mozilla/5.0 (Macintosh; Intel Mac OS X 10_15_7) AppleWebKit/537.36 (KHTML, like Gecko) Chrome/113.0.5672.93 Safari/537.36"
199.250.205.212 - - [23/Feb/2025:08:08:44 -0500] "POST /?mailpoet_router&endpoint=cron_daemon&action=run&data=eyJ0b2tlbiI6IjF1NGRpIn0 HTTP/1.0" 200 - "-" "MailPoet Cron"
199.250.205.212 - - [23/Feb/2025:08:09:03 -0500] "POST /?mailpoet_router&endpoint=cron_daemon&action=run&data=eyJ0b2tlbiI6IjFiZ3Q2In0 HTTP/1.0" 200 - "-" "MailPoet Cron"
199.250.205.212 - - [23/Feb/2025:08:09:23 -0500] "POST /?mailpoet_router&endpoint=cron_daemon&action=run&data=eyJ0b2tlbiI6InIzZHFuIn0 HTTP/1.0" 200 - "-" "MailPoet Cron"
199.250.205.212 - - [23/Feb/2025:08:09:43 -0500] "POST /?mailpoet_router&endpoint=cron_daemon&action=run&data=eyJ0b2tlbiI6IjFncHdlIn0 HTTP/1.0" 200 - "-" "MailPoet Cron"
