Файловый менеджер - Редактировать - /usr/local/apache/domlogs/rowdyr7/elitedet.3mp1r3.org
Назад
49.51.50.147 - - [23/Feb/2025:07:26:25 -0500] "GET /networks/Service/ HTTP/1.0" 200 88779 "http://detroitvsourselves.com" "Mozilla/5.0 (iPhone; CPU iPhone OS 13_2_3 like Mac OS X) AppleWebKit/605.1.15 (KHTML, like Gecko) Version/13.0.3 Mobile/15E148 Safari/604.1"
195.2.81.171 - - [23/Feb/2025:07:28:44 -0500] "GET / HTTP/1.0" 200 88779 "-" "Mozilla/5.0 (Macintosh; Intel Mac OS X 10_15_7) AppleWebKit/537.36 (KHTML, like Gecko) Chrome/133.0.0.0 Safari/537.36"
188.121.129.150 - - [23/Feb/2025:07:28:48 -0500] "POST / HTTP/1.0" 200 88779 "-" "Mozilla/5.0 (Macintosh; Intel Mac OS X 10_15_7) AppleWebKit/537.36 (KHTML, like Gecko) Chrome/133.0.0.0 Safari/537.36"
188.121.129.150 - - [23/Feb/2025:07:28:51 -0500] "POST / HTTP/1.0" 200 88779 "-" "Mozilla/5.0 (Windows NT 10.0; Win64; x64) AppleWebKit/537.36 (KHTML, like Gecko) Chrome/120.0.0.0 Safari/537.36"
195.2.81.171 - - [23/Feb/2025:07:28:53 -0500] "GET /comments/feed/ HTTP/1.0" 200 88779 "-" "Mozilla/5.0 (Macintosh; Intel Mac OS X 10_15_7) AppleWebKit/537.36 (KHTML, like Gecko) Chrome/133.0.0.0 Safari/537.36"
188.121.129.150 - - [23/Feb/2025:07:28:57 -0500] "POST /comments/feed/ HTTP/1.0" 200 88779 "-" "Mozilla/5.0 (Macintosh; Intel Mac OS X 10_15_7) AppleWebKit/537.36 (KHTML, like Gecko) Chrome/133.0.0.0 Safari/537.36"
188.121.129.150 - - [23/Feb/2025:07:29:00 -0500] "POST /comments/feed/ HTTP/1.0" 200 88779 "-" "Mozilla/5.0 (Windows NT 10.0; Win64; x64) AppleWebKit/537.36 (KHTML, like Gecko) Chrome/120.0.0.0 Safari/537.36"
195.2.81.171 - - [23/Feb/2025:07:29:01 -0500] "GET /join/ HTTP/1.0" 200 88779 "-" "Mozilla/5.0 (Macintosh; Intel Mac OS X 10_15_7) AppleWebKit/537.36 (KHTML, like Gecko) Chrome/133.0.0.0 Safari/537.36"
188.121.129.150 - - [23/Feb/2025:07:29:03 -0500] "POST /join/ HTTP/1.0" 200 88779 "-" "Mozilla/5.0 (Macintosh; Intel Mac OS X 10_15_7) AppleWebKit/537.36 (KHTML, like Gecko) Chrome/133.0.0.0 Safari/537.36"
188.121.129.150 - - [23/Feb/2025:07:29:07 -0500] "POST /join/ HTTP/1.0" 200 88779 "-" "Mozilla/5.0 (Windows NT 10.0; Win64; x64) AppleWebKit/537.36 (KHTML, like Gecko) Chrome/120.0.0.0 Safari/537.36"
195.2.81.171 - - [23/Feb/2025:07:29:09 -0500] "GET / HTTP/1.0" 200 88779 "-" "Mozilla/5.0 (Macintosh; Intel Mac OS X 10_15_7) AppleWebKit/537.36 (KHTML, like Gecko) Chrome/133.0.0.0 Safari/537.36"
188.121.129.150 - - [23/Feb/2025:07:29:11 -0500] "POST / HTTP/1.0" 200 88779 "-" "Mozilla/5.0 (Macintosh; Intel Mac OS X 10_15_7) AppleWebKit/537.36 (KHTML, like Gecko) Chrome/133.0.0.0 Safari/537.36"
188.121.129.150 - - [23/Feb/2025:07:29:15 -0500] "POST / HTTP/1.0" 200 88779 "-" "Mozilla/5.0 (Windows NT 10.0; Win64; x64) AppleWebKit/537.36 (KHTML, like Gecko) Chrome/120.0.0.0 Safari/537.36"
195.2.81.171 - - [23/Feb/2025:07:29:16 -0500] "GET / HTTP/1.0" 200 88779 "-" "Mozilla/5.0 (Macintosh; Intel Mac OS X 10_15_7) AppleWebKit/537.36 (KHTML, like Gecko) Chrome/133.0.0.0 Safari/537.36"
188.121.129.150 - - [23/Feb/2025:07:29:18 -0500] "POST / HTTP/1.0" 200 88779 "-" "Mozilla/5.0 (Macintosh; Intel Mac OS X 10_15_7) AppleWebKit/537.36 (KHTML, like Gecko) Chrome/133.0.0.0 Safari/537.36"
188.121.129.150 - - [23/Feb/2025:07:29:21 -0500] "POST / HTTP/1.0" 200 88779 "-" "Mozilla/5.0 (Windows NT 10.0; Win64; x64) AppleWebKit/537.36 (KHTML, like Gecko) Chrome/120.0.0.0 Safari/537.36"
195.2.81.171 - - [23/Feb/2025:07:29:23 -0500] "GET /my-account/lost-password/ HTTP/1.0" 200 88779 "-" "Mozilla/5.0 (Macintosh; Intel Mac OS X 10_15_7) AppleWebKit/537.36 (KHTML, like Gecko) Chrome/133.0.0.0 Safari/537.36"
188.121.129.150 - - [23/Feb/2025:07:29:25 -0500] "POST /my-account/lost-password/ HTTP/1.0" 200 88779 "-" "Mozilla/5.0 (Macintosh; Intel Mac OS X 10_15_7) AppleWebKit/537.36 (KHTML, like Gecko) Chrome/133.0.0.0 Safari/537.36"
188.121.129.150 - - [23/Feb/2025:07:29:28 -0500] "POST /my-account/lost-password/ HTTP/1.0" 200 88779 "-" "Mozilla/5.0 (Windows NT 10.0; Win64; x64) AppleWebKit/537.36 (KHTML, like Gecko) Chrome/120.0.0.0 Safari/537.36"
34.148.207.19 - - [23/Feb/2025:07:35:35 -0500] "GET / HTTP/1.0" 200 88779 "-" "Mozilla/5.0 (Windows NT 10.0; Win64; x64) AppleWebKit/537.36 (KHTML, like Gecko) Chrome/78.0.3904.108 Safari/537.36"
34.148.207.19 - - [23/Feb/2025:07:35:35 -0500] "GET / HTTP/1.0" 200 88779 "-" "Mozilla/5.0 (Windows NT 10.0; Win64; x64) AppleWebKit/537.36 (KHTML, like Gecko) Chrome/78.0.3904.108 Safari/537.36"
34.148.207.19 - - [23/Feb/2025:07:35:36 -0500] "GET /wp-includes/wlwmanifest.xml HTTP/1.0" 200 88779 "-" "Mozilla/5.0 (Windows NT 10.0; Win64; x64) AppleWebKit/537.36 (KHTML, like Gecko) Chrome/78.0.3904.108 Safari/537.36"
34.148.207.19 - - [23/Feb/2025:07:35:36 -0500] "GET /?author=1 HTTP/1.0" 200 88779 "-" "Mozilla/5.0 (Windows NT 10.0; Win64; x64) AppleWebKit/537.36 (KHTML, like Gecko) Chrome/78.0.3904.108 Safari/537.36"
34.148.207.19 - - [23/Feb/2025:07:35:36 -0500] "GET /?author=2 HTTP/1.0" 200 88779 "-" "Mozilla/5.0 (Windows NT 10.0; Win64; x64) AppleWebKit/537.36 (KHTML, like Gecko) Chrome/78.0.3904.108 Safari/537.36"
34.148.207.19 - - [23/Feb/2025:07:35:36 -0500] "GET /wp-json/wp/v2/users/ HTTP/1.0" 200 88779 "-" "Mozilla/5.0 (Windows NT 10.0; Win64; x64) AppleWebKit/537.36 (KHTML, like Gecko) Chrome/78.0.3904.108 Safari/537.36"
34.148.207.19 - - [23/Feb/2025:07:35:37 -0500] "GET /wp-json/oembed/1.0/embed?url=http://elitedet.com HTTP/1.0" 200 88779 "-" "Mozilla/5.0 (Windows NT 10.0; Win64; x64) AppleWebKit/537.36 (KHTML, like Gecko) Chrome/78.0.3904.108 Safari/537.36"
34.148.207.19 - - [23/Feb/2025:07:35:37 -0500] "POST /xmlrpc.php HTTP/1.0" 500 86 "-" "Mozilla/5.0 (Windows NT 10.0; Win64; x64) AppleWebKit/537.36 (KHTML, like Gecko) Chrome/78.0.3904.108 Safari/537.36"
192.250.239.61 - - [23/Feb/2025:07:41:13 -0500] "POST /wp-login.php HTTP/1.0" 500 86 "http://elitedet.com" "Mozilla/5.0 (Macintosh; Intel Mac OS X 10_15_7; rv:127.0) Gecko/20100101 Firefox/127.0"
37.27.138.106 - - [23/Feb/2025:07:46:25 -0500] "GET /wp-login.php HTTP/1.0" 500 86 "-" "Mozilla/5.0 (X11; Gentoo; Linux x86_64; rv:91.0) Gecko/20100101 Firefox/91.0"
37.27.138.106 - - [23/Feb/2025:07:46:26 -0500] "POST /wp-login.php HTTP/1.0" 500 86 "-" "Mozilla/5.0 (X11; Gentoo; Linux x86_64; rv:91.0) Gecko/20100101 Firefox/91.0"
150.109.230.210 - - [23/Feb/2025:07:50:16 -0500] "GET / HTTP/1.0" 200 88779 "-" "Mozilla/5.0 (iPhone; CPU iPhone OS 13_2_3 like Mac OS X) AppleWebKit/605.1.15 (KHTML, like Gecko) Version/13.0.3 Mobile/15E148 Safari/604.1"
20.15.133.164 - - [23/Feb/2025:07:54:50 -0500] "GET /robots.txt HTTP/1.0" 302 - "-" "Mozilla/5.0 AppleWebKit/537.36 (KHTML, like Gecko; compatible; bingbot/2.0; +http://www.bing.com/bingbot.htm) Chrome/116.0.1938.76 Safari/537.36"
20.15.133.164 - - [23/Feb/2025:07:54:51 -0500] "GET /mega888 HTTP/1.0" 301 241 "-" "Mozilla/5.0 AppleWebKit/537.36 (KHTML, like Gecko; compatible; bingbot/2.0; +http://www.bing.com/bingbot.htm) Chrome/116.0.1938.76 Safari/537.36"
20.15.133.164 - - [23/Feb/2025:07:54:51 -0500] "GET /mega888/ HTTP/1.0" 200 67764 "-" "Mozilla/5.0 AppleWebKit/537.36 (KHTML, like Gecko; compatible; bingbot/2.0; +http://www.bing.com/bingbot.htm) Chrome/116.0.1938.76 Safari/537.36"
216.244.66.195 - - [23/Feb/2025:07:54:57 -0500] "GET /content/page/3/ HTTP/1.0" 302 - "-" "Mozilla/5.0 (compatible; DotBot/1.2; +https://opensiteexplorer.org/dotbot; help@moz.com)"
20.15.133.174 - - [23/Feb/2025:07:55:00 -0500] "GET /home-3/ HTTP/1.0" 302 - "-" "Mozilla/5.0 AppleWebKit/537.36 (KHTML, like Gecko; compatible; bingbot/2.0; +http://www.bing.com/bingbot.htm) Chrome/116.0.1938.76 Safari/537.36"
20.15.133.174 - - [23/Feb/2025:07:55:02 -0500] "GET /mega888 HTTP/1.0" 301 241 "-" "Mozilla/5.0 AppleWebKit/537.36 (KHTML, like Gecko; compatible; bingbot/2.0; +http://www.bing.com/bingbot.htm) Chrome/116.0.1938.76 Safari/537.36"
212.52.28.66 - - [23/Feb/2025:07:55:24 -0500] "GET /activate/YGrVprVS1SHZjtEgzZMTwO5ZKoHoxUMt/ HTTP/1.0" 200 88779 "http://elitedet.com/activate/YGrVprVS1SHZjtEgzZMTwO5ZKoHoxUMt/" "Mozilla/5.0 (Windows NT 6.1; Win64; x64) AppleWebKit/537.36 (KHTML, like Gecko) Chrome/103.0.0.0 Safari/537.36"
212.52.28.66 - - [23/Feb/2025:07:55:44 -0500] "POST /activate/YGrVprVS1SHZjtEgzZMTwO5ZKoHoxUMt/ HTTP/1.0" 200 88779 "http://elitedet.com/activate/YGrVprVS1SHZjtEgzZMTwO5ZKoHoxUMt/" "Mozilla/5.0 (Windows NT 6.1; Win64; x64) AppleWebKit/537.36 (KHTML, like Gecko) Chrome/103.0.0.0 Safari/537.36"
212.52.28.66 - - [23/Feb/2025:07:55:45 -0500] "GET /activate/YGrVprVS1SHZjtEgzZMTwO5ZKoHoxUMt/ HTTP/1.0" 200 88779 "http://elitedet.com/activate/YGrVprVS1SHZjtEgzZMTwO5ZKoHoxUMt/" "Mozilla/5.0 (Windows NT 6.1; Win64; x64) AppleWebKit/537.36 (KHTML, like Gecko) Chrome/103.0.0.0 Safari/537.36"
95.108.213.100 - - [23/Feb/2025:07:56:45 -0500] "GET /robots.txt HTTP/1.0" 302 - "-" "Mozilla/5.0 (compatible; YandexBot/3.0; +http://yandex.com/bots)"
95.108.213.100 - - [23/Feb/2025:07:56:46 -0500] "GET /mega888 HTTP/1.0" 301 237 "-" "Mozilla/5.0 (compatible; YandexBot/3.0; +http://yandex.com/bots)"
95.108.213.100 - - [23/Feb/2025:07:56:46 -0500] "GET /mega888/ HTTP/1.0" 200 67764 "-" "Mozilla/5.0 (compatible; YandexBot/3.0; +http://yandex.com/bots)"
213.180.203.62 - - [23/Feb/2025:07:56:47 -0500] "GET /apparel/elite-retro-one-sticker/ HTTP/1.0" 302 - "-" "Mozilla/5.0 (compatible; YandexBot/3.0; +http://yandex.com/bots)"
5.255.231.198 - - [23/Feb/2025:07:56:49 -0500] "GET /mega888 HTTP/1.0" 301 237 "-" "Mozilla/5.0 (compatible; YandexBot/3.0; +http://yandex.com/bots)"
87.250.224.237 - - [23/Feb/2025:07:56:50 -0500] "GET /mega888/ HTTP/1.0" 200 67764 "-" "Mozilla/5.0 (compatible; YandexBot/3.0; +http://yandex.com/bots)"
104.247.165.162 - - [23/Feb/2025:08:07:29 -0500] "POST /wp-login.php HTTP/1.0" 500 86 "http://elitedet.com" "Mozilla/5.0 (Windows NT 10.0; Win64; x64) AppleWebKit/537.36 (KHTML, like Gecko) Chrome/113.0.5672.126 Safari/537.36 Edg/113.0.1774.50"
216.244.66.195 - - [23/Feb/2025:08:25:54 -0500] "GET /robots.txt HTTP/1.0" 302 - "-" "Mozilla/5.0 (compatible; DotBot/1.2; +https://opensiteexplorer.org/dotbot; help@moz.com)"
216.244.66.195 - - [23/Feb/2025:08:25:54 -0500] "GET /mega888 HTTP/1.0" 301 236 "-" "Mozilla/5.0 (compatible; DotBot/1.2; +https://opensiteexplorer.org/dotbot; help@moz.com)"
216.244.66.195 - - [23/Feb/2025:08:25:54 -0500] "GET /mega888/ HTTP/1.0" 200 67764 "-" "Mozilla/5.0 (compatible; DotBot/1.2; +https://opensiteexplorer.org/dotbot; help@moz.com)"
146.19.91.83 - - [23/Feb/2025:08:34:04 -0500] "GET / HTTP/1.0" 200 88779 "http://elitedet.com/" "Mozilla/5.0 (Windows NT 10.0; Win64; x64) AppleWebKit/537.36 (KHTML, like Gecko) Chrome/130.0.0.0 Safari/537.36 CCleaner/130.0.0.0"
146.19.91.83 - - [23/Feb/2025:08:34:05 -0500] "GET /join/ HTTP/1.0" 200 88779 "https://elitedet.com/join/" "Mozilla/5.0 (Windows NT 10.0; Win64; x64) AppleWebKit/537.36 (KHTML, like Gecko) Chrome/130.0.0.0 Safari/537.36 CCleaner/130.0.0.0"
158.255.80.210 - - [23/Feb/2025:08:37:51 -0500] "GET /wp-login.php HTTP/1.0" 500 86 "-" "Mozilla/5.0 (X11; Fedora; Linux x86_64; rv:94.0) Gecko/20100101 Firefox/95.0"
158.255.80.210 - - [23/Feb/2025:08:37:51 -0500] "POST /wp-login.php HTTP/1.0" 500 86 "-" "Mozilla/5.0 (X11; Fedora; Linux x86_64; rv:94.0) Gecko/20100101 Firefox/95.0"
3.15.37.121 - - [23/Feb/2025:08:39:33 -0500] "GET / HTTP/1.0" 200 88779 "www.google.com" "Mozlila/5.0 (Linux; Android 7.0; SM-G892A Bulid/NRD90M; wv) AppleWebKit/537.36 (KHTML, like Gecko) Version/4.0 Chrome/60.0.3112.107 Moblie Safari/537.36"
188.126.89.49 - - [23/Feb/2025:08:41:12 -0500] "GET / HTTP/1.0" 200 88779 "http://elitedet.com/" "Mozilla/5.0 (Windows NT 10.0; Win64; x64) AppleWebKit/537.36 (KHTML, like Gecko) Chrome/129.0.0.0 Safari/537.36"
188.126.89.49 - - [23/Feb/2025:08:41:18 -0500] "GET /join/ HTTP/1.0" 200 88779 "https://elitedet.com/join/" "Mozilla/5.0 (Windows NT 10.0; Win64; x64) AppleWebKit/537.36 (KHTML, like Gecko) Chrome/129.0.0.0 Safari/537.36"
141.95.114.30 - - [23/Feb/2025:08:53:50 -0500] "GET /bitrix/tools/spread.php?state= HTTP/1.0" 200 88779 "-" "Mozilla/5.0 (Windows NT 10.0; Win64; x64) AppleWebKit/537.36 (KHTML, like Gecko) Chrome/127.0.0.0 Safari/537.36"
51.68.160.105 - - [23/Feb/2025:08:56:18 -0500] "GET / HTTP/1.0" 302 - "http://elitedet.com/" "Mozilla/5.0 (Windows NT 10.0; Win64; x64) AppleWebKit/537.36 (KHTML, like Gecko) Chrome/131.0.0.0 Safari/537.36 Avast/131.0.0.0"
51.68.160.105 - - [23/Feb/2025:08:56:20 -0500] "GET /mega888 HTTP/1.0" 301 236 "http://elitedet.com/mega888" "Mozilla/5.0 (Windows NT 10.0; Win64; x64) AppleWebKit/537.36 (KHTML, like Gecko) Chrome/131.0.0.0 Safari/537.36 Avast/131.0.0.0"
51.68.160.105 - - [23/Feb/2025:08:56:22 -0500] "GET /mega888/ HTTP/1.0" 200 67764 "http://elitedet.com/mega888/" "Mozilla/5.0 (Windows NT 10.0; Win64; x64) AppleWebKit/537.36 (KHTML, like Gecko) Chrome/131.0.0.0 Safari/537.36 Avast/131.0.0.0"
194.226.139.237 - - [23/Feb/2025:08:57:07 -0500] "GET /activate/YGrVprVS1SHZjtEgzZMTwO5ZKoHoxUMt/ HTTP/1.0" 200 88779 "http://elitedet.com/activate/YGrVprVS1SHZjtEgzZMTwO5ZKoHoxUMt/" "Mozilla/5.0 (Windows NT 6.3; WOW64) AppleWebKit/537.36 (KHTML, like Gecko) Chrome/103.0.5060.114 Safari/537.36"
89.252.187.116 - - [23/Feb/2025:08:59:13 -0500] "POST /xmlrpc.php HTTP/1.0" 500 86 "http://elitedet.com" "Mozilla/5.0 (Macintosh; Intel Mac OS X 10_15_7; rv:125.0.1) Gecko/20100101 Firefox/125.0.1"
216.244.66.195 - - [23/Feb/2025:09:00:32 -0500] "GET /mega888?add_to_wishlist=913&_wpnonce=6c9df86b1f HTTP/1.0" 301 280 "-" "Mozilla/5.0 (compatible; DotBot/1.2; +https://opensiteexplorer.org/dotbot; help@moz.com)"
216.244.66.195 - - [23/Feb/2025:09:04:27 -0500] "GET /product-category/masks/?add_to_wishlist=2025&_wpnonce=ae52ef642d HTTP/1.0" 302 - "-" "Mozilla/5.0 (compatible; DotBot/1.2; +https://opensiteexplorer.org/dotbot; help@moz.com)"
216.244.66.195 - - [23/Feb/2025:09:04:57 -0500] "GET /product-category/masks/?add_to_wishlist=2025&_wpnonce=f415080061 HTTP/1.0" 302 - "-" "Mozilla/5.0 (compatible; DotBot/1.2; +https://opensiteexplorer.org/dotbot; help@moz.com)"
107.189.18.172 - - [23/Feb/2025:09:05:54 -0500] "GET /wp-admin/network/index.php HTTP/1.0" 500 86 "-" "Mozlila/5.0 (Linux; Android 7.0; SM-G892A Bulid/NRD90M; wv) AppleWebKit/537.36 (KHTML, like Gecko) Version/4.0 Chrome/60.0.3112.107 Moblie Safari/537.36"
107.189.18.172 - - [23/Feb/2025:09:05:57 -0500] "GET /wp-admin/js/index.php HTTP/1.0" 200 88779 "-" "Mozlila/5.0 (Linux; Android 7.0; SM-G892A Bulid/NRD90M; wv) AppleWebKit/537.36 (KHTML, like Gecko) Version/4.0 Chrome/60.0.3112.107 Moblie Safari/537.36"
107.189.18.172 - - [23/Feb/2025:09:06:09 -0500] "GET /wp-admin/images/index.php HTTP/1.0" 200 88779 "-" "Mozlila/5.0 (Linux; Android 7.0; SM-G892A Bulid/NRD90M; wv) AppleWebKit/537.36 (KHTML, like Gecko) Version/4.0 Chrome/60.0.3112.107 Moblie Safari/537.36"
107.189.18.172 - - [23/Feb/2025:09:06:12 -0500] "GET /wp-admin/css/index.php HTTP/1.0" 200 88779 "-" "Mozlila/5.0 (Linux; Android 7.0; SM-G892A Bulid/NRD90M; wv) AppleWebKit/537.36 (KHTML, like Gecko) Version/4.0 Chrome/60.0.3112.107 Moblie Safari/537.36"
107.189.18.172 - - [23/Feb/2025:09:06:18 -0500] "GET /wp-includes/SimplePie/Content/Type/index.php HTTP/1.0" 200 88779 "-" "Mozlila/5.0 (Linux; Android 7.0; SM-G892A Bulid/NRD90M; wv) AppleWebKit/537.36 (KHTML, like Gecko) Version/4.0 Chrome/60.0.3112.107 Moblie Safari/537.36"
107.189.18.172 - - [23/Feb/2025:09:06:26 -0500] "GET /wp-includes/Requests/Auth/index.php HTTP/1.0" 200 88779 "-" "Mozlila/5.0 (Linux; Android 7.0; SM-G892A Bulid/NRD90M; wv) AppleWebKit/537.36 (KHTML, like Gecko) Version/4.0 Chrome/60.0.3112.107 Moblie Safari/537.36"
107.189.18.172 - - [23/Feb/2025:09:06:34 -0500] "GET /wp-admin/css/colors/index.php HTTP/1.0" 200 88779 "-" "Mozlila/5.0 (Linux; Android 7.0; SM-G892A Bulid/NRD90M; wv) AppleWebKit/537.36 (KHTML, like Gecko) Version/4.0 Chrome/60.0.3112.107 Moblie Safari/537.36"
107.189.18.172 - - [23/Feb/2025:09:06:39 -0500] "GET /wp-content/languages/index.php HTTP/1.0" 200 88779 "-" "Mozlila/5.0 (Linux; Android 7.0; SM-G892A Bulid/NRD90M; wv) AppleWebKit/537.36 (KHTML, like Gecko) Version/4.0 Chrome/60.0.3112.107 Moblie Safari/537.36"
107.189.18.172 - - [23/Feb/2025:09:06:47 -0500] "GET /wp-content/upgrade/index.php HTTP/1.0" 200 88779 "-" "Mozlila/5.0 (Linux; Android 7.0; SM-G892A Bulid/NRD90M; wv) AppleWebKit/537.36 (KHTML, like Gecko) Version/4.0 Chrome/60.0.3112.107 Moblie Safari/537.36"
107.189.18.172 - - [23/Feb/2025:09:07:03 -0500] "GET /wp-content/IXR/index.php HTTP/1.0" 200 88779 "-" "Mozlila/5.0 (Linux; Android 7.0; SM-G892A Bulid/NRD90M; wv) AppleWebKit/537.36 (KHTML, like Gecko) Version/4.0 Chrome/60.0.3112.107 Moblie Safari/537.36"
60.188.57.0 - - [23/Feb/2025:09:11:30 -0500] "GET /networks/Service/ HTTP/1.0" 200 88779 "http://www.detroitvsourselves.com" "Mozilla/5.0 (iPhone; CPU iPhone OS 13_2_3 like Mac OS X) AppleWebKit/605.1.15 (KHTML, like Gecko) Version/13.0.3 Mobile/15E148 Safari/604.1"
216.244.66.195 - - [23/Feb/2025:09:16:08 -0500] "GET /robots.txt HTTP/1.0" 302 - "-" "Mozilla/5.0 (compatible; DotBot/1.2; +https://opensiteexplorer.org/dotbot; help@moz.com)"
216.244.66.195 - - [23/Feb/2025:09:16:09 -0500] "GET /mega888 HTTP/1.0" 301 236 "-" "Mozilla/5.0 (compatible; DotBot/1.2; +https://opensiteexplorer.org/dotbot; help@moz.com)"
216.244.66.195 - - [23/Feb/2025:09:16:09 -0500] "GET /mega888/ HTTP/1.0" 200 67764 "-" "Mozilla/5.0 (compatible; DotBot/1.2; +https://opensiteexplorer.org/dotbot; help@moz.com)"
118.139.180.197 - - [23/Feb/2025:09:18:27 -0500] "POST /xmlrpc.php HTTP/1.0" 500 86 "http://elitedet.com" "Mozilla/5.0 (Windows NT 10.0; Win64; x64) AppleWebKit/537.36 (KHTML, like Gecko) Chrome/126.0.0.0 Safari/537.36 Edg/126.0.0.0"
181.215.94.11 - - [23/Feb/2025:09:18:49 -0500] "GET /activate/YGrVprVS1SHZjtEgzZMTwO5ZKoHoxUMt/ HTTP/1.0" 200 88779 "http://elitedet.com/activate/YGrVprVS1SHZjtEgzZMTwO5ZKoHoxUMt/" "Mozilla/5.0 (Windows NT 10.0; Win64; x64) AppleWebKit/537.36 (KHTML, like Gecko) Chrome/103.0.5060.53 Safari/537.36"
45.154.138.248 - - [23/Feb/2025:09:18:51 -0500] "POST /activate/YGrVprVS1SHZjtEgzZMTwO5ZKoHoxUMt/ HTTP/1.0" 200 88779 "http://elitedet.com/activate/YGrVprVS1SHZjtEgzZMTwO5ZKoHoxUMt/" "Mozilla/5.0 (Windows NT 10.0; Win64; x64) AppleWebKit/537.36 (KHTML, like Gecko) Chrome/103.0.5060.53 Safari/537.36"
185.2.4.33 - - [23/Feb/2025:09:34:19 -0500] "GET /wp-login.php HTTP/1.0" 500 86 "-" "Mozilla/5.0 (X11; Fedora; Linux x86_64; rv:94.0) Gecko/20100101 Firefox/95.0"
185.2.4.33 - - [23/Feb/2025:09:34:20 -0500] "POST /wp-login.php HTTP/1.0" 500 86 "-" "Mozilla/5.0 (X11; Fedora; Linux x86_64; rv:94.0) Gecko/20100101 Firefox/95.0"
165.232.189.218 - - [23/Feb/2025:09:35:35 -0500] "POST /xmlrpc.php HTTP/1.0" 500 86 "http://elitedet.com" "Mozilla/5.0 (Macintosh; Intel Mac OS X 10_15_7) AppleWebKit/537.36 (KHTML, like Gecko) Chrome/112.0.5615.138 Safari/537.36"
34.34.225.192 - - [23/Feb/2025:09:36:10 -0500] "GET / HTTP/1.0" 200 88779 "https://www.twitter.com" "Mozilla/5.0 (X11; Linux x86_64) AppleWebKit/537.36 (KHTML, like Gecko) Chrome/87.0.4280.88 Safari/537.36 Edg/87.0.664.66"
216.244.66.195 - - [23/Feb/2025:09:38:19 -0500] "GET /culture/ HTTP/1.0" 302 - "-" "Mozilla/5.0 (compatible; DotBot/1.2; +https://opensiteexplorer.org/dotbot; help@moz.com)"
217.114.43.197 - - [23/Feb/2025:09:39:01 -0500] "GET / HTTP/1.0" 200 88779 "https://www.google.com/" "Mozilla/5.0 (Windows NT 10.0; Win64; x64) AppleWebKit/537.36 (KHTML, like Gecko) Chrome/91.0.4472.124 Safari/537.36"
217.114.43.197 - - [23/Feb/2025:09:39:27 -0500] "GET / HTTP/1.0" 200 88779 "https://www.google.com/" "Mozilla/5.0 (Windows NT 10.0; Win64; x64) AppleWebKit/537.36 (KHTML, like Gecko) Chrome/91.0.4472.124 Safari/537.36"
49.51.195.195 - - [23/Feb/2025:09:44:18 -0500] "GET /networks/Service/ HTTP/1.0" 200 88779 "http://www.detroitvsourselves.com" "Mozilla/5.0 (iPhone; CPU iPhone OS 13_2_3 like Mac OS X) AppleWebKit/605.1.15 (KHTML, like Gecko) Version/13.0.3 Mobile/15E148 Safari/604.1"
114.119.151.80 - - [23/Feb/2025:09:47:18 -0500] "GET /content/type/image/ HTTP/1.0" 302 - "-" "Mozilla/5.0 (Linux; Android 7.0;) AppleWebKit/537.36 (KHTML, like Gecko) Mobile Safari/537.36 (compatible; PetalBot;+https://webmaster.petalsearch.com/site/petalbot)"
114.119.151.80 - - [23/Feb/2025:09:47:19 -0500] "GET /mega888 HTTP/1.0" 301 237 "-" "Mozilla/5.0 (Linux; Android 7.0;) AppleWebKit/537.36 (KHTML, like Gecko) Mobile Safari/537.36 (compatible; PetalBot;+https://webmaster.petalsearch.com/site/petalbot)"
114.119.151.80 - - [23/Feb/2025:09:47:21 -0500] "GET /mega888/ HTTP/1.0" 200 67764 "-" "Mozilla/5.0 (Linux; Android 7.0;) AppleWebKit/537.36 (KHTML, like Gecko) Mobile Safari/537.36 (compatible; PetalBot;+https://webmaster.petalsearch.com/site/petalbot)"
216.244.66.195 - - [23/Feb/2025:09:49:48 -0500] "GET /networks/photo/ HTTP/1.0" 302 - "-" "Mozilla/5.0 (compatible; DotBot/1.2; +https://opensiteexplorer.org/dotbot; help@moz.com)"
216.244.66.195 - - [23/Feb/2025:09:53:38 -0500] "GET /mega888?add_to_wishlist=1104&_wpnonce=49ccbf6bdd HTTP/1.0" 301 281 "-" "Mozilla/5.0 (compatible; DotBot/1.2; +https://opensiteexplorer.org/dotbot; help@moz.com)"
43.157.201.184 - - [23/Feb/2025:10:00:29 -0500] "GET / HTTP/1.0" 200 88779 "-" "Mozilla/5.0 (iPhone; CPU iPhone OS 13_2_3 like Mac OS X) AppleWebKit/605.1.15 (KHTML, like Gecko) Version/13.0.3 Mobile/15E148 Safari/604.1"
114.119.158.146 - - [23/Feb/2025:10:04:36 -0500] "GET /content/category/music HTTP/1.0" 302 - "http://elitedet.com/content/author/geralddaniel/" "Mozilla/5.0 (Linux; Android 7.0;) AppleWebKit/537.36 (KHTML, like Gecko) Mobile Safari/537.36 (compatible; PetalBot;+https://webmaster.petalsearch.com/site/petalbot)"
114.119.158.146 - - [23/Feb/2025:10:04:37 -0500] "GET /mega888 HTTP/1.0" 301 237 "http://elitedet.com/content/author/geralddaniel/" "Mozilla/5.0 (Linux; Android 7.0;) AppleWebKit/537.36 (KHTML, like Gecko) Mobile Safari/537.36 (compatible; PetalBot;+https://webmaster.petalsearch.com/site/petalbot)"
114.119.158.146 - - [23/Feb/2025:10:04:38 -0500] "GET /mega888/ HTTP/1.0" 200 67764 "http://elitedet.com/content/author/geralddaniel/" "Mozilla/5.0 (Linux; Android 7.0;) AppleWebKit/537.36 (KHTML, like Gecko) Mobile Safari/537.36 (compatible; PetalBot;+https://webmaster.petalsearch.com/site/petalbot)"
216.244.66.195 - - [23/Feb/2025:10:07:49 -0500] "GET /robots.txt HTTP/1.0" 302 - "-" "Mozilla/5.0 (compatible; DotBot/1.2; +https://opensiteexplorer.org/dotbot; help@moz.com)"
216.244.66.195 - - [23/Feb/2025:10:07:49 -0500] "GET /mega888 HTTP/1.0" 301 236 "-" "Mozilla/5.0 (compatible; DotBot/1.2; +https://opensiteexplorer.org/dotbot; help@moz.com)"
216.244.66.195 - - [23/Feb/2025:10:07:49 -0500] "GET /mega888/ HTTP/1.0" 200 67764 "-" "Mozilla/5.0 (compatible; DotBot/1.2; +https://opensiteexplorer.org/dotbot; help@moz.com)"
196.251.113.3 - - [23/Feb/2025:10:14:04 -0500] "POST /ALFA_DATA/alfacgiapi/perl.alfa HTTP/1.0" 200 88779 "www.google.com" "Mozlila/5.0 (Linux; Android 7.0; SM-G892A Bulid/NRD90M; wv) AppleWebKit/537.36 (KHTML, like Gecko) Version/4.0 Chrome/60.0.3112.107 Moblie Safari/537.36"
196.251.113.3 - - [23/Feb/2025:10:14:04 -0500] "POST /wp-plain.php HTTP/1.0" 200 88779 "www.google.com" "Mozilla/5.0 (Linux; Android 7.0; SM-G892A Bulid/NRD90M; wv) AppleWebKit/537.36 (KHTML, like Gecko) Version/4.0 Chrome/60.0.3112.107 Moblie Safari/537.36"
196.251.113.3 - - [23/Feb/2025:10:14:04 -0500] "GET /wp-content/themes/seotheme/db.php?u HTTP/1.0" 200 88779 "www.google.com" "Mozlila/5.0 (Linux; Android 7.0; SM-G892A Bulid/NRD90M; wv) AppleWebKit/537.36 (KHTML, like Gecko) Version/4.0 Chrome/60.0.3112.107 Moblie Safari/537.36"
196.251.113.3 - - [23/Feb/2025:10:14:04 -0500] "GET / HTTP/1.0" 200 88779 "-" "Mozlila/5.0 (Linux; Android 7.0; SM-G892A Bulid/NRD90M; wv) AppleWebKit/537.36 (KHTML, like Gecko) Version/4.0 Chrome/60.0.3112.107 Moblie Safari/537.36"
196.251.113.3 - - [23/Feb/2025:10:14:04 -0500] "GET /wp-content/plugins/fix/up.php HTTP/1.0" 200 88779 "-" "Mozilla/5.0 (Windows NT 10.0; Win64; x64) AppleWebKit/537.36 (KHTML, like Gecko) Chrome/85.0.4183.102 Safari/537.36"
196.251.113.3 - - [23/Feb/2025:10:14:05 -0500] "POST /alfacgiapi/perl.alfa HTTP/1.0" 200 88779 "www.google.com" "Mozlila/5.0 (Linux; Android 7.0; SM-G892A Bulid/NRD90M; wv) AppleWebKit/537.36 (KHTML, like Gecko) Version/4.0 Chrome/60.0.3112.107 Moblie Safari/537.36"
196.251.113.3 - - [23/Feb/2025:10:14:05 -0500] "GET /wp-content/plugins/apikey/apikey.php?test=hello HTTP/1.0" 200 88779 "-" "Mozlila/5.0 (Linux; Android 7.0; SM-G892A Bulid/NRD90M; wv) AppleWebKit/537.36 (KHTML, like Gecko) Version/4.0 Chrome/60.0.3112.107 Moblie Safari/537.36"
196.251.113.3 - - [23/Feb/2025:10:14:05 -0500] "GET /tirabhyy.php?Fox=d3wL7 HTTP/1.0" 200 88779 "www.google.com" "Mozilla/5.0 (Linux; Android 7.0; SM-G892A Bulid/NRD90M; wv) AppleWebKit/537.36 (KHTML, like Gecko) Version/4.0 Chrome/60.0.3112.107 Moblie Safari/537.36"
196.251.113.3 - - [23/Feb/2025:10:14:05 -0500] "GET /wp-content/themes/seotheme/db.php?u HTTP/1.0" 200 88779 "www.google.com" "Mozlila/5.0 (Linux; Android 7.0; SM-G892A Bulid/NRD90M; wv) AppleWebKit/537.36 (KHTML, like Gecko) Version/4.0 Chrome/60.0.3112.107 Moblie Safari/537.36"
196.251.113.3 - - [23/Feb/2025:10:14:06 -0500] "POST /wp-plain.php HTTP/1.0" 200 88779 "www.google.com" "Mozilla/5.0 (Linux; Android 7.0; SM-G892A Bulid/NRD90M; wv) AppleWebKit/537.36 (KHTML, like Gecko) Version/4.0 Chrome/60.0.3112.107 Moblie Safari/537.36"
196.251.113.3 - - [23/Feb/2025:10:14:06 -0500] "GET /plugins/content/apismtp/apismtp.php?test=hello HTTP/1.0" 200 88779 "-" "Mozlila/5.0 (Linux; Android 7.0; SM-G892A Bulid/NRD90M; wv) AppleWebKit/537.36 (KHTML, like Gecko) Version/4.0 Chrome/60.0.3112.107 Moblie Safari/537.36"
196.251.113.3 - - [23/Feb/2025:10:14:06 -0500] "GET /gzqxotkk.php?Fox=d3wL7 HTTP/1.0" 200 88779 "www.google.com" "Mozilla/5.0 (Linux; Android 7.0; SM-G892A Bulid/NRD90M; wv) AppleWebKit/537.36 (KHTML, like Gecko) Version/4.0 Chrome/60.0.3112.107 Moblie Safari/537.36"
196.251.113.3 - - [23/Feb/2025:10:14:08 -0500] "GET /wp-content/plugins/apikey/apikey.php.suspected?test=hello HTTP/1.0" 200 88779 "-" "Mozlila/5.0 (Linux; Android 7.0; SM-G892A Bulid/NRD90M; wv) AppleWebKit/537.36 (KHTML, like Gecko) Version/4.0 Chrome/60.0.3112.107 Moblie Safari/537.36"
196.251.113.3 - - [23/Feb/2025:10:14:11 -0500] "GET /plugins/content/apismtp/apismtp.php.suspected?test=hello HTTP/1.0" 200 88779 "-" "Mozlila/5.0 (Linux; Android 7.0; SM-G892A Bulid/NRD90M; wv) AppleWebKit/537.36 (KHTML, like Gecko) Version/4.0 Chrome/60.0.3112.107 Moblie Safari/537.36"
194.0.234.25 - - [23/Feb/2025:10:14:26 -0500] "GET /wp-json/wp/v2/users/ HTTP/1.0" 200 88779 "-" "Mozilla/5.0 (X11; Linux x86_64) AppleWebKit/537.36 (KHTML, like Gecko) Chrome/131.0.6778.265 Safari/537.36"
141.95.114.30 - - [23/Feb/2025:10:18:07 -0500] "GET /wp-content/plugins/yvekute/yvekute.php HTTP/1.0" 200 88779 "-" "Mozilla/5.0 (Windows NT 10.0) AppleWebKit/537.36 (KHTML, like Gecko) Chrome/124.0.0.0 Safari/537.36"
114.119.132.11 - - [23/Feb/2025:10:19:50 -0500] "GET /felipe-pantone HTTP/1.0" 302 - "http://elitedet.com/content/whaddup/murals-in-the-market-september-21st/attachment/felipe-pantone" "Mozilla/5.0 (Linux; Android 7.0;) AppleWebKit/537.36 (KHTML, like Gecko) Mobile Safari/537.36 (compatible; PetalBot;+https://webmaster.petalsearch.com/site/petalbot)"
114.119.132.11 - - [23/Feb/2025:10:19:51 -0500] "GET /mega888 HTTP/1.0" 301 237 "http://elitedet.com/content/whaddup/murals-in-the-market-september-21st/attachment/felipe-pantone" "Mozilla/5.0 (Linux; Android 7.0;) AppleWebKit/537.36 (KHTML, like Gecko) Mobile Safari/537.36 (compatible; PetalBot;+https://webmaster.petalsearch.com/site/petalbot)"
114.119.132.11 - - [23/Feb/2025:10:19:52 -0500] "GET /mega888/ HTTP/1.0" 200 67764 "http://elitedet.com/content/whaddup/murals-in-the-market-september-21st/attachment/felipe-pantone" "Mozilla/5.0 (Linux; Android 7.0;) AppleWebKit/537.36 (KHTML, like Gecko) Mobile Safari/537.36 (compatible; PetalBot;+https://webmaster.petalsearch.com/site/petalbot)"
154.30.107.16 - - [23/Feb/2025:10:20:42 -0500] "GET / HTTP/1.0" 200 88779 "-" "Mozilla/5.0 (Macintosh; Intel Mac OS X 10_15_7) AppleWebKit/537.36 (KHTML, like Gecko) Chrome/105.0.0.0 Safari/537.36"
114.119.148.155 - - [23/Feb/2025:10:22:41 -0500] "GET /content/project/kickback-ep-2/ HTTP/1.0" 302 - "https://elitedet.com/content/portfolio/socials/" "Mozilla/5.0 (Linux; Android 7.0;) AppleWebKit/537.36 (KHTML, like Gecko) Mobile Safari/537.36 (compatible; PetalBot;+https://webmaster.petalsearch.com/site/petalbot)"
114.119.148.155 - - [23/Feb/2025:10:22:43 -0500] "GET /mega888 HTTP/1.0" 301 237 "https://elitedet.com/content/portfolio/socials/" "Mozilla/5.0 (Linux; Android 7.0;) AppleWebKit/537.36 (KHTML, like Gecko) Mobile Safari/537.36 (compatible; PetalBot;+https://webmaster.petalsearch.com/site/petalbot)"
114.119.148.155 - - [23/Feb/2025:10:22:44 -0500] "GET /mega888/ HTTP/1.0" 200 67764 "https://elitedet.com/content/portfolio/socials/" "Mozilla/5.0 (Linux; Android 7.0;) AppleWebKit/537.36 (KHTML, like Gecko) Mobile Safari/537.36 (compatible; PetalBot;+https://webmaster.petalsearch.com/site/petalbot)"
222.79.103.59 - - [23/Feb/2025:10:26:28 -0500] "GET / HTTP/1.0" 200 88779 "-" "Mozilla/5.0 (iPhone; CPU iPhone OS 13_2_3 like Mac OS X) AppleWebKit/605.1.15 (KHTML, like Gecko) Version/13.0.3 Mobile/15E148 Safari/604.1"
69.176.91.178 - - [23/Feb/2025:10:33:41 -0500] "GET / HTTP/1.0" 200 88779 "-" "Mozilla/5.0 (Macintosh; Intel Mac OS X 10_6_8) AppleWebKit/535.11 (KHTML, like Gecko) Chrome/17.0.963.66 Safari/535.11"
216.244.66.195 - - [23/Feb/2025:10:39:30 -0500] "GET /product-category/stickers/?add_to_wishlist=931&_wpnonce=281d86e3a3 HTTP/1.0" 302 - "-" "Mozilla/5.0 (compatible; DotBot/1.2; +https://opensiteexplorer.org/dotbot; help@moz.com)"
5.196.78.175 - - [23/Feb/2025:10:40:28 -0500] "GET /content/music/house-party-detroit-april-12th/ HTTP/1.0" 302 - "http://elitedet.com/content/music/house-party-detroit-april-12th/" "Mozilla/5.0 (Windows NT 10.0; Win64; x64) AppleWebKit/537.36 (KHTML, like Gecko) Chrome/103.0.5060.66 Safari/537.36"
5.196.78.175 - - [23/Feb/2025:10:40:28 -0500] "GET /mega888 HTTP/1.0" 301 236 "http://elitedet.com/mega888" "Mozilla/5.0 (Windows NT 10.0; Win64; x64) AppleWebKit/537.36 (KHTML, like Gecko) Chrome/103.0.5060.66 Safari/537.36"
5.196.78.175 - - [23/Feb/2025:10:40:28 -0500] "GET /mega888/ HTTP/1.0" 200 67764 "http://elitedet.com/mega888/" "Mozilla/5.0 (Windows NT 10.0; Win64; x64) AppleWebKit/537.36 (KHTML, like Gecko) Chrome/103.0.5060.66 Safari/537.36"
161.35.12.208 - - [23/Feb/2025:10:42:40 -0500] "GET /heh.php HTTP/1.0" 200 88779 "www.google.com" "Mozlila/5.0 (Linux; Android 7.0; SM-G892A Bulid/NRD90M; wv) AppleWebKit/537.36 (KHTML, like Gecko) Version/4.0 Chrome/60.0.3112.107 Moblie Safari/537.36"
161.35.12.208 - - [23/Feb/2025:10:42:44 -0500] "GET /NewFile.php HTTP/1.0" 200 88779 "www.google.com" "Mozlila/5.0 (Linux; Android 7.0; SM-G892A Bulid/NRD90M; wv) AppleWebKit/537.36 (KHTML, like Gecko) Version/4.0 Chrome/60.0.3112.107 Moblie Safari/537.36"
161.35.12.208 - - [23/Feb/2025:10:43:01 -0500] "GET /wp-content/plugins/view-more/ioxi.php HTTP/1.0" 200 88779 "www.google.com" "Mozlila/5.0 (Linux; Android 7.0; SM-G892A Bulid/NRD90M; wv) AppleWebKit/537.36 (KHTML, like Gecko) Version/4.0 Chrome/60.0.3112.107 Moblie Safari/537.36"
161.35.12.208 - - [23/Feb/2025:10:43:08 -0500] "GET /wp-content/plugins/erinyani/baxa1.php7 HTTP/1.0" 200 88779 "www.google.com" "Mozlila/5.0 (Linux; Android 7.0; SM-G892A Bulid/NRD90M; wv) AppleWebKit/537.36 (KHTML, like Gecko) Version/4.0 Chrome/60.0.3112.107 Moblie Safari/537.36"
161.35.12.208 - - [23/Feb/2025:10:43:10 -0500] "GET /baxa1.php7 HTTP/1.0" 200 88779 "www.google.com" "Mozlila/5.0 (Linux; Android 7.0; SM-G892A Bulid/NRD90M; wv) AppleWebKit/537.36 (KHTML, like Gecko) Version/4.0 Chrome/60.0.3112.107 Moblie Safari/537.36"
161.35.12.208 - - [23/Feb/2025:10:43:25 -0500] "GET /wp-content/plugins/erinyani/baxa1.php HTTP/1.0" 200 88779 "www.google.com" "Mozlila/5.0 (Linux; Android 7.0; SM-G892A Bulid/NRD90M; wv) AppleWebKit/537.36 (KHTML, like Gecko) Version/4.0 Chrome/60.0.3112.107 Moblie Safari/537.36"
161.35.12.208 - - [23/Feb/2025:10:43:32 -0500] "GET /baxa1.php HTTP/1.0" 200 88779 "www.google.com" "Mozlila/5.0 (Linux; Android 7.0; SM-G892A Bulid/NRD90M; wv) AppleWebKit/537.36 (KHTML, like Gecko) Version/4.0 Chrome/60.0.3112.107 Moblie Safari/537.36"
161.35.12.208 - - [23/Feb/2025:10:43:35 -0500] "GET /wp-content/plugins/seoxx/randkeyword.php HTTP/1.0" 200 88779 "www.google.com" "Mozlila/5.0 (Linux; Android 7.0; SM-G892A Bulid/NRD90M; wv) AppleWebKit/537.36 (KHTML, like Gecko) Version/4.0 Chrome/60.0.3112.107 Moblie Safari/537.36"
178.74.226.43 - - [23/Feb/2025:10:49:54 -0500] "GET /activate/YGrVprVS1SHZjtEgzZMTwO5ZKoHoxUMt/ HTTP/1.0" 200 88779 "https://senym.net" "Mozilla/5.0 (Windows NT 6.1; Win64; x64) AppleWebKit/537.36 (KHTML, like Gecko) Chrome/103.0.0.0 Safari/537.36"
178.74.226.43 - - [23/Feb/2025:10:49:57 -0500] "GET /join/ HTTP/1.0" 200 88779 "https://senym.net" "Mozilla/5.0 (Windows NT 6.1) AppleWebKit/537.36 (KHTML, like Gecko) Chrome/103.0.0.0 Safari/537.36"
157.55.39.223 - - [23/Feb/2025:10:50:47 -0500] "GET /robots.txt HTTP/1.0" 302 - "-" "Mozilla/5.0 AppleWebKit/537.36 (KHTML, like Gecko; compatible; bingbot/2.0; +http://www.bing.com/bingbot.htm) Chrome/116.0.1938.76 Safari/537.36"
157.55.39.223 - - [23/Feb/2025:10:50:47 -0500] "GET /mega888 HTTP/1.0" 301 241 "-" "Mozilla/5.0 AppleWebKit/537.36 (KHTML, like Gecko; compatible; bingbot/2.0; +http://www.bing.com/bingbot.htm) Chrome/116.0.1938.76 Safari/537.36"
157.55.39.223 - - [23/Feb/2025:10:50:47 -0500] "GET /mega888/ HTTP/1.0" 200 67764 "-" "Mozilla/5.0 AppleWebKit/537.36 (KHTML, like Gecko; compatible; bingbot/2.0; +http://www.bing.com/bingbot.htm) Chrome/116.0.1938.76 Safari/537.36"
207.46.13.141 - - [23/Feb/2025:10:50:51 -0500] "GET /content/jibs-podcast/community-development-in-detroit-life-remodeled/ HTTP/1.0" 302 - "-" "Mozilla/5.0 AppleWebKit/537.36 (KHTML, like Gecko; compatible; bingbot/2.0; +http://www.bing.com/bingbot.htm) Chrome/116.0.1938.76 Safari/537.36"
207.46.13.141 - - [23/Feb/2025:10:50:52 -0500] "GET /mega888 HTTP/1.0" 301 241 "-" "Mozilla/5.0 AppleWebKit/537.36 (KHTML, like Gecko; compatible; bingbot/2.0; +http://www.bing.com/bingbot.htm) Chrome/116.0.1938.76 Safari/537.36"
216.244.66.195 - - [23/Feb/2025:10:57:18 -0500] "GET /robots.txt HTTP/1.0" 302 - "-" "Mozilla/5.0 (compatible; DotBot/1.2; +https://opensiteexplorer.org/dotbot; help@moz.com)"
216.244.66.195 - - [23/Feb/2025:10:57:18 -0500] "GET /mega888 HTTP/1.0" 301 236 "-" "Mozilla/5.0 (compatible; DotBot/1.2; +https://opensiteexplorer.org/dotbot; help@moz.com)"
216.244.66.195 - - [23/Feb/2025:10:57:18 -0500] "GET /mega888/ HTTP/1.0" 200 67764 "-" "Mozilla/5.0 (compatible; DotBot/1.2; +https://opensiteexplorer.org/dotbot; help@moz.com)"
216.244.66.195 - - [23/Feb/2025:11:26:46 -0500] "GET /forums/users/pleserovcanti/ HTTP/1.0" 302 - "-" "Mozilla/5.0 (compatible; DotBot/1.2; +https://opensiteexplorer.org/dotbot; help@moz.com)"
158.222.113.80 - - [23/Feb/2025:11:36:02 -0500] "GET / HTTP/1.0" 200 88779 "-" "Mozilla/5.0 (Macintosh; Intel Mac OS X 10_15_7) AppleWebKit/537.36 (KHTML, like Gecko) Chrome/105.0.0.0 Safari/537.36"
114.119.151.80 - - [23/Feb/2025:11:37:48 -0500] "GET /content/updates/elite-hockey/amp HTTP/1.0" 302 - "https://elitedet.com/content/updates/elite-launch-update/amp" "Mozilla/5.0 (Linux; Android 7.0;) AppleWebKit/537.36 (KHTML, like Gecko) Mobile Safari/537.36 (compatible; PetalBot;+https://webmaster.petalsearch.com/site/petalbot)"
114.119.151.80 - - [23/Feb/2025:11:37:49 -0500] "GET /mega888 HTTP/1.0" 301 237 "https://elitedet.com/content/updates/elite-launch-update/amp" "Mozilla/5.0 (Linux; Android 7.0;) AppleWebKit/537.36 (KHTML, like Gecko) Mobile Safari/537.36 (compatible; PetalBot;+https://webmaster.petalsearch.com/site/petalbot)"
114.119.151.80 - - [23/Feb/2025:11:37:51 -0500] "GET /mega888/ HTTP/1.0" 200 67764 "https://elitedet.com/content/updates/elite-launch-update/amp" "Mozilla/5.0 (Linux; Android 7.0;) AppleWebKit/537.36 (KHTML, like Gecko) Mobile Safari/537.36 (compatible; PetalBot;+https://webmaster.petalsearch.com/site/petalbot)"
43.130.57.76 - - [23/Feb/2025:11:43:03 -0500] "GET /networks/Service/ HTTP/1.0" 200 88779 "http://detroitvsourselves.com" "Mozilla/5.0 (iPhone; CPU iPhone OS 13_2_3 like Mac OS X) AppleWebKit/605.1.15 (KHTML, like Gecko) Version/13.0.3 Mobile/15E148 Safari/604.1"
216.244.66.195 - - [23/Feb/2025:11:46:23 -0500] "GET /robots.txt HTTP/1.0" 302 - "-" "Mozilla/5.0 (compatible; DotBot/1.2; +https://opensiteexplorer.org/dotbot; help@moz.com)"
216.244.66.195 - - [23/Feb/2025:11:46:24 -0500] "GET /mega888 HTTP/1.0" 301 236 "-" "Mozilla/5.0 (compatible; DotBot/1.2; +https://opensiteexplorer.org/dotbot; help@moz.com)"
216.244.66.195 - - [23/Feb/2025:11:46:24 -0500] "GET /mega888/ HTTP/1.0" 200 67764 "-" "Mozilla/5.0 (compatible; DotBot/1.2; +https://opensiteexplorer.org/dotbot; help@moz.com)"
188.225.60.227 - - [23/Feb/2025:11:47:29 -0500] "GET / HTTP/1.0" 200 88779 "-" "Mozilla/5.0 (Macintosh; Intel Mac OS X 10_15_7) AppleWebKit/537.36 (KHTML, like Gecko) Chrome/104.0.5112.79 Safari/537.36"
34.209.112.47 - - [23/Feb/2025:11:51:20 -0500] "GET / HTTP/1.0" 200 88779 "-" "Mozilla/5.0 (Windows NT 10.0; Win64; x64) AppleWebKit/537.36 (KHTML, like Gecko) Chrome/130.0.0.0 Safari/537.36"
34.209.112.47 - - [23/Feb/2025:11:51:20 -0500] "GET /events/ HTTP/1.0" 200 88779 "-" "Mozilla/5.0 (Macintosh; Intel Mac OS X 10_15_7) AppleWebKit/537.36 (KHTML, like Gecko) Chrome/130.0.0.0 Safari/537.36"
34.209.112.47 - - [23/Feb/2025:11:51:21 -0500] "GET /my-account/lost-password/ HTTP/1.0" 200 88779 "-" "Mozilla/5.0 (Macintosh; Intel Mac OS X 10_15_7) AppleWebKit/537.36 (KHTML, like Gecko) Chrome/130.0.0.0 Safari/537.36"
34.209.112.47 - - [23/Feb/2025:11:51:21 -0500] "GET / HTTP/1.0" 200 88779 "-" "Mozilla/5.0 (Macintosh; Intel Mac OS X 10_15_7) AppleWebKit/605.1.15 (KHTML, like Gecko) Version/17.6 Safari/605.1.15"
34.209.112.47 - - [23/Feb/2025:11:51:21 -0500] "GET /apparel/ HTTP/1.0" 200 88779 "-" "Mozilla/5.0 (Windows NT 10.0; Win64; x64; rv:131.0) Gecko/20100101 Firefox/131.0"
34.209.112.47 - - [23/Feb/2025:11:51:21 -0500] "GET /join/ HTTP/1.0" 200 88779 "-" "Mozilla/5.0 (Windows NT 10.0; Win64; x64) AppleWebKit/537.36 (KHTML, like Gecko) Chrome/129.0.0.0 Safari/537.36"
34.209.112.47 - - [23/Feb/2025:11:51:21 -0500] "GET /content/ HTTP/1.0" 200 88779 "-" "Mozilla/5.0 (Windows NT 10.0; Win64; x64; rv:131.0) Gecko/20100101 Firefox/131.0"
34.209.112.47 - - [23/Feb/2025:11:51:21 -0500] "GET /about/ HTTP/1.0" 200 88779 "-" "Mozilla/5.0 (Windows NT 10.0; Win64; x64) AppleWebKit/537.36 (KHTML, like Gecko) Chrome/129.0.0.0 Safari/537.36"
43.173.1.69 - - [23/Feb/2025:12:00:45 -0500] "GET / HTTP/1.0" 200 88779 "-" "Mozilla/5.0 (iPhone; CPU iPhone OS 13_2_3 like Mac OS X) AppleWebKit/605.1.15 (KHTML, like Gecko) Version/13.0.3 Mobile/15E148 Safari/604.1"
66.249.66.67 - - [23/Feb/2025:12:16:28 -0500] "GET /robots.txt HTTP/1.0" 302 - "-" "Mozilla/5.0 (compatible; Googlebot/2.1; +http://www.google.com/bot.html)"
66.249.66.67 - - [23/Feb/2025:12:16:28 -0500] "GET /mega888 HTTP/1.0" 301 237 "-" "Mozilla/5.0 (compatible; Googlebot/2.1; +http://www.google.com/bot.html)"
66.249.66.68 - - [23/Feb/2025:12:16:28 -0500] "GET /mega888/ HTTP/1.0" 200 67764 "-" "Mozilla/5.0 (compatible; Googlebot/2.1; +http://www.google.com/bot.html)"
66.249.66.68 - - [23/Feb/2025:12:16:29 -0500] "GET / HTTP/1.0" 302 - "-" "Mozilla/5.0 (Linux; Android 6.0.1; Nexus 5X Build/MMB29P) AppleWebKit/537.36 (KHTML, like Gecko) Chrome/133.0.6943.53 Mobile Safari/537.36 (compatible; Googlebot/2.1; +http://www.google.com/bot.html)"
66.249.66.68 - - [23/Feb/2025:12:16:31 -0500] "GET /mega888 HTTP/1.0" 301 237 "-" "Mozilla/5.0 (Linux; Android 6.0.1; Nexus 5X Build/MMB29P) AppleWebKit/537.36 (KHTML, like Gecko) Chrome/133.0.6943.53 Mobile Safari/537.36 (compatible; Googlebot/2.1; +http://www.google.com/bot.html)"
66.249.66.68 - - [23/Feb/2025:12:16:31 -0500] "GET /mega888/ HTTP/1.0" 200 67764 "-" "Mozilla/5.0 (Linux; Android 6.0.1; Nexus 5X Build/MMB29P) AppleWebKit/537.36 (KHTML, like Gecko) Chrome/133.0.6943.53 Mobile Safari/537.36 (compatible; Googlebot/2.1; +http://www.google.com/bot.html)"
216.244.66.195 - - [23/Feb/2025:12:17:09 -0500] "GET /mega888?add_to_wishlist=2027&_wpnonce=5e2663a858 HTTP/1.0" 301 281 "-" "Mozilla/5.0 (compatible; DotBot/1.2; +https://opensiteexplorer.org/dotbot; help@moz.com)"
205.185.118.81 - - [23/Feb/2025:12:18:06 -0500] "GET /.git/config HTTP/1.0" 302 - "-" "python-requests/2.31.0"
45.8.19.98 - - [23/Feb/2025:12:18:39 -0500] "GET /content/ HTTP/1.0" 200 88779 "https://elitedet.com/content/" "Mozilla/5.0 (Windows NT 10.0; Win64; x64) AppleWebKit/537.36 (KHTML, like Gecko) Chrome/130.0.0.0 Safari/537.36 CCleaner/130.0.0.0"
45.8.19.109 - - [23/Feb/2025:12:18:39 -0500] "GET /join/ HTTP/1.0" 200 88779 "https://elitedet.com/join/" "Mozilla/5.0 (Windows NT 10.0; Win64; x64) AppleWebKit/537.36 (KHTML, like Gecko) Chrome/130.0.0.0 Safari/537.36 CCleaner/130.0.0.0"
132.148.78.92 - - [23/Feb/2025:12:22:15 -0500] "GET /activate/YGrVprVS1SHZjtEgzZMTwO5ZKoHoxUMt/ HTTP/1.0" 200 88779 "http://elitedet.com/activate/YGrVprVS1SHZjtEgzZMTwO5ZKoHoxUMt/" "Mozilla/5.0 (Windows NT 10.0; Win64; x64) AppleWebKit/537.36 (KHTML, like Gecko) Chrome/129.0.0.0 Safari/537.36"
89.248.172.183 - - [23/Feb/2025:12:33:36 -0500] "GET / HTTP/1.0" 200 88779 "-" "Mozilla/5.0 (Windows NT 10.0; Win64; x64) AppleWebKit/537.36 (KHTML, like Gecko) Chrome/122.0.0.0 Safari/537.36"
121.5.231.252 - - [23/Feb/2025:12:39:54 -0500] "GET / HTTP/1.0" 200 88779 "-" "Mozilla/5.0 (Linux; Android 10; LIO-AN00 Build/HUAWEILIO-AN00; wv) MicroMessenger Weixin QQ AppleWebKit/537.36 (KHTML, like Gecko) Version/4.0 Chrome/78.0.3904.62 XWEB/2692 MMWEBSDK/200901 Mobile Safari/537.36"
4.227.36.69 - - [23/Feb/2025:12:40:25 -0500] "GET /robots.txt HTTP/1.0" 403 228 "-" "Mozilla/5.0 AppleWebKit/537.36 (KHTML, like Gecko; compatible; GPTBot/1.2; +https://openai.com/gptbot)"
121.5.231.252 - - [23/Feb/2025:12:40:55 -0500] "GET / HTTP/1.0" 200 88779 "-" "Mozilla/5.0 (Linux; Android 10; LIO-AN00 Build/HUAWEILIO-AN00; wv) MicroMessenger Weixin QQ AppleWebKit/537.36 (KHTML, like Gecko) Version/4.0 Chrome/78.0.3904.62 XWEB/2692 MMWEBSDK/200901 Mobile Safari/537.36"
20.171.207.144 - - [23/Feb/2025:12:41:12 -0500] "GET /forums/users/uncomnegenal/ HTTP/1.0" 403 228 "-" "Mozilla/5.0 AppleWebKit/537.36 (KHTML, like Gecko; compatible; GPTBot/1.2; +https://openai.com/gptbot)"
20.171.207.144 - - [23/Feb/2025:12:41:35 -0500] "GET /forums/users/atdolitinmont/ HTTP/1.0" 403 228 "-" "Mozilla/5.0 AppleWebKit/537.36 (KHTML, like Gecko; compatible; GPTBot/1.2; +https://openai.com/gptbot)"
20.171.207.144 - - [23/Feb/2025:12:42:02 -0500] "GET /forums/users/muoprodacimbhuj/ HTTP/1.0" 403 228 "-" "Mozilla/5.0 AppleWebKit/537.36 (KHTML, like Gecko; compatible; GPTBot/1.2; +https://openai.com/gptbot)"
216.244.66.195 - - [23/Feb/2025:12:46:29 -0500] "GET /robots.txt HTTP/1.0" 302 - "-" "Mozilla/5.0 (compatible; DotBot/1.2; +https://opensiteexplorer.org/dotbot; help@moz.com)"
216.244.66.195 - - [23/Feb/2025:12:46:29 -0500] "GET /mega888 HTTP/1.0" 301 236 "-" "Mozilla/5.0 (compatible; DotBot/1.2; +https://opensiteexplorer.org/dotbot; help@moz.com)"
216.244.66.195 - - [23/Feb/2025:12:46:29 -0500] "GET /mega888/ HTTP/1.0" 200 67764 "-" "Mozilla/5.0 (compatible; DotBot/1.2; +https://opensiteexplorer.org/dotbot; help@moz.com)"
95.217.203.22 - - [23/Feb/2025:12:47:30 -0500] "GET /networks/Service/ HTTP/1.0" 302 - "https://www.google.com.sg" "Mozilla/5.0 (Macintosh; Intel Mac OS X 10_15_7) AppleWebKit/537.36 (KHTML, like Gecko) Chrome/115.0.5790.102 Safari/537.36"
95.217.203.22 - - [23/Feb/2025:12:47:30 -0500] "GET /mega888 HTTP/1.0" 301 237 "https://www.google.com.sg" "Mozilla/5.0 (Macintosh; Intel Mac OS X 10_15_7) AppleWebKit/537.36 (KHTML, like Gecko) Chrome/115.0.5790.102 Safari/537.36"
95.217.203.22 - - [23/Feb/2025:12:47:30 -0500] "GET /mega888/ HTTP/1.0" 200 67764 "https://www.google.com.sg" "Mozilla/5.0 (Macintosh; Intel Mac OS X 10_15_7) AppleWebKit/537.36 (KHTML, like Gecko) Chrome/115.0.5790.102 Safari/537.36"
20.171.207.144 - - [23/Feb/2025:12:50:02 -0500] "GET /forums/users/tillalalifist/ HTTP/1.0" 403 228 "-" "Mozilla/5.0 AppleWebKit/537.36 (KHTML, like Gecko; compatible; GPTBot/1.2; +https://openai.com/gptbot)"
20.171.207.144 - - [23/Feb/2025:12:50:12 -0500] "GET /forums/users/nintmavecenol/ HTTP/1.0" 403 228 "-" "Mozilla/5.0 AppleWebKit/537.36 (KHTML, like Gecko; compatible; GPTBot/1.2; +https://openai.com/gptbot)"
20.171.207.144 - - [23/Feb/2025:12:50:24 -0500] "GET /forums/users/paicripisatin/ HTTP/1.0" 403 228 "-" "Mozilla/5.0 AppleWebKit/537.36 (KHTML, like Gecko; compatible; GPTBot/1.2; +https://openai.com/gptbot)"
20.171.207.144 - - [23/Feb/2025:12:50:50 -0500] "GET /forums/users/dennis94walter/ HTTP/1.0" 403 228 "-" "Mozilla/5.0 AppleWebKit/537.36 (KHTML, like Gecko; compatible; GPTBot/1.2; +https://openai.com/gptbot)"
20.171.207.144 - - [23/Feb/2025:12:51:32 -0500] "GET /forums/users/resscennilela/ HTTP/1.0" 403 228 "-" "Mozilla/5.0 AppleWebKit/537.36 (KHTML, like Gecko; compatible; GPTBot/1.2; +https://openai.com/gptbot)"
37.46.113.234 - - [23/Feb/2025:12:54:52 -0500] "GET /forums/users/seineterechi/ HTTP/1.0" 200 88779 "http://elitedet.com/forums/users/seineterechi/" "Mozilla/5.0 (Windows NT 10.0; Win64; x64) AppleWebKit/537.36 (KHTML, like Gecko) Chrome/130.0.0.0 Safari/537.36"
37.46.113.234 - - [23/Feb/2025:12:54:54 -0500] "POST /forums/users/seineterechi/ HTTP/1.0" 200 88779 "http://elitedet.com/forums/users/seineterechi/" "Mozilla/5.0 (Windows NT 10.0; Win64; x64) AppleWebKit/537.36 (KHTML, like Gecko) Chrome/130.0.0.0 Safari/537.36"
121.5.231.252 - - [23/Feb/2025:12:55:19 -0500] "GET / HTTP/1.0" 200 88779 "-" "Mozilla/5.0 (Linux; Android 10; LIO-AN00 Build/HUAWEILIO-AN00; wv) MicroMessenger Weixin QQ AppleWebKit/537.36 (KHTML, like Gecko) Version/4.0 Chrome/78.0.3904.62 XWEB/2692 MMWEBSDK/200901 Mobile Safari/537.36"
114.119.148.155 - - [23/Feb/2025:13:00:49 -0500] "GET /content/2019/05 HTTP/1.0" 302 - "http://elitedet.com/content/category/whaddup/" "Mozilla/5.0 (Linux; Android 7.0;) AppleWebKit/537.36 (KHTML, like Gecko) Mobile Safari/537.36 (compatible; PetalBot;+https://webmaster.petalsearch.com/site/petalbot)"
114.119.148.155 - - [23/Feb/2025:13:00:53 -0500] "GET /mega888 HTTP/1.0" 301 237 "http://elitedet.com/content/category/whaddup/" "Mozilla/5.0 (Linux; Android 7.0;) AppleWebKit/537.36 (KHTML, like Gecko) Mobile Safari/537.36 (compatible; PetalBot;+https://webmaster.petalsearch.com/site/petalbot)"
114.119.148.155 - - [23/Feb/2025:13:00:56 -0500] "GET /mega888/ HTTP/1.0" 200 67764 "http://elitedet.com/content/category/whaddup/" "Mozilla/5.0 (Linux; Android 7.0;) AppleWebKit/537.36 (KHTML, like Gecko) Mobile Safari/537.36 (compatible; PetalBot;+https://webmaster.petalsearch.com/site/petalbot)"
212.52.28.66 - - [23/Feb/2025:13:05:42 -0500] "GET /activate/YGrVprVS1SHZjtEgzZMTwO5ZKoHoxUMt/ HTTP/1.0" 200 88779 "http://elitedet.com/activate/YGrVprVS1SHZjtEgzZMTwO5ZKoHoxUMt/" "Mozilla/5.0 (Windows NT 10.0; Win64; x64) AppleWebKit/537.36 (KHTML, like Gecko) Chrome/103.0.0.0 Safari/537.36"
212.52.28.66 - - [23/Feb/2025:13:06:22 -0500] "POST /activate/YGrVprVS1SHZjtEgzZMTwO5ZKoHoxUMt/ HTTP/1.0" 200 88779 "http://elitedet.com/activate/YGrVprVS1SHZjtEgzZMTwO5ZKoHoxUMt/" "Mozilla/5.0 (Windows NT 10.0; Win64; x64) AppleWebKit/537.36 (KHTML, like Gecko) Chrome/103.0.0.0 Safari/537.36"
212.52.28.66 - - [23/Feb/2025:13:06:24 -0500] "GET /activate/YGrVprVS1SHZjtEgzZMTwO5ZKoHoxUMt/ HTTP/1.0" 200 88779 "http://elitedet.com/activate/YGrVprVS1SHZjtEgzZMTwO5ZKoHoxUMt/" "Mozilla/5.0 (Windows NT 10.0; Win64; x64) AppleWebKit/537.36 (KHTML, like Gecko) Chrome/103.0.0.0 Safari/537.36"
45.154.98.197 - - [23/Feb/2025:13:10:42 -0500] "GET /wp-admin/css/ HTTP/1.0" 200 19369 "binance.com" "Mozilla/5.0 (Windows NT 10.0; Win64; x64) AppleWebKit/537.36 (KHTML, like Gecko) Chrome/90.0.4430.85 Safari/537.36"
45.154.98.197 - - [23/Feb/2025:13:10:54 -0500] "GET /wp-content/uploads/2025/02/ HTTP/1.0" 200 88779 "binance.com" "Mozilla/5.0 (Windows NT 10.0; Win64; x64) AppleWebKit/537.36 (KHTML, like Gecko) Chrome/90.0.4430.85 Safari/537.36"
45.154.98.197 - - [23/Feb/2025:13:10:59 -0500] "GET /wp-content/uploads/2025/01/ HTTP/1.0" 200 88779 "binance.com" "Mozilla/5.0 (Windows NT 10.0; Win64; x64) AppleWebKit/537.36 (KHTML, like Gecko) Chrome/90.0.4430.85 Safari/537.36"
45.154.98.197 - - [23/Feb/2025:13:11:05 -0500] "GET /wp-content/uploads/ HTTP/1.0" 200 7431 "binance.com" "Mozilla/5.0 (Windows NT 10.0; Win64; x64) AppleWebKit/537.36 (KHTML, like Gecko) Chrome/90.0.4430.85 Safari/537.36"
45.154.98.197 - - [23/Feb/2025:13:11:12 -0500] "GET /wp-content/upgrade/ HTTP/1.0" 200 637 "binance.com" "Mozilla/5.0 (Windows NT 10.0; Win64; x64) AppleWebKit/537.36 (KHTML, like Gecko) Chrome/90.0.4430.85 Safari/537.36"
45.154.98.197 - - [23/Feb/2025:13:11:19 -0500] "GET /wp-content/languages/ HTTP/1.0" 200 817 "binance.com" "Mozilla/5.0 (Windows NT 10.0; Win64; x64) AppleWebKit/537.36 (KHTML, like Gecko) Chrome/90.0.4430.85 Safari/537.36"
45.154.98.197 - - [23/Feb/2025:13:11:27 -0500] "GET /wp-admin/includes/ HTTP/1.0" 200 20996 "binance.com" "Mozilla/5.0 (Windows NT 10.0; Win64; x64) AppleWebKit/537.36 (KHTML, like Gecko) Chrome/90.0.4430.85 Safari/537.36"
45.154.98.197 - - [23/Feb/2025:13:11:34 -0500] "GET /wp-admin/includes/ HTTP/1.0" 200 20996 "binance.com" "Mozilla/5.0 (Windows NT 10.0; Win64; x64) AppleWebKit/537.36 (KHTML, like Gecko) Chrome/90.0.4430.85 Safari/537.36"
45.154.98.197 - - [23/Feb/2025:13:11:36 -0500] "GET /wp-admin/maint/ HTTP/1.0" 200 805 "binance.com" "Mozilla/5.0 (Windows NT 10.0; Win64; x64) AppleWebKit/537.36 (KHTML, like Gecko) Chrome/90.0.4430.85 Safari/537.36"
